INSERT INTO `remaining_freeze_salaries` (`id`, `freeze_attendance_id`, `employee_id`, `Emp_Code`, `from_date`, `to_date`, `month`, `present_day`, `basic_salary`, `earned_basic`, `leave_pay`, `actual_basic`, `grade_pay`, `allowance_Id`, `allowance_Amt`, `allowance_Type`, `festival_allowance`, `festival_allowance_id`, `total_allowance`, `deduction_Id`, `deduction_Amt`, `deduction_Type`, `total_deduction`, `stamp_duty`, `loan_deduction_id`, `loan_deduction_amt`, `loan_deduction_bank_id`, `total_loan_deduction`, `lic_deduction_id`, `lic_deduction_amt`, `total_lic_deduction`, `festival_deduction_id`, `festival_deduction_amt`, `total_festival_deduction`, `net_salary`, `corporation_share_da`, `employee_share_da`, `salary_percentage`, `created_by`, `updated_by`, `deleted_by`, `created_at`, `updated_at`, `deleted_at`) VALUES
(288760, 1027853, 155, 1318, '2025-02-01', '2025-02-28', 2, 4, 34171, 4271, 29900, 29900, 1600, '7,1,4', '36,18111,43', '1,2,1', '0', '0', 18190, '16,10,5,1,17,2', '120,2000,1800,300,531,1800', '1,1,1,1,1,1', 6552, 1, '', '', '', 0, '', '', 0, '', '', 0, 45809, '0', '0', NULL, NULL, NULL, NULL, '2025-03-05 20:54:11', '2025-03-05 20:54:11', NULL),
(288761, 1027855, 156, 1319, '2025-02-01', '2025-02-28', 2, 3, 34100, 3300, 30800, 30800, 1600, '7,5,1,2,4', '27,289,18073,10230,32', '1,1,2,2,1', '0', '0', 28651, '11,10,9,5,1,17,2', '3168,21174,1250,1750,300,531,3262', '1,1,1,1,1,1,1', 31436, 1, '', '', '', 0, '', '', 0, '', '', 0, 31315, '0', '0', NULL, NULL, NULL, NULL, '2025-03-05 20:54:11', '2025-03-05 20:54:11', NULL),
(288762, 1027856, 258, 1569, '2025-02-01', '2025-02-28', 2, 6, 20643, 3643, 17000, 17000, 1300, '7,5,1,2,4', '54,214,10941,6193,43', '1,1,2,2,1', '0', '0', 17445, '10,9,1,17', '5302,1250,300,531', '1,1,1,1', 10542, 1, '', '', '', 0, '', '', 0, '', '', 0, 27546, '4422', '3158', NULL, NULL, NULL, NULL, '2025-03-05 20:54:11', '2025-03-05 20:54:11', NULL),
(288763, 1027859, 157, 1321, '2025-02-01', '2025-02-28', 2, 2, 27429, 1829, 25600, 25600, 1300, '7,5,1,2,4', '18,193,14537,8229,14', '1,1,2,2,1', '0', '0', 22991, '11,9,1,17', '561,1250,300,531', '1,1,1,1', 6840, 1, '', '', '', 0, '', '', 0, '', '', 0, 43580, '5875', '4197', NULL, NULL, NULL, NULL, '2025-03-05 20:54:11', '2025-03-05 20:54:11', NULL),
(288764, 1027860, 636, 5038, '2025-02-01', '2025-02-28', 2, 0, 58400, 29200, 29200, 29200, 2800, '5,1,2,4,10', '2700,30952,17520,300,36', '1,2,2,1,1', '0', '0', 51508, '1,17,19,18', '300,531,36,12', '1,1,1,1', 880, 1, '', '', '', 0, '', '', 0, '', '', 0, 109028, '0', '0', NULL, NULL, NULL, NULL, '2025-03-05 20:54:11', '2025-03-05 20:54:11', NULL),
(288765, 1027862, 158, 1322, '2025-02-01', '2025-02-28', 2, 3, 31000, 3000, 28000, 28000, 1300, '7,5,1,2,4', '27,289,16430,9300,21', '1,1,2,2,1', '0', '0', 26067, '11,10,9,5,1,17', '1115,12351,1250,1600,300,531', '1,1,1,1,1,1', 17148, 1, '', '', '', 0, '', '', 0, '', '', 0, 39919, '0', '0', NULL, NULL, NULL, NULL, '2025-03-05 20:54:11', '2025-03-05 20:54:11', NULL),
(288766, 1027866, 159, 1324, '2025-02-01', '2025-02-28', 2, 0, 97800, 48900, 48900, 48900, 2400, '1,2,4,10', '51834,29340,300,36', '2,2,1,1', '0', '0', 81510, '1,19,18,17', '300,36,12,531', '1,1,1,1', 880, 1, '', '', '', 0, '', '', 0, '', '', 0, 178430, '0', '0', NULL, NULL, NULL, NULL, '2025-03-05 20:54:11', '2025-03-05 20:54:11', NULL),
(288767, 1027867, 400, 3102, '2025-02-01', '2025-02-28', 2, 20, 57086, 23786, 33300, 33300, 2400, '5,1,2,4,10', '1929,30256,17126,214,36', '1,2,2,1,1', '0', '0', 49561, '1,12,19,18,17,2', '300,26161,36,12,531,6581', '1,1,1,1,1,1', 42356, 1, '', '', '', 0, '', '', 0, '', '', 0, 64291, '12228', '8734', NULL, NULL, NULL, NULL, '2025-03-05 20:54:11', '2025-03-05 20:54:11', NULL),
(288768, 1027872, 262, 1573, '2025-02-01', '2025-02-28', 2, 1, 17607, 607, 17000, 17000, 1300, '7,5,1,2,4', '9,36,9332,5282,7', '1,1,2,2,1', '0', '0', 14666, '16,11,10,9,1,17', '120,1214,19382,1250,300,531', '1,1,1,1,1,1', 25492, 1, '', '', '', 0, '', '', 0, '', '', 0, 6781, '3771', '2694', NULL, NULL, NULL, NULL, '2025-03-05 20:54:11', '2025-03-05 20:54:11', NULL),
(288769, 1027873, 161, 1326, '2025-02-01', '2025-02-28', 2, 0, 73600, 36800, 36800, 36800, 1600, '7,5,1,2,4', '250,2700,39008,22080,300', '1,1,2,2,1', '0', '0', 64338, '11,9,6,5,1,17', '717,1250,7417,2100,300,531', '1,1,1,1,1,1', 12316, 1, '', '', '', 0, '', '', 0, '', '', 0, 125622, '0', '0', NULL, NULL, NULL, NULL, '2025-03-05 20:54:11', '2025-03-05 20:54:11', NULL),
(288770, 1027879, 633, 5035, '2025-02-01', '2025-02-28', 2, 0, 39800, 19900, 19900, 19900, 1900, '5,1,2,4,10', '1000,21094,11940,300,36', '1,2,2,1,1', '0', '0', 34370, '1,17,19,18', '300,531,36,12', '1,1,1,1', 880, 1, '', '', '', 0, '', '', 0, '', '', 0, 73290, '0', '0', NULL, NULL, NULL, NULL, '2025-03-05 20:54:11', '2025-03-05 20:54:11', NULL),
(288771, 1027880, 163, 1331, '2025-02-01', '2025-02-28', 2, 3, 34100, 3300, 30800, 30800, 1600, '7,5,1,2,4', '27,289,18073,10230,32', '1,1,2,2,1', '0', '0', 28651, '11,10,9,5,1,17,2', '1807,30076,1250,2550,300,531,5779', '1,1,1,1,1,1,1', 42294, 1, '', '', '', 0, '', '', 0, '', '', 0, 20457, '0', '0', NULL, NULL, NULL, NULL, '2025-03-05 20:54:11', '2025-03-05 20:54:11', NULL),
(288772, 1027882, 632, 5034, '2025-02-01', '2025-02-28', 2, 0, 39800, 19900, 19900, 19900, 1900, '5,1,2,4,10', '1000,21094,11940,300,36', '1,2,2,1,1', '0', '0', 34370, '1,17,19,18', '300,531,36,12', '1,1,1,1', 880, 1, '', '', '', 0, '', '', 0, '', '', 0, 73290, '0', '0', NULL, NULL, NULL, NULL, '2025-03-05 20:54:11', '2025-03-05 20:54:11', NULL),
(288773, 1027883, 266, 1577, '2025-02-01', '2025-02-28', 2, 15, 26107, 9107, 17000, 17000, 1300, '7,5,1,2,4', '134,536,13837,7832,107', '1,1,2,2,1', '0', '0', 22446, '', '', '', 3995, 1, '', '', '', 0, '', '', 0, '', '', 0, 44558, '5592', '3994', NULL, NULL, 1, NULL, '2025-03-05 20:54:11', '2025-03-06 10:59:55', NULL),
(288774, 1027885, 164, 1334, '2025-02-01', '2025-02-28', 2, 0, 69400, 34700, 34700, 34700, 1600, '7,5,1,2,4', '250,2700,36782,20820,300', '1,1,2,2,1', '0', '0', 60852, '10,9,5,1,17', '0,1250,2100,300,531', '1,1,1,1,1', 4182, 1, '', '', '', 0, '', '', 0, '', '', 0, 126070, '0', '0', NULL, NULL, NULL, NULL, '2025-03-05 20:54:11', '2025-03-05 20:54:11', NULL),
(288775, 1027889, 630, 5032, '2025-02-01', '2025-02-28', 2, 0, 58400, 29200, 29200, 29200, 2800, '5,1,2,4,10', '2700,30952,17520,300,36', '1,2,2,1,1', '0', '0', 51508, '1,17,19,18', '300,531,36,12', '1,1,1,1', 9815, 1, '', '', '', 0, '', '', 0, '', '', 0, 100093, '12509', '8935', NULL, NULL, NULL, NULL, '2025-03-05 20:54:11', '2025-03-05 20:54:11', NULL),
(288776, 1027890, 268, 1579, '2025-02-01', '2025-02-28', 2, 1, 17089, 589, 16500, 16500, 1300, '7,5,1,2,4', '9,36,9057,5127,7', '1,1,2,2,1', '0', '0', 14236, '10,1,9,17', '15870,300,1250,531', '1,1,1,1', 20567, 1, '', '', '', 0, '', '', 0, '', '', 0, 10758, '3660', '2615', NULL, NULL, NULL, NULL, '2025-03-05 20:54:11', '2025-03-05 20:54:11', NULL),
(288777, 1027895, 269, 1580, '2025-02-01', '2025-02-28', 2, 1, 17089, 589, 16500, 16500, 1300, '7,5,1,2,4', '9,36,9057,5127,7', '1,1,2,2,1', '0', '0', 14236, '11,10,9,1,17', '1820,12171,1250,300,531', '1,1,1,1,1', 18688, 1, '', '', '', 0, '', '', 0, '', '', 0, 12637, '3660', '2615', NULL, NULL, NULL, NULL, '2025-03-05 20:54:11', '2025-03-05 20:54:11', NULL),
(288778, 1027897, 270, 1581, '2025-02-01', '2025-02-28', 2, 1, 22088, 388, 21700, 21700, 2000, '5,1,2,4', '18,11707,6626,5', '1,2,2,1', '0', '0', 18356, '1,17', '300,531', '1,1', 4211, 1, '', '', '', 0, '', '', 0, '', '', 0, 36233, '4731', '3379', NULL, NULL, NULL, NULL, '2025-03-05 20:54:12', '2025-03-05 20:54:12', NULL),
(288779, 1027899, 407, 3109, '2025-02-01', '2025-02-28', 2, 7, 34000, 6800, 27200, 27200, 1300, '7,5,1,2,4', '63,675,18020,10200,75', '1,1,2,2,1', '0', '0', 29033, '9,1,12,17', '1250,300,0,531', '1,1,1,1', 7284, 1, '', '', '', 0, '', '', 0, '', '', 0, 55749, '7283', '5202', NULL, NULL, NULL, NULL, '2025-03-05 20:54:12', '2025-03-05 20:54:12', NULL),
(288780, 1027906, 170, 1348, '2025-02-01', '2025-02-28', 2, 12, 31571, 9471, 22100, 22100, 1300, '7,1,4', '107,16733,86', '1,2,1', '0', '0', 16926, '16,10,9,1,17', '130,11594,500,300,531', '1,1,1,1,1', 17886, 1, '', '', '', 0, '', '', 0, '', '', 0, 30611, '6763', '4830', NULL, NULL, NULL, NULL, '2025-03-05 20:54:12', '2025-03-05 20:54:12', NULL),
(288781, 1027913, 172, 1352, '2025-02-01', '2025-02-28', 2, 0, 67400, 33700, 33700, 33700, 1600, '7,5,1,2,4', '250,2700,35722,20220,300', '1,1,2,2,1', '0', '0', 59192, '10,9,5,1,17', '0,1250,1950,300,531', '1,1,1,1,1', 4032, 1, '', '', '', 0, '', '', 0, '', '', 0, 122560, '0', '0', NULL, NULL, NULL, NULL, '2025-03-05 20:54:12', '2025-03-05 20:54:12', NULL),
(288782, 1027915, 173, 1354, '2025-02-01', '2025-02-28', 2, 12, 40000, 12000, 28000, 28000, 1300, '7,5,1,2,4', '107,1157,21200,12000,86', '1,1,2,2,1', '0', '0', 34550, '10,9,5,1,17,2', '2000,1250,1600,300,531,4231', '1,1,1,1,1,1', 9913, 1, '', '', '', 0, '', '', 0, '', '', 0, 64637, '0', '0', NULL, NULL, NULL, NULL, '2025-03-05 20:54:12', '2025-03-05 20:54:12', NULL),
(288783, 1027918, 409, 3112, '2025-02-01', '2025-02-28', 2, 0, 47000, 23500, 23500, 23500, 1300, '1,2,4', '24910,14100,0', '2,2,1', '0', '0', 39010, '9,1,17', '0,300,531', '1,1,1', 832, 1, '', '', '', 0, '', '', 0, '', '', 0, 85178, '0', '0', NULL, NULL, NULL, NULL, '2025-03-05 20:54:12', '2025-03-05 20:54:12', NULL),
(288784, 1027923, 280, 1591, '2025-02-01', '2025-02-28', 2, 11, 22982, 6482, 16500, 16500, 1300, '7,5,1,2,4', '98,393,12180,6895,79', '1,1,2,2,1', '0', '0', 19645, '1,17', '300,531', '1,1', 4348, 1, '', '', '', 0, '', '', 0, '', '', 0, 38279, '4923', '3516', NULL, NULL, NULL, NULL, '2025-03-05 20:54:12', '2025-03-05 20:54:12', NULL),
(288785, 1027924, 622, 5024, '2025-02-01', '2025-02-28', 2, 2, 61929, 4129, 57800, 57800, 5400, '5,1,2,4', '386,32822,18579,21', '1,2,2,1', '0', '0', 51808, '1,17,2', '300,885,23296', '1,1,1', 33957, 1, '', '', '', 0, '', '', 0, '', '', 0, 79780, '13265', '9475', NULL, NULL, NULL, NULL, '2025-03-05 20:54:12', '2025-03-05 20:54:12', NULL),
(288786, 1027933, 618, 5020, '2025-02-01', '2025-02-28', 2, 28, 52600, 26300, 26300, 26300, 2400, '5,1,2,4', '2700,27878,15780,300', '1,2,2,1', '0', '0', 46658, '1,17', '300,531', '1,1', 8880, 1, '', '', '', 0, '', '', 0, '', '', 0, 90378, '11267', '8048', NULL, NULL, NULL, NULL, '2025-03-05 20:54:12', '2025-03-05 20:54:12', NULL),
(288787, 1027934, 283, 1594, '2025-02-01', '2025-02-28', 2, 4, 18857, 2357, 16500, 16500, 1300, '7,5,1,2,4', '36,143,9994,5657,29', '1,1,2,2,1', '0', '0', 15859, '1,17', '300,531', '1,1', 3717, 1, '', '', '', 0, '', '', 0, '', '', 0, 30999, '4039', '2885', NULL, NULL, NULL, NULL, '2025-03-05 20:54:12', '2025-03-05 20:54:12', NULL),
(288788, 1027938, 285, 1596, '2025-02-01', '2025-02-28', 2, 1, 17089, 589, 16500, 16500, 1300, '7,5,1,4', '9,0,9057,7', '1,1,2,1', '0', '0', 9073, '16,11,10,1,17', '120,2213,10406,300,531', '1,1,1,1,1', 16186, 1, '', '', '', 0, '', '', 0, '', '', 0, 9976, '3660', '2615', NULL, NULL, NULL, NULL, '2025-03-05 20:54:12', '2025-03-05 20:54:12', NULL),
(288789, 1027940, 286, 1597, '2025-02-01', '2025-02-28', 2, 1, 17089, 589, 16500, 16500, 1300, '7,5,1,2,4', '9,36,9057,5127,7', '1,1,2,2,1', '0', '0', 14236, '1,17', '300,531', '1,1', 3447, 1, '', '', '', 0, '', '', 0, '', '', 0, 27878, '3660', '2615', NULL, NULL, NULL, NULL, '2025-03-05 20:54:12', '2025-03-05 20:54:12', NULL),
(288790, 1027942, 181, 1371, '2025-02-01', '2025-02-28', 2, 13, 45100, 14300, 30800, 30800, 1600, '7,5,1,2,4', '116,1254,23903,13530,139', '1,1,2,2,1', '0', '0', 38942, '11,10,9,5,1,17', '800,14142,1250,1750,300,531', '1,1,1,1,1,1', 18774, 1, '', '', '', 0, '', '', 0, '', '', 0, 65268, '0', '0', NULL, NULL, NULL, NULL, '2025-03-05 20:54:12', '2025-03-05 20:54:12', NULL),
(288791, 1027945, 288, 1599, '2025-02-01', '2025-02-28', 2, 1, 16795, 295, 16500, 16500, 1300, '7,5,1,2,4', '4,18,8901,5039,4', '1,1,2,2,1', '0', '0', 13966, '10,9,1,17', '2000,1250,300,531', '1,1,1,1', 6652, 1, '', '', '', 0, '', '', 0, '', '', 0, 24109, '3597', '2570', NULL, NULL, NULL, NULL, '2025-03-05 20:54:12', '2025-03-05 20:54:12', NULL),
(288792, 1027947, 289, 1600, '2025-02-01', '2025-02-28', 2, 20, 28286, 11786, 16500, 16500, 1300, '7,5,1,2,4', '179,714,14992,8486,143', '1,1,2,2,1', '0', '0', 24514, '1,17', '300,531', '1,1', 5160, 1, '', '', '', 0, '', '', 0, '', '', 0, 47640, '6059', '4328', NULL, NULL, NULL, NULL, '2025-03-05 20:54:12', '2025-03-05 20:54:12', NULL),
(288793, 1027949, 184, 1375, '2025-02-01', '2025-02-28', 2, 0, 59800, 29900, 29900, 29900, 1600, '7,5,1,2,4', '250,2700,31694,17940,300', '1,1,2,2,1', '0', '0', 52884, '11,10,9,5,1,17', '1025,0,1250,1750,300,531', '1,1,1,1,1,1', 4857, 1, '', '', '', 0, '', '', 0, '', '', 0, 107827, '0', '0', NULL, NULL, NULL, NULL, '2025-03-05 20:54:12', '2025-03-05 20:54:12', NULL),
(288794, 1027953, 292, 1603, '2025-02-01', '2025-02-28', 2, 1, 21854, 754, 21100, 21100, 1900, '5,1,2,4', '36,11583,6556,11', '1,2,2,1', '0', '0', 18186, '10,1,17', '2000,300,531', '1,1,1', 6176, 1, '', '', '', 0, '', '', 0, '', '', 0, 33864, '4681', '3344', NULL, NULL, NULL, NULL, '2025-03-05 20:54:12', '2025-03-05 20:54:12', NULL),
(288795, 1027954, 186, 1378, '2025-02-01', '2025-02-28', 2, 2, 24759, 1259, 23500, 23500, 1800, '7,5,1,2,4', '13,54,13122,7428,11', '1,1,2,2,1', '0', '0', 20628, '11,10,9,1,17', '1298,14105,1250,300,531', '1,1,1,1,1', 21273, 1, '', '', '', 0, '', '', 0, '', '', 0, 24114, '5303', '3788', NULL, NULL, NULL, NULL, '2025-03-05 20:54:12', '2025-03-05 20:54:12', NULL),
(288796, 1027959, 295, 1606, '2025-02-01', '2025-02-28', 2, 1, 17089, 589, 16500, 16500, 1300, '7,5,1,2,4', '9,36,9057,5127,7', '1,1,2,2,1', '0', '0', 14236, '10,9,1,17', '12258,1250,300,531', '1,1,1,1', 16955, 1, '', '', '', 0, '', '', 0, '', '', 0, 14370, '3660', '2615', NULL, NULL, NULL, NULL, '2025-03-05 20:54:12', '2025-03-05 20:54:12', NULL),
(288797, 1027963, 297, 1608, '2025-02-01', '2025-02-28', 2, 1, 16571, 571, 16000, 16000, 1300, '7,5,1,2,4', '9,36,8783,4971,11', '1,1,2,2,1', '0', '0', 13810, '11,10,9,1,17', '1572,10650,1250,300,531', '1,1,1,1,1', 16839, 1, '', '', '', 0, '', '', 0, '', '', 0, 13542, '3550', '2535', NULL, NULL, NULL, NULL, '2025-03-05 20:54:12', '2025-03-05 20:54:12', NULL),
(288798, 1027964, 191, 1414, '2025-02-01', '2025-02-28', 2, 2, 28500, 1900, 26600, 26600, 1600, '7,5,1,2,4', '18,193,15105,8550,21', '1,1,2,2,1', '0', '0', 23887, '10,6,5,1,17', '28401,3250,1500,300,531', '1,1,1,1,1', 33983, 1, '', '', '', 0, '', '', 0, '', '', 0, 18404, '0', '0', NULL, NULL, NULL, NULL, '2025-03-05 20:54:12', '2025-03-05 20:54:12', NULL),
(288799, 1027966, 192, 1415, '2025-02-01', '2025-02-28', 2, 0, 59800, 29900, 29900, 29900, 1600, '7,1,4', '250,31694,300', '1,2,1', '0', '0', 32244, '16,11,10,9,1,17', '120,261,0,1250,300,531', '1,1,1,1,1,1', 2463, 1, '', '', '', 0, '', '', 0, '', '', 0, 89581, '0', '0', NULL, NULL, NULL, NULL, '2025-03-05 20:54:12', '2025-03-05 20:54:12', NULL),
(288800, 1027971, 194, 1430, '2025-02-01', '2025-02-28', 2, 10, 45134, 11434, 33700, 33700, 1700, '7,5,1,2,4', '85,916,23921,13540,102', '1,1,2,2,1', '0', '0', 38564, '10,9,5,1,6,17,2', '28626,1250,1950,300,3500,531,2389', '1,1,1,1,1,1,1', 38547, 1, '', '', '', 0, '', '', 0, '', '', 0, 45151, '0', '0', NULL, NULL, NULL, NULL, '2025-03-05 20:54:12', '2025-03-05 20:54:12', NULL),
(288801, 1027975, 613, 5015, '2025-02-01', '2025-02-28', 2, 0, 77200, 38600, 38600, 38600, 4300, '5,1,2,4', '2700,40916,23160,300', '1,2,2,1', '0', '0', 67076, '1,17', '300,531', '1,1', 832, 1, '', '', '', 0, '', '', 0, '', '', 0, 143444, '0', '0', NULL, NULL, NULL, NULL, '2025-03-05 20:54:12', '2025-03-05 20:54:12', NULL),
(288802, 1027984, 412, 3115, '2025-02-01', '2025-02-28', 2, 7, 36595, 6895, 29700, 29700, 1300, '7,5,1,2,4', '58,627,19395,10979,70', '1,1,2,2,1', '0', '0', 31129, '', '', '', 5600, 1, '', '', '', 0, '', '', 0, '', '', 0, 62124, '7839', '5599', NULL, NULL, 1, NULL, '2025-03-05 20:54:12', '2025-03-06 15:22:53', NULL),
(288803, 1027988, 199, 1447, '2025-02-01', '2025-02-28', 2, 2, 23036, 1536, 21500, 21500, 1300, '7,5,1,2,4', '18,71,12209,6911,14', '1,1,2,2,1', '0', '0', 19223, '11,10,9,1,17', '956,2000,1250,300,531', '1,1,1,1,1', 8563, 1, '', '', '', 0, '', '', 0, '', '', 0, 33696, '4934', '3525', NULL, NULL, NULL, NULL, '2025-03-05 20:54:12', '2025-03-05 20:54:12', NULL),
(288804, 1027990, 310, 3003, '2025-02-01', '2025-02-28', 2, 2, 32357, 2157, 30200, 30200, 1900, '5,1,2,4', '193,17149,9707,21', '1,2,2,1', '0', '0', 27070, '9,1,17,12,2', '1000,300,531,0,4243', '1,1,1,1,1', 11026, 1, '', '', '', 0, '', '', 0, '', '', 0, 48401, '6931', '4951', NULL, NULL, NULL, NULL, '2025-03-05 20:54:12', '2025-03-05 20:54:12', NULL),
(288805, 1027992, 312, 3005, '2025-02-01', '2025-02-28', 2, 1, 22800, 400, 22400, 22400, 1900, '5,1,2,4', '18,12084,6840,5', '1,2,2,1', '0', '0', 18947, '10,1,17', '2000,300,531', '1,1,1', 6320, 1, '', '', '', 0, '', '', 0, '', '', 0, 35427, '4884', '3488', NULL, NULL, NULL, NULL, '2025-03-05 20:54:12', '2025-03-05 20:54:12', NULL),
(288806, 1027995, 315, 3008, '2025-02-01', '2025-02-28', 2, 1, 21477, 377, 21100, 21100, 1900, '5,1,2,4', '18,11383,6443,5', '1,2,2,1', '0', '0', 17849, '1,12,17', '300,0,531', '1,1,1', 4118, 1, '', '', '', 0, '', '', 0, '', '', 0, 35208, '4600', '3286', NULL, NULL, NULL, NULL, '2025-03-05 20:54:12', '2025-03-05 20:54:12', NULL),
(288807, 1028002, 322, 3015, '2025-02-01', '2025-02-28', 2, 3, 23361, 2261, 21100, 21100, 1900, '5,4,1,2', '107,32,12381,7008', '1,1,2,2', '0', '0', 19528, '', '', '', 3575, 1, '', '', '', 0, '', '', 0, '', '', 0, 39314, '5004', '3574', NULL, NULL, 1, NULL, '2025-03-05 20:54:13', '2025-03-06 15:24:17', NULL),
(288808, 1028003, 323, 3016, '2025-02-01', '2025-02-28', 2, 2, 27000, 1800, 25200, 25200, 1900, '5,1,2,4', '193,14310,8100,21', '1,2,2,1', '0', '0', 22624, '', '', '', 4132, 1, '', '', '', 0, '', '', 0, '', '', 0, 45492, '5783', '4131', NULL, NULL, 1, NULL, '2025-03-05 20:54:13', '2025-03-06 15:23:12', NULL),
(288809, 1028007, 327, 3020, '2025-02-01', '2025-02-28', 2, 8, 38829, 8629, 30200, 30200, 1900, '5,1,2,4', '771,20579,11649,86', '1,2,2,1', '0', '0', 33085, '', '', '', 5942, 1, '', '', '', 0, '', '', 0, '', '', 0, 65972, '8317', '5941', NULL, NULL, 1, NULL, '2025-03-05 20:54:13', '2025-03-06 15:24:32', NULL),
(288810, 1028015, 335, 3028, '2025-02-01', '2025-02-28', 2, 1, 23200, 800, 22400, 22400, 1900, '5,1,2,4', '36,12296,6960,11', '1,2,2,1', '0', '0', 19303, '10,1,12,9,17', '14933,300,0,1250,531', '1,1,1,1,1', 20565, 1, '', '', '', 0, '', '', 0, '', '', 0, 21938, '4969', '3550', NULL, NULL, NULL, NULL, '2025-03-05 20:54:13', '2025-03-05 20:54:13', NULL),
(288811, 1028016, 413, 3116, '2025-02-01', '2025-02-28', 2, 1, 30761, 1061, 29700, 29700, 1300, '7,5,1,2,4', '9,96,16303,9228,11', '1,1,2,2,1', '0', '0', 25647, '1,12,9,17,2', '300,0,1250,531,3757', '1,1,1,1,1', 10545, 1, '', '', '', 0, '', '', 0, '', '', 0, 45863, '6589', '4706', NULL, NULL, NULL, NULL, '2025-03-05 20:54:13', '2025-03-05 20:54:13', NULL),
(288812, 1028017, 336, 3029, '2025-02-01', '2025-02-28', 2, 1, 16571, 571, 16000, 16000, 1300, '7,5,1,2,4', '9,36,8783,4971,11', '1,1,2,2,1', '0', '0', 13810, '', '', '', 2536, 1, '', '', '', 0, '', '', 0, '', '', 0, 27845, '3550', '2535', NULL, NULL, 1, NULL, '2025-03-05 20:54:13', '2025-03-06 15:21:28', NULL),
(288813, 1028018, 414, 3117, '2025-02-01', '2025-02-28', 2, 1, 30761, 1061, 29700, 29700, 1300, '7,5,1,2,4', '9,96,16303,9228,11', '1,1,2,2,1', '0', '0', 25647, '1,12,9,17,2', '300,0,1250,531,3871', '1,1,1,1,1', 10659, 1, '', '', '', 0, '', '', 0, '', '', 0, 45749, '6589', '4706', NULL, NULL, NULL, NULL, '2025-03-05 20:54:13', '2025-03-05 20:54:13', NULL),
(288814, 1028019, 415, 3118, '2025-02-01', '2025-02-28', 2, 1, 25789, 889, 24900, 24900, 1300, '7,5,1,2,4', '9,96,13668,7737,11', '1,1,2,2,1', '0', '0', 21521, '', '', '', 3947, 1, '', '', '', 0, '', '', 0, '', '', 0, 43363, '5524', '3946', NULL, NULL, 1, NULL, '2025-03-05 20:54:13', '2025-03-06 15:14:35', NULL),
(288815, 1028023, 609, 5011, '2025-02-01', '2025-02-28', 2, 0, 77200, 38600, 38600, 38600, 4300, '5,1,2,4', '2700,40916,23160,300', '1,2,2,1', '0', '0', 67076, '1,17', '300,531', '1,1', 832, 1, '', '', '', 0, '', '', 0, '', '', 0, 143444, '0', '0', NULL, NULL, NULL, NULL, '2025-03-05 20:54:13', '2025-03-05 20:54:13', NULL),
(288816, 1028027, 605, 5006, '2025-02-01', '2025-02-28', 2, 1, 21232, 732, 20500, 20500, 1900, '5,1,2,4', '36,11253,6370,11', '1,2,2,1', '0', '0', 17670, '1,17', '300,531', '1,1', 4080, 1, '', '', '', 0, '', '', 0, '', '', 0, 34822, '4548', '3248', NULL, NULL, NULL, NULL, '2025-03-05 20:54:13', '2025-03-05 20:54:13', NULL),
(288817, 1028031, 601, 3346, '2025-02-01', '2025-02-28', 2, 1, 16571, 571, 16000, 16000, 1300, '7,5,1,2,4', '9,36,8783,4971,11', '1,1,2,2,1', '0', '0', 13810, '', '', '', 2536, 1, '', '', '', 0, '', '', 0, '', '', 0, 27845, '3550', '2535', NULL, NULL, 1, NULL, '2025-03-05 20:54:13', '2025-03-06 15:14:16', NULL),
(288818, 1028032, 600, 3345, '2025-02-01', '2025-02-28', 2, 1, 16571, 571, 16000, 16000, 1300, '7,5,1,2,4', '9,36,8783,4971,11', '1,1,2,2,1', '0', '0', 13810, '1,12,17', '300,0,531', '1,1,1', 3367, 1, '', '', '', 0, '', '', 0, '', '', 0, 27014, '3550', '2535', NULL, NULL, NULL, NULL, '2025-03-05 20:54:13', '2025-03-05 20:54:13', NULL),
(288819, 1028034, 598, 3343, '2025-02-01', '2025-02-28', 2, 1, 16571, 571, 16000, 16000, 1300, '7,5,1,2,4', '9,36,8783,4971,11', '1,1,2,2,1', '0', '0', 13810, '', '', '', 2536, 1, '', '', '', 0, '', '', 0, '', '', 0, 27845, '3550', '2535', NULL, NULL, 1, NULL, '2025-03-05 20:54:13', '2025-03-06 15:24:54', NULL),
(288820, 1028035, 597, 3342, '2025-02-01', '2025-02-28', 2, 2, 21750, 1450, 20300, 20300, 1300, '7,5,1,2,4', '18,71,11528,6525,21', '1,1,2,2,1', '0', '0', 18163, '9,1,17', '1000,300,531', '1,1,1', 5160, 1, '', '', '', 0, '', '', 0, '', '', 0, 34753, '4659', '3328', NULL, NULL, NULL, NULL, '2025-03-05 20:54:13', '2025-03-05 20:54:13', NULL),
(288821, 1028037, 595, 3340, '2025-02-01', '2025-02-28', 2, 5, 23563, 3263, 20300, 20300, 1300, '7,5,1,2,4', '40,161,12488,7069,48', '1,1,2,2,1', '0', '0', 19806, '', '', '', 3606, 1, '', '', '', 0, '', '', 0, '', '', 0, 39763, '5047', '3605', NULL, NULL, 1, NULL, '2025-03-05 20:54:13', '2025-03-06 15:18:34', NULL),
(288822, 1028040, 593, 3338, '2025-02-01', '2025-02-28', 2, 2, 22393, 1493, 20900, 20900, 1800, '7,5,1,2,4', '18,71,11868,6718,21', '1,1,2,2,1', '0', '0', 18696, '9,1,17', '1000,300,531', '1,1,1', 5258, 1, '', '', '', 0, '', '', 0, '', '', 0, 35831, '4797', '3426', NULL, NULL, NULL, NULL, '2025-03-05 20:54:13', '2025-03-05 20:54:13', NULL),
(288823, 1028041, 592, 3337, '2025-02-01', '2025-02-28', 2, 3, 23139, 2239, 20900, 20900, 1800, '7,5,1,2,4', '27,107,12264,6942,32', '1,1,2,2,1', '0', '0', 19372, '', '', '', 3541, 1, '', '', '', 0, '', '', 0, '', '', 0, 38970, '4956', '3540', NULL, NULL, 1, NULL, '2025-03-05 20:54:13', '2025-03-06 15:23:59', NULL),
(288824, 1028042, 591, 3336, '2025-02-01', '2025-02-28', 2, 1, 21646, 746, 20900, 20900, 1800, '7,5,1,2,4', '9,36,11472,6494,11', '1,1,2,2,1', '0', '0', 18022, '9,1,17', '1000,300,531', '1,1,1', 5144, 1, '', '', '', 0, '', '', 0, '', '', 0, 34524, '4637', '3312', NULL, NULL, NULL, NULL, '2025-03-05 20:54:13', '2025-03-05 20:54:13', NULL),
(288825, 1028051, 582, 3326, '2025-02-01', '2025-02-28', 2, 28, 34000, 17000, 17000, 17000, 1300, '7,5,1,2,4', '250,1000,18020,10200,300', '1,1,2,2,1', '0', '0', 29770, '9,1,12,17', '1000,300,7383,531', '1,1,1,1', 14417, 1, '', '', '', 0, '', '', 0, '', '', 0, 49353, '7283', '5202', NULL, NULL, 1, NULL, '2025-03-05 20:54:13', '2025-03-06 15:15:29', NULL),
(288826, 1028052, 581, 3323, '2025-02-01', '2025-02-28', 2, 4, 19429, 2429, 17000, 17000, 1300, '7,5,1,2,4', '36,143,10297,5829,43', '1,1,2,2,1', '0', '0', 16348, '', '', '', 2974, 1, '', '', '', 0, '', '', 0, '', '', 0, 32803, '4162', '2973', NULL, NULL, 1, NULL, '2025-03-05 20:54:13', '2025-03-06 15:13:42', NULL),
(288827, 1028056, 577, 3318, '2025-02-01', '2025-02-28', 2, 1, 17304, 304, 17000, 17000, 1300, '7,5,1,2,4', '4,18,9171,5191,5', '1,1,2,2,1', '0', '0', 14389, '9,1,17', '1000,300,531', '1,1,1', 4480, 1, '', '', '', 0, '', '', 0, '', '', 0, 27213, '3707', '2648', NULL, NULL, NULL, NULL, '2025-03-05 20:54:13', '2025-03-05 20:54:13', NULL),
(288828, 1028058, 573, 3311, '2025-02-01', '2025-02-28', 2, 2, 18214, 1214, 17000, 17000, 1300, '7,5,1,2,4', '18,71,9653,5464,21', '1,1,2,2,1', '0', '0', 15227, '9,1,17', '1000,300,531', '1,1,1', 4619, 1, '', '', '', 0, '', '', 0, '', '', 0, 28822, '3901', '2787', NULL, NULL, NULL, NULL, '2025-03-05 20:54:13', '2025-03-05 20:54:13', NULL),
(288829, 1028064, 567, 3305, '2025-02-01', '2025-02-28', 2, 2, 18214, 1214, 17000, 17000, 1300, '7,5,1,2,4', '18,71,9653,5464,21', '1,1,2,2,1', '0', '0', 15227, '9,1,17', '1000,300,531', '1,1,1', 4619, 1, '', '', '', 0, '', '', 0, '', '', 0, 28822, '3901', '2787', NULL, NULL, NULL, NULL, '2025-03-05 20:54:13', '2025-03-05 20:54:13', NULL),
(288830, 1028077, 350, 3045, '2025-02-01', '2025-02-28', 2, 2, 26679, 1779, 24900, 24900, 1300, '7,5,1,2,4', '18,193,14140,8004,14', '1,1,2,2,1', '0', '0', 22369, '10,9,1,12,17', '17349,1250,300,0,531', '1,1,1,1,1', 23513, 1, '', '', '', 0, '', '', 0, '', '', 0, 25535, '5715', '4082', NULL, NULL, NULL, NULL, '2025-03-05 20:54:13', '2025-03-05 20:54:13', NULL),
(288831, 1028079, 353, 3049, '2025-02-01', '2025-02-28', 2, 1, 23614, 814, 22800, 22800, 1300, '7,5,1,2,4', '9,36,12515,7084,7', '1,1,2,2,1', '0', '0', 19651, '10,1,17', '7713,300,531', '1,1,1', 12158, 1, '', '', '', 0, '', '', 0, '', '', 0, 31107, '5058', '3613', NULL, NULL, NULL, NULL, '2025-03-05 20:54:13', '2025-03-05 20:54:13', NULL),
(288832, 1028082, 356, 3054, '2025-02-01', '2025-02-28', 2, 10, 48993, 12893, 36100, 36100, 1900, '5,1,2,4', '964,25966,14698,107', '1,2,2,1', '0', '0', 41735, '9,1,10,17,12,2', '1250,300,8146,531,28250,10118', '1,1,1,1,1,1', 56092, 1, '', '', '', 0, '', '', 0, '', '', 0, 34636, '10494', '7496', NULL, NULL, NULL, NULL, '2025-03-05 20:54:13', '2025-03-05 20:54:13', NULL),
(288833, 1028087, 361, 3059, '2025-02-01', '2025-02-28', 2, 1, 21025, 725, 20300, 20300, 1300, '7,5,1,2,4', '9,36,11143,6308,11', '1,1,2,2,1', '0', '0', 17507, '10,9,1,17', '12873,1000,300,531', '1,1,1,1', 17922, 1, '', '', '', 0, '', '', 0, '', '', 0, 20610, '4504', '3217', NULL, NULL, NULL, NULL, '2025-03-05 20:54:13', '2025-03-05 20:54:13', NULL),
(288834, 1028090, 364, 3062, '2025-02-01', '2025-02-28', 2, 2, 21388, 1088, 20300, 20300, 1300, '7,5,1,2,4', '13,54,11336,6416,16', '1,1,2,2,1', '0', '0', 17835, '12,10,9,1,17', '0,12504,1250,300,531', '1,1,1,1,1', 17858, 1, '', '', '', 0, '', '', 0, '', '', 0, 21365, '4581', '3272', NULL, NULL, NULL, NULL, '2025-03-05 20:54:13', '2025-03-05 20:54:13', NULL),
(288835, 1028091, 365, 3063, '2025-02-01', '2025-02-28', 2, 1, 21025, 725, 20300, 20300, 1300, '7,5,1,2,4', '9,80,11143,6308,11', '1,1,2,2,1', '0', '0', 17551, '10,9,12,17', '14081,1250,0,531', '1,1,1,1', 19080, 1, '', '', '', 0, '', '', 0, '', '', 0, 19496, '4504', '3217', NULL, NULL, NULL, NULL, '2025-03-05 20:54:13', '2025-03-05 20:54:13', NULL),
(288836, 1028092, 366, 3065, '2025-02-01', '2025-02-28', 2, 2, 21750, 1450, 20300, 20300, 1300, '7,5,1,2,4', '18,71,11528,6525,21', '1,1,2,2,1', '0', '0', 18163, '10,9,1,17', '11666,1250,300,531', '1,1,1,1', 17076, 1, '', '', '', 0, '', '', 0, '', '', 0, 22837, '4659', '3328', NULL, NULL, NULL, NULL, '2025-03-05 20:54:13', '2025-03-05 20:54:13', NULL),
(288837, 1028093, 367, 3067, '2025-02-01', '2025-02-28', 2, 12, 28143, 8443, 19700, 19700, 1300, '7,5,1,2,4', '107,429,14916,8443,129', '1,1,2,2,1', '0', '0', 24024, '1,9,10,17', '300,1250,2000,531', '1,1,1,1', 8388, 1, '', '', '', 0, '', '', 0, '', '', 0, 43779, '6028', '4306', NULL, NULL, NULL, NULL, '2025-03-05 20:54:13', '2025-03-05 20:54:13', NULL),
(288838, 1028094, 368, 3068, '2025-02-01', '2025-02-28', 2, 1, 26514, 914, 25600, 25600, 1300, '7,5,1,2,4', '9,96,14052,7954,11', '1,1,2,2,1', '0', '0', 22122, '1,17', '300,531', '1,1', 4889, 1, '', '', '', 0, '', '', 0, '', '', 0, 43747, '5679', '4057', NULL, NULL, NULL, NULL, '2025-03-05 20:54:13', '2025-03-05 20:54:13', NULL),
(288839, 1028096, 370, 3070, '2025-02-01', '2025-02-28', 2, 8, 26100, 5800, 20300, 20300, 1300, '7,5,1,2,4', '71,286,13833,7830,86', '1,1,2,2,1', '0', '0', 22106, '', '', '', 3994, 1, '', '', '', 0, '', '', 0, '', '', 0, 44212, '5591', '3993', NULL, NULL, 1, NULL, '2025-03-05 20:54:13', '2025-03-06 15:26:03', NULL),
(288840, 1028097, 371, 3071, '2025-02-01', '2025-02-28', 2, 1, 21025, 725, 20300, 20300, 1300, '7,5,1,2,4', '9,36,11143,6308,11', '1,1,2,2,1', '0', '0', 17507, '', '', '', 3218, 1, '', '', '', 0, '', '', 0, '', '', 0, 35314, '4504', '3217', NULL, NULL, 1, NULL, '2025-03-05 20:54:13', '2025-03-06 15:25:39', NULL),
(288841, 1028102, 376, 3076, '2025-02-01', '2025-02-28', 2, 1, 20404, 704, 19700, 19700, 1300, '7,5,1,2,4', '9,36,10814,6121,11', '1,1,2,2,1', '0', '0', 16991, '', '', '', 3123, 1, '', '', '', 0, '', '', 0, '', '', 0, 34272, '4371', '3122', NULL, NULL, 1, NULL, '2025-03-05 20:54:13', '2025-03-06 15:25:19', NULL),
(288842, 1028106, 380, 3080, '2025-02-01', '2025-02-28', 2, 2, 21107, 1407, 19700, 19700, 1300, '7,5,1,2,4', '18,71,11187,6332,21', '1,1,2,2,1', '0', '0', 17629, '12,10,9,1,17', '0,11825,1250,300,531', '1,1,1,1,1', 17136, 1, '', '', '', 0, '', '', 0, '', '', 0, 21600, '4521', '3229', NULL, NULL, NULL, NULL, '2025-03-05 20:54:14', '2025-03-05 20:54:14', NULL),
(288843, 1028108, 382, 3082, '2025-02-01', '2025-02-28', 2, 9, 26032, 6332, 19700, 19700, 1300, '7,5,1,2,4', '80,321,13797,7810,96', '1,1,2,2,1', '0', '0', 22104, '12,9,1,17', '0,1250,300,531', '1,1,1,1', 6065, 1, '', '', '', 0, '', '', 0, '', '', 0, 42071, '5576', '3983', NULL, NULL, NULL, NULL, '2025-03-05 20:54:14', '2025-03-05 20:54:14', NULL),
(288844, 1028109, 383, 3084, '2025-02-01', '2025-02-28', 2, 4, 22514, 2814, 19700, 19700, 1300, '7,5,1,2,4', '36,143,11932,6754,43', '1,1,2,2,1', '0', '0', 18908, '', '', '', 3446, 1, '', '', '', 0, '', '', 0, '', '', 0, 37976, '4822', '3445', NULL, NULL, 1, NULL, '2025-03-05 20:54:14', '2025-03-06 15:26:29', NULL),
(288845, 1028111, 385, 3086, '2025-02-01', '2025-02-28', 2, 1, 20404, 704, 19700, 19700, 1300, '7,5,1,2,4', '9,36,10814,6121,11', '1,1,2,2,1', '0', '0', 16991, '10,9,1,17', '16892,1250,300,531', '1,1,1,1', 22096, 1, '', '', '', 0, '', '', 0, '', '', 0, 15299, '4371', '3122', NULL, NULL, NULL, NULL, '2025-03-05 20:54:14', '2025-03-05 20:54:14', NULL),
(288846, 1028117, 391, 3093, '2025-02-01', '2025-02-28', 2, 1, 19782, 682, 19100, 19100, 1300, '7,5,1,2,4', '9,36,10484,5935,11', '1,1,2,2,1', '0', '0', 16475, '', '', '', 3028, 1, '', '', '', 0, '', '', 0, '', '', 0, 33229, '4237', '3027', NULL, NULL, 1, NULL, '2025-03-05 20:54:14', '2025-03-06 15:25:57', NULL),
(288847, 1028127, 420, 3124, '2025-02-01', '2025-02-28', 2, 1, 22268, 768, 21500, 21500, 1300, '7,5,1,2,4', '9,36,11802,6680,11', '1,1,2,2,1', '0', '0', 18538, '9,1,17,12', '1250,300,531,0', '1,1,1,1', 5489, 1, '', '', '', 0, '', '', 0, '', '', 0, 35317, '4770', '3407', NULL, NULL, NULL, NULL, '2025-03-05 20:54:14', '2025-03-05 20:54:14', NULL),
(288848, 1028128, 421, 3125, '2025-02-01', '2025-02-28', 2, 1, 22268, 768, 21500, 21500, 1300, '7,5,1,2,4', '9,36,11802,6680,11', '1,1,2,2,1', '0', '0', 18538, '9,1,17,12', '1250,300,531,0', '1,1,1,1', 5489, 1, '', '', '', 0, '', '', 0, '', '', 0, 35317, '4770', '3407', NULL, NULL, NULL, NULL, '2025-03-05 20:54:14', '2025-03-05 20:54:14', NULL),
(288849, 1028129, 422, 3126, '2025-02-01', '2025-02-28', 2, 2, 23036, 1536, 21500, 21500, 1300, '7,5,1,2,4', '18,71,12209,6911,21', '1,1,2,2,1', '0', '0', 19230, '', '', '', 3526, 1, '', '', '', 0, '', '', 0, '', '', 0, 38740, '4934', '3525', NULL, NULL, 1, NULL, '2025-03-05 20:54:14', '2025-03-06 15:20:28', NULL),
(288850, 1028131, 424, 3129, '2025-02-01', '2025-02-28', 2, 2, 21750, 1450, 20300, 20300, 1300, '7,5,1,2,4', '18,71,11528,6525,21', '1,1,2,2,1', '0', '0', 18163, '', '', '', 3329, 1, '', '', '', 0, '', '', 0, '', '', 0, 36584, '4659', '3328', NULL, NULL, 1, NULL, '2025-03-05 20:54:14', '2025-03-06 15:26:10', NULL),
(288851, 1028136, 430, 3136, '2025-02-01', '2025-02-28', 2, 2, 18214, 1214, 17000, 17000, 1300, '7,5,1,2,4', '18,71,9653,5464,21', '1,1,2,2,1', '0', '0', 15227, '', '', '', 2788, 1, '', '', '', 0, '', '', 0, '', '', 0, 30653, '3901', '2787', NULL, NULL, 1, NULL, '2025-03-05 20:54:14', '2025-03-06 15:24:34', NULL),
(288852, 1028137, 431, 3137, '2025-02-01', '2025-02-28', 2, 6, 20339, 3339, 17000, 17000, 1300, '7,5,1,2,4', '49,196,10780,6102,59', '1,1,2,2,1', '0', '0', 17186, '', '', '', 3113, 1, '', '', '', 0, '', '', 0, '', '', 0, 34412, '4357', '3112', NULL, NULL, 1, NULL, '2025-03-05 20:54:14', '2025-03-06 15:26:39', NULL),
(288853, 1028138, 432, 3138, '2025-02-01', '2025-02-28', 2, 1, 17607, 607, 17000, 17000, 1300, '7,5,1,2,4', '9,80,9332,5282,11', '1,1,2,2,1', '0', '0', 14714, '', '', '', 2695, 1, '', '', '', 0, '', '', 0, '', '', 0, 29626, '3771', '2694', NULL, NULL, 1, NULL, '2025-03-05 20:54:14', '2025-03-06 15:17:41', NULL),
(288854, 1028139, 433, 3139, '2025-02-01', '2025-02-28', 2, 28, 31000, 15500, 15500, 15500, 1300, '7,5,1,2,4', '250,1000,16430,9300,300', '1,1,2,2,1', '0', '0', 27280, '1,10,17', '300,8000,531', '1,1,1', 13575, 1, '', '', '', 0, '', '', 0, '', '', 0, 44705, '6640', '4743', NULL, NULL, NULL, NULL, '2025-03-05 20:54:14', '2025-03-05 20:54:14', NULL),
(288855, 1028140, 434, 3140, '2025-02-01', '2025-02-28', 2, 9, 22464, 5464, 17000, 17000, 1300, '7,5,1,2,4', '80,321,11906,6739,96', '1,1,2,2,1', '0', '0', 19142, '', '', '', 3438, 1, '', '', '', 0, '', '', 0, '', '', 0, 38168, '4812', '3437', NULL, NULL, 1, NULL, '2025-03-05 20:54:14', '2025-03-06 15:17:17', NULL),
(288856, 1028144, 438, 3146, '2025-02-01', '2025-02-28', 2, 4, 22838, 2538, 20300, 20300, 1300, '7,5,1,2,4', '31,125,12104,6851,16', '1,1,2,2,1', '0', '0', 19127, '', '', '', 3495, 1, '', '', '', 0, '', '', 0, '', '', 0, 38470, '4892', '3494', NULL, NULL, 1, NULL, '2025-03-05 20:54:14', '2025-03-06 15:19:39', NULL),
(288857, 1028148, 441, 3149, '2025-02-01', '2025-02-28', 2, 3, 28786, 2786, 26000, 26000, 1900, '5,1,2,4', '289,15257,8636,32', '1,2,2,1', '0', '0', 24214, '1,17,12', '300,531,0', '1,1,1', 5236, 1, '', '', '', 0, '', '', 0, '', '', 0, 47764, '6166', '4404', NULL, NULL, NULL, NULL, '2025-03-05 20:54:14', '2025-03-05 20:54:14', NULL),
(288858, 1028149, 565, 3302, '2025-02-01', '2025-02-28', 2, 1, 17607, 607, 17000, 17000, 1300, '7,5,1,2,4', '9,36,9332,5282,11', '1,1,2,2,1', '0', '0', 14670, '9,1,17', '1000,300,531', '1,1,1', 4526, 1, '', '', '', 0, '', '', 0, '', '', 0, 27751, '3771', '2694', NULL, NULL, NULL, NULL, '2025-03-05 20:54:14', '2025-03-05 20:54:14', NULL),
(288859, 1028150, 442, 3150, '2025-02-01', '2025-02-28', 2, 2, 21750, 1450, 20300, 20300, 1800, '7,5,1,2,4', '18,71,11528,6525,9', '1,1,2,2,1', '0', '0', 18151, '', '', '', 3329, 1, '', '', '', 0, '', '', 0, '', '', 0, 36572, '4659', '3328', NULL, NULL, 1, NULL, '2025-03-05 20:54:14', '2025-03-06 15:27:35', NULL),
(288860, 1028151, 564, 3300, '2025-02-01', '2025-02-28', 2, 3, 18518, 1518, 17000, 17000, 1300, '7,5,1,2,4', '22,89,9815,5555,27', '1,1,2,2,1', '0', '0', 15508, '', '', '', 2834, 1, '', '', '', 0, '', '', 0, '', '', 0, 31192, '3967', '2833', NULL, NULL, 1, NULL, '2025-03-05 20:54:14', '2025-03-06 15:17:58', NULL),
(288861, 1028153, 563, 3297, '2025-02-01', '2025-02-28', 2, 1, 31146, 546, 30600, 30600, 1300, '7,5,1,2,4', '4,48,16507,9344,5', '1,1,2,2,1', '0', '0', 25908, '', '', '', 4766, 1, '', '', '', 0, '', '', 0, '', '', 0, 52288, '6671', '4765', NULL, NULL, 1, NULL, '2025-03-05 20:54:14', '2025-03-06 15:22:37', NULL),
(288862, 1028156, 561, 3293, '2025-02-01', '2025-02-28', 2, 1, 16571, 571, 16000, 16000, 1300, '7,5,1,2,4', '9,36,8783,4971,11', '1,1,2,2,1', '0', '0', 13810, '9,1,17', '1000,300,531', '1,1,1', 4367, 1, '', '', '', 0, '', '', 0, '', '', 0, 26014, '3550', '2535', NULL, NULL, NULL, NULL, '2025-03-05 20:54:14', '2025-03-05 20:54:14', NULL),
(288863, 1028162, 558, 3289, '2025-02-01', '2025-02-28', 2, 1, 16571, 571, 16000, 16000, 1300, '7,5,1,2,4', '9,36,8783,4971,11', '1,1,2,2,1', '0', '0', 13810, '', '', '', 2536, 1, '', '', '', 0, '', '', 0, '', '', 0, 27845, '3550', '2535', NULL, NULL, 1, NULL, '2025-03-05 20:54:14', '2025-03-06 15:15:04', NULL),
(288864, 1028164, 557, 3288, '2025-02-01', '2025-02-28', 2, 1, 21854, 754, 21100, 21100, 1900, '5,1,2,4', '36,11583,6556,11', '1,2,2,1', '0', '0', 18186, '', '', '', 3345, 1, '', '', '', 0, '', '', 0, '', '', 0, 36695, '4681', '3344', NULL, NULL, 1, NULL, '2025-03-05 20:54:14', '2025-03-06 15:15:45', NULL),
(288865, 1028180, 548, 3278, '2025-02-01', '2025-02-28', 2, 0, 39400, 19700, 19700, 19700, 1800, '7,5,1,2,4,10', '250,1000,20882,11820,300,36', '1,1,2,2,1,1', '0', '0', 34288, '10,9,1,12,19,18,17', '0,1000,300,14404,36,12,531', '1,1,1,1,1,1,1', 16284, 1, '', '', '', 0, '', '', 0, '', '', 0, 57404, '0', '0', NULL, NULL, 1, NULL, '2025-03-05 20:54:14', '2025-03-06 15:19:21', NULL),
(288866, 1028181, 547, 3277, '2025-02-01', '2025-02-28', 2, 1, 20404, 704, 19700, 19700, 1800, '7,5,1,2,4', '9,36,10814,6121,11', '1,1,2,2,1', '0', '0', 16991, '10,9,1,17', '17888,1250,300,531', '1,1,1,1', 23092, 1, '', '', '', 0, '', '', 0, '', '', 0, 14303, '4371', '3122', NULL, NULL, NULL, NULL, '2025-03-05 20:54:14', '2025-03-05 20:54:14', NULL),
(288867, 1028184, 544, 3274, '2025-02-01', '2025-02-28', 2, 8, 21554, 4554, 17000, 17000, 1300, '7,5,1,2,4', '67,268,11424,6466,80', '1,1,2,2,1', '0', '0', 18305, '9,1,12,17', '1250,300,0,531', '1,1,1,1', 5380, 1, '', '', '', 0, '', '', 0, '', '', 0, 34479, '4617', '3298', NULL, NULL, NULL, NULL, '2025-03-05 20:54:14', '2025-03-05 20:54:14', NULL),
(288868, 1028186, 542, 3271, '2025-02-01', '2025-02-28', 2, 0, 38200, 19100, 19100, 19100, 1800, '7,5,1,2,4', '250,1000,20246,11460,300', '1,1,2,2,1', '0', '0', 33256, '9,1,17', '1250,300,531', '1,1,1', 2082, 1, '', '', '', 0, '', '', 0, '', '', 0, 69374, '0', '0', NULL, NULL, NULL, NULL, '2025-03-05 20:54:14', '2025-03-05 20:54:14', NULL),
(288869, 1028187, 541, 3270, '2025-02-01', '2025-02-28', 2, 0, 38200, 19100, 19100, 19100, 1300, '7,5,1,2,4,10', '150,1000,20246,11460,300,36', '1,1,2,2,1,1', '0', '0', 33192, '9,1,19,18,17', '1250,300,36,12,531', '1,1,1,1,1', 2130, 1, '', '', '', 0, '', '', 0, '', '', 0, 69262, '0', '0', NULL, NULL, NULL, NULL, '2025-03-05 20:54:14', '2025-03-05 20:54:14', NULL),
(288870, 1028196, 531, 3256, '2025-02-01', '2025-02-28', 2, 4, 19429, 2429, 17000, 17000, 1300, '7,5,1,2,4', '36,143,10297,5829,43', '1,1,2,2,1', '0', '0', 16348, '', '', '', 2974, 1, '', '', '', 0, '', '', 0, '', '', 0, 32803, '4162', '2973', NULL, NULL, 1, NULL, '2025-03-05 20:54:14', '2025-03-06 15:20:44', NULL),
(288871, 1028198, 529, 3253, '2025-02-01', '2025-02-28', 2, 2, 18214, 1214, 17000, 17000, 1300, '7,5,1,2,4', '18,71,9653,5464,21', '1,1,2,2,1', '0', '0', 15227, '1,17', '300,531', '1,1', 3619, 1, '', '', '', 0, '', '', 0, '', '', 0, 29822, '3901', '2787', NULL, NULL, NULL, NULL, '2025-03-05 20:54:14', '2025-03-05 20:54:14', NULL),
(288872, 1028200, 527, 3251, '2025-02-01', '2025-02-28', 2, 6, 20643, 3643, 17000, 17000, 1300, '7,5,1,2,4', '54,214,10941,6193,64', '1,1,2,2,1', '0', '0', 17466, '', '', '', 3159, 1, '', '', '', 0, '', '', 0, '', '', 0, 34950, '4422', '3158', NULL, NULL, 1, NULL, '2025-03-05 20:54:14', '2025-03-06 15:27:52', NULL),
(288873, 1028201, 526, 3250, '2025-02-01', '2025-02-28', 2, 2, 18214, 1214, 17000, 17000, 1300, '7,5,1,2,4', '18,71,9653,5464,21', '1,1,2,2,1', '0', '0', 15227, '', '', '', 2788, 1, '', '', '', 0, '', '', 0, '', '', 0, 30653, '3901', '2787', NULL, NULL, 1, NULL, '2025-03-05 20:54:14', '2025-03-06 15:25:38', NULL),
(288874, 1028202, 525, 3249, '2025-02-01', '2025-02-28', 2, 1, 17607, 607, 17000, 17000, 1300, '7,5,1,2,4', '9,36,9332,5282,11', '1,1,2,2,1', '0', '0', 14670, '', '', '', 2695, 1, '', '', '', 0, '', '', 0, '', '', 0, 29582, '3771', '2694', NULL, NULL, 1, NULL, '2025-03-05 20:54:14', '2025-03-06 15:14:50', NULL),
(288875, 1028203, 524, 3247, '2025-02-01', '2025-02-28', 2, 2, 18214, 1214, 17000, 17000, 1300, '7,5,1,2,4', '18,71,9653,5464,21', '1,1,2,2,1', '0', '0', 15227, '', '', '', 2788, 1, '', '', '', 0, '', '', 0, '', '', 0, 30653, '3901', '2787', NULL, NULL, 1, NULL, '2025-03-05 20:54:14', '2025-03-06 15:21:08', NULL),
(288876, 1028204, 523, 3246, '2025-02-01', '2025-02-28', 2, 1, 17607, 607, 17000, 17000, 1300, '7,5,1,2,4', '9,36,9332,5282,11', '1,1,2,2,1', '0', '0', 14670, '1,17', '300,531', '1,1', 3526, 1, '', '', '', 0, '', '', 0, '', '', 0, 28751, '3771', '2694', NULL, NULL, NULL, NULL, '2025-03-05 20:54:14', '2025-03-05 20:54:14', NULL),
(288877, 1028210, 517, 3236, '2025-02-01', '2025-02-28', 2, 9, 22161, 5161, 17000, 17000, 1300, '7,5,1,2,4', '76,304,11745,6648,91', '1,1,2,2,1', '0', '0', 18864, '', '', '', 3392, 1, '', '', '', 0, '', '', 0, '', '', 0, 37633, '4747', '3391', NULL, NULL, 1, NULL, '2025-03-05 20:54:14', '2025-03-06 15:27:53', NULL),
(288878, 1028211, 516, 3235, '2025-02-01', '2025-02-28', 2, 3, 18821, 1821, 17000, 17000, 1300, '7,5,1,2,4', '27,107,9975,5646,32', '1,1,2,2,1', '0', '0', 15787, '10,9,1,17', '15923,1000,300,531', '1,1,1,1', 20635, 1, '', '', '', 0, '', '', 0, '', '', 0, 13973, '4031', '2880', NULL, NULL, NULL, NULL, '2025-03-05 20:54:14', '2025-03-05 20:54:14', NULL),
(288879, 1028212, 515, 3234, '2025-02-01', '2025-02-28', 2, 6, 20643, 3643, 17000, 17000, 1300, '7,5,1,2,4', '54,214,10941,6193,64', '1,1,2,2,1', '0', '0', 17466, '', '', '', 3159, 1, '', '', '', 0, '', '', 0, '', '', 0, 34950, '4422', '3158', NULL, NULL, 1, NULL, '2025-03-05 20:54:15', '2025-03-06 15:15:31', NULL),
(288880, 1028215, 512, 3231, '2025-02-01', '2025-02-28', 2, 1, 17607, 607, 17000, 17000, 1300, '7,5,1,2,4', '9,36,9332,5282,11', '1,1,2,2,1', '0', '0', 14670, '9,1,17', '1000,300,531', '1,1,1', 4526, 1, '', '', '', 0, '', '', 0, '', '', 0, 27751, '3771', '2694', NULL, NULL, NULL, NULL, '2025-03-05 20:54:15', '2025-03-05 20:54:15', NULL),
(288881, 1028217, 510, 3229, '2025-02-01', '2025-02-28', 2, 3, 18821, 1821, 17000, 17000, 1300, '7,5,1,2,4', '27,107,9975,5646,32', '1,1,2,2,1', '0', '0', 15787, '', '', '', 2881, 1, '', '', '', 0, '', '', 0, '', '', 0, 31727, '4031', '2880', NULL, NULL, 1, NULL, '2025-03-05 20:54:15', '2025-03-06 15:15:44', NULL),
(288882, 1028218, 509, 3227, '2025-02-01', '2025-02-28', 2, 9, 22464, 5464, 17000, 17000, 1300, '7,5,1,2,4', '80,321,11232,6065,96', '1,1,2,2,1', '0', '0', 17794, '', '', '', 3371, 1, '', '', '', 0, '', '', 0, '', '', 0, 36887, '4717', '3370', NULL, NULL, 1, NULL, '2025-03-05 20:54:15', '2025-03-06 14:59:33', NULL),
(288883, 1028231, 496, 3209, '2025-02-01', '2025-02-28', 2, 1, 17304, 304, 17000, 17000, 1300, '7,5,1,2,4', '4,18,9171,5191,5', '1,1,2,2,1', '0', '0', 14389, '9,1,17', '1250,300,531', '1,1,1', 4730, 1, '', '', '', 0, '', '', 0, '', '', 0, 26963, '3707', '2648', NULL, NULL, NULL, NULL, '2025-03-05 20:54:15', '2025-03-05 20:54:15', NULL),
(288884, 1028233, 494, 3206, '2025-02-01', '2025-02-28', 2, 1, 17304, 304, 17000, 17000, 1300, '7,5,1,2,4', '4,18,9171,5191,5', '1,1,2,2,1', '0', '0', 14389, '10,9,1,17', '2500,1250,300,531', '1,1,1,1', 7230, 1, '', '', '', 0, '', '', 0, '', '', 0, 24463, '3707', '2648', NULL, NULL, NULL, NULL, '2025-03-05 20:54:15', '2025-03-05 20:54:15', NULL),
(288885, 1028234, 493, 3205, '2025-02-01', '2025-02-28', 2, 14, 25500, 8500, 17000, 17000, 1300, '7,5,1,2,4', '125,500,13515,7650,150', '1,1,2,2,1', '0', '0', 21940, '9,1,17', '1250,300,531', '1,1,1', 5984, 1, '', '', '', 0, '', '', 0, '', '', 0, 41456, '5462', '3902', NULL, NULL, NULL, NULL, '2025-03-05 20:54:15', '2025-03-05 20:54:15', NULL),
(288886, 1028237, 490, 3202, '2025-02-01', '2025-02-28', 2, 3, 18821, 1821, 17000, 17000, 1300, '7,5,1,2,4', '27,107,9975,5646,32', '1,1,2,2,1', '0', '0', 15787, '', '', '', 2881, 1, '', '', '', 0, '', '', 0, '', '', 0, 31727, '4031', '2880', NULL, NULL, 1, NULL, '2025-03-05 20:54:15', '2025-03-06 15:16:13', NULL),
(288887, 1028238, 457, 3169, '2025-02-01', '2025-02-28', 2, 7, 34000, 6800, 27200, 27200, 1300, '7,5,1,2,4', '63,675,18020,10200,75', '1,1,2,2,1', '0', '0', 29033, '', '', '', 5203, 1, '', '', '', 0, '', '', 0, '', '', 0, 57830, '7283', '5202', NULL, NULL, 1, NULL, '2025-03-05 20:54:15', '2025-03-06 15:24:58', NULL),
(288888, 1028239, 458, 3170, '2025-02-01', '2025-02-28', 2, 5, 25339, 3839, 21500, 21500, 1300, '7,5,1,2,4', '45,179,13430,7602,54', '1,1,2,2,1', '0', '0', 21310, '', '', '', 3878, 1, '', '', '', 0, '', '', 0, '', '', 0, 42771, '5428', '3877', NULL, NULL, 1, NULL, '2025-03-05 20:54:15', '2025-03-06 15:18:39', NULL),
(288889, 1028241, 460, 3172, '2025-02-01', '2025-02-28', 2, 1, 21646, 746, 20900, 20900, 1300, '7,5,1,2,4', '9,36,11472,6494,11', '1,1,2,2,1', '0', '0', 18022, '1,17', '300,531', '1,1', 4144, 1, '', '', '', 0, '', '', 0, '', '', 0, 35524, '4637', '3312', NULL, NULL, NULL, NULL, '2025-03-05 20:54:15', '2025-03-05 20:54:15', NULL),
(288890, 1028247, 466, 3178, '2025-02-01', '2025-02-28', 2, 5, 24632, 3732, 20900, 20900, 1300, '7,5,1,2,4', '45,179,13055,7390,54', '1,1,2,2,1', '0', '0', 20723, '', '', '', 3770, 1, '', '', '', 0, '', '', 0, '', '', 0, 41585, '5276', '3769', NULL, NULL, 1, NULL, '2025-03-05 20:54:15', '2025-03-06 15:22:23', NULL),
(288891, 1028249, 468, 3180, '2025-02-01', '2025-02-28', 2, 1, 22268, 768, 21500, 21500, 1300, '7,5,1,2,4', '9,36,11802,6680,11', '1,1,2,2,1', '0', '0', 18538, '1,17', '300,531', '1,1', 4239, 1, '', '', '', 0, '', '', 0, '', '', 0, 36567, '4770', '3407', NULL, NULL, NULL, NULL, '2025-03-05 20:54:15', '2025-03-05 20:54:15', NULL),
(288892, 1028252, 471, 3183, '2025-02-01', '2025-02-28', 2, 0, 39400, 19700, 19700, 19700, 1300, '7,5,1,2,4', '250,1000,20882,11820,300', '1,1,2,2,1', '0', '0', 34252, '1,17', '300,531', '1,1', 832, 1, '', '', '', 0, '', '', 0, '', '', 0, 72820, '0', '0', NULL, NULL, NULL, NULL, '2025-03-05 20:54:15', '2025-03-05 20:54:15', NULL),
(288893, 1028254, 474, 3186, '2025-02-01', '2025-02-28', 2, 28, 38200, 19100, 19100, 19100, 1300, '7,5,1,2,4', '250,1000,20246,11460,300', '1,1,2,2,1', '0', '0', 33256, '9,1,17', '1250,300,531', '1,1,1', 7927, 1, '', '', '', 0, '', '', 0, '', '', 0, 63529, '8182', '5845', NULL, NULL, NULL, NULL, '2025-03-05 20:54:15', '2025-03-05 20:54:15', NULL),
(288894, 1028257, 477, 3189, '2025-02-01', '2025-02-28', 2, 1, 20052, 352, 19700, 19700, 1300, '7,5,1,2,4', '4,18,10628,6016,5', '1,1,2,2,1', '0', '0', 16671, '', '', '', 3069, 1, '', '', '', 0, '', '', 0, '', '', 0, 33654, '4295', '3068', NULL, NULL, 1, NULL, '2025-03-05 20:54:15', '2025-03-06 15:22:58', NULL),
(288895, 1028258, 478, 3190, '2025-02-01', '2025-02-28', 2, 2, 21107, 1407, 19700, 19700, 1300, '7,5,1,2,4', '18,71,11187,6332,21', '1,1,2,2,1', '0', '0', 17629, '10,9,1,12,17', '6538,1000,300,0,531', '1,1,1,1,1', 11599, 1, '', '', '', 0, '', '', 0, '', '', 0, 27137, '4521', '3229', NULL, NULL, NULL, NULL, '2025-03-05 20:54:15', '2025-03-05 20:54:15', NULL),
(288896, 1028260, 480, 3192, '2025-02-01', '2025-02-28', 2, 3, 21811, 2111, 19700, 19700, 1300, '7,5,1,2,4', '27,107,11560,6543,32', '1,1,2,2,1', '0', '0', 18269, '', '', '', 3338, 1, '', '', '', 0, '', '', 0, '', '', 0, 36742, '4672', '3337', NULL, NULL, 1, NULL, '2025-03-05 20:54:15', '2025-03-06 15:22:45', NULL),
(288897, 1028261, 481, 3193, '2025-02-01', '2025-02-28', 2, 5, 20625, 3125, 17500, 17500, 1300, '7,5,1,2,4', '45,179,10931,6188,54', '1,1,2,2,1', '0', '0', 17397, '', '', '', 3157, 1, '', '', '', 0, '', '', 0, '', '', 0, 34865, '4418', '3156', NULL, NULL, 1, NULL, '2025-03-05 20:54:15', '2025-03-06 15:23:10', NULL),
(288898, 1028263, 483, 3195, '2025-02-01', '2025-02-28', 2, 7, 24625, 4925, 19700, 19700, 1300, '7,5,1,2,4', '63,250,13051,7388,75', '1,1,2,2,1', '0', '0', 20827, '', '', '', 3769, 1, '', '', '', 0, '', '', 0, '', '', 0, 41683, '5275', '3768', NULL, NULL, 1, NULL, '2025-03-05 20:54:15', '2025-03-06 15:25:20', NULL),
(288899, 1028264, 484, 3196, '2025-02-01', '2025-02-28', 2, 9, 26032, 6332, 19700, 19700, 1300, '7,5,1,2,4', '80,321,13797,7810,96', '1,1,2,2,1', '0', '0', 22104, '', '', '', 3984, 1, '', '', '', 0, '', '', 0, '', '', 0, 44152, '5576', '3983', NULL, NULL, 1, NULL, '2025-03-05 20:54:15', '2025-03-06 15:24:08', NULL),
(288900, 1028265, 575, 3316, '2025-02-01', '2025-02-28', 2, 0, 33000, 16500, 16500, 16500, 1300, '7,5,1,2,4', '250,290,17490,9900,300', '1,1,2,2,1', '0', '0', 28230, '9,1,17', '1250,300,531', '1,1,1', 2082, 1, '', '', '', 0, '', '', 0, '', '', 0, 59148, '0', '0', NULL, NULL, NULL, NULL, '2025-03-05 20:54:15', '2025-03-05 20:54:15', NULL),
(288901, 1028266, 486, 3198, '2025-02-01', '2025-02-28', 2, 3, 21811, 2111, 19700, 19700, 1300, '7,5,1,2,4', '27,107,11560,6543,32', '1,1,2,2,1', '0', '0', 18269, '10,9,1,17', '11373,1000,300,531', '1,1,1,1', 16542, 1, '', '', '', 0, '', '', 0, '', '', 0, 23538, '4672', '3337', NULL, NULL, NULL, NULL, '2025-03-05 20:54:15', '2025-03-05 20:54:15', NULL),
(288902, 1028269, 202, 1452, '2025-02-01', '2025-02-28', 2, 13, 31482, 9982, 21500, 21500, 1300, '7,5,1,2,4', '116,464,16685,9445,93', '1,1,2,2,1', '0', '0', 26803, '10,9,1,17', '17736,1250,300,531', '1,1,1,1', 24635, 1, '', '', '', 0, '', '', 0, '', '', 0, 33650, '6743', '4817', NULL, NULL, NULL, NULL, '2025-03-05 20:54:15', '2025-03-05 20:54:15', NULL),
(288903, 1028271, 487, 3199, '2025-02-01', '2025-02-28', 2, 15, 30254, 10554, 19700, 19700, 1800, '7,5,1,2,4', '134,536,16035,9076,161', '1,1,2,2,1', '0', '0', 25942, '', '', '', 4630, 1, '', '', '', 0, '', '', 0, '', '', 0, 51566, '6480', '4629', NULL, NULL, 1, NULL, '2025-03-05 20:54:15', '2025-03-06 15:24:21', NULL),
(288904, 1028274, 352, 3047, '2025-02-01', '2025-02-28', 2, 0, 43000, 21500, 21500, 21500, 1300, '7,5,1,2,4', '250,1000,22790,12900,300', '1,1,2,2,1', '0', '0', 37240, '1,17', '300,531', '1,1', 832, 1, '', '', '', 0, '', '', 0, '', '', 0, 79408, '0', '0', NULL, NULL, NULL, NULL, '2025-03-05 20:54:15', '2025-03-05 20:54:15', NULL),
(288905, 1028275, 418, 3122, '2025-02-01', '2025-02-28', 2, 0, 43000, 21500, 21500, 21500, 1800, '7,5,1,2,4', '250,1000,22790,12900,300', '1,1,2,2,1', '0', '0', 37240, '1,17', '300,531', '1,1', 832, 1, '', '', '', 0, '', '', 0, '', '', 0, 79408, '0', '0', NULL, NULL, NULL, NULL, '2025-03-05 20:54:15', '2025-03-05 20:54:15', NULL);
INSERT INTO `remaining_freeze_salaries` (`id`, `freeze_attendance_id`, `employee_id`, `Emp_Code`, `from_date`, `to_date`, `month`, `present_day`, `basic_salary`, `earned_basic`, `leave_pay`, `actual_basic`, `grade_pay`, `allowance_Id`, `allowance_Amt`, `allowance_Type`, `festival_allowance`, `festival_allowance_id`, `total_allowance`, `deduction_Id`, `deduction_Amt`, `deduction_Type`, `total_deduction`, `stamp_duty`, `loan_deduction_id`, `loan_deduction_amt`, `loan_deduction_bank_id`, `total_loan_deduction`, `lic_deduction_id`, `lic_deduction_amt`, `total_lic_deduction`, `festival_deduction_id`, `festival_deduction_amt`, `total_festival_deduction`, `net_salary`, `corporation_share_da`, `employee_share_da`, `salary_percentage`, `created_by`, `updated_by`, `deleted_by`, `created_at`, `updated_at`, `deleted_at`) VALUES
(288906, 1028276, 427, 3132, '2025-02-01', '2025-02-28', 2, 0, 33000, 16500, 16500, 16500, 1300, '9,5,1,2,4', '0,1000,17490,9900,300', '1,1,2,2,1', '0', '0', 28690, '1,17', '300,531', '1,1', 832, 1, '', '', '', 0, '', '', 0, '', '', 0, 60858, '0', '0', NULL, NULL, NULL, NULL, '2025-03-05 20:54:15', '2025-03-05 20:54:15', NULL),
(288907, 1028278, 485, 3197, '2025-02-01', '2025-02-28', 2, 28, 36000, 18000, 18000, 18000, 1300, '7,5,1,2,4', '250,1000,19080,10800,300', '1,1,2,2,1', '0', '0', 31430, '1,17', '300,531', '1,1', 6340, 1, '', '', '', 0, '', '', 0, '', '', 0, 61090, '7711', '5508', NULL, NULL, NULL, NULL, '2025-03-05 20:54:15', '2025-03-05 20:54:15', NULL),
(288908, 1028280, 1099, 5254, '2025-02-01', '2025-02-28', 2, 2, 27321, 1821, 25500, 25500, 2400, '1,2,4,5', '14480,8196,21,193', '2,2,1,1', '0', '0', 22890, '', '', '', 4181, 1, '', '', '', 0, '', '', 0, '', '', 0, 46030, '5852', '4180', NULL, NULL, 1, NULL, '2025-03-05 20:54:15', '2025-03-06 09:17:05', NULL),
(288909, 1028281, 1093, 5248, '2025-02-01', '2025-02-28', 2, 1, 20611, 711, 19900, 19900, 1900, '1,2,4,5', '10924,6183,11,36', '2,2,1,1', '0', '0', 17154, '', '', '', 3154, 1, '', '', '', 0, '', '', 0, '', '', 0, 34611, '4415', '3153', NULL, NULL, 1, NULL, '2025-03-05 20:54:15', '2025-03-06 09:13:21', NULL),
(288910, 1028284, 1096, 5251, '2025-02-01', '2025-02-28', 2, 4, 22388, 2488, 19900, 19900, 1900, '1,2,4,5', '11866,6716,38,125', '2,2,1,1', '0', '0', 18745, '', '', '', 3426, 1, '', '', '', 0, '', '', 0, '', '', 0, 37707, '4796', '3425', NULL, NULL, 1, NULL, '2025-03-05 20:54:15', '2025-03-06 09:17:14', NULL),
(288911, 1028287, 1092, 5247, '2025-02-01', '2025-02-28', 2, 0, 70800, 35400, 35400, 35400, 4100, '1,2,4,5', '37524,21240,300,2700', '2,2,1,1', '0', '0', 61764, '1,17', '300,531', '1,1', 832, 1, '', '', '', 0, '', '', 0, '', '', 0, 131732, '0', '0', NULL, NULL, NULL, NULL, '2025-03-05 20:54:15', '2025-03-05 20:54:15', NULL),
(288912, 1028292, 1106, 5261, '2025-02-01', '2025-02-28', 2, 1, 39979, 1379, 38600, 38600, 4300, '5,4,1,2', '96,11,21189,11994', '1,1,2,2', '0', '0', 33290, '1,17', '300,531', '1,1', 6949, 1, '', '', '', 0, '', '', 0, '', '', 0, 66320, '8564', '6117', NULL, NULL, NULL, NULL, '2025-03-05 20:54:15', '2025-03-05 20:54:15', NULL),
(288913, 1028294, 207, 1459, '2025-02-01', '2025-02-28', 2, 28, 38200, 19100, 19100, 19100, 1300, '5,1,2,4,7', '1000,20246,11460,200,250', '1,2,2,1,1', '0', '0', 33156, '17,1,11,10', '531,300,2148,12356', '1,1,1,1', 21181, 1, '', '', '', 0, '', '', 0, '', '', 0, 50175, '8182', '5845', NULL, NULL, NULL, NULL, '2025-03-05 20:54:15', '2025-03-05 20:54:15', NULL),
(288914, 1028305, 1077, 1632, '2025-02-01', '2025-02-28', 2, 1, 57102, 1002, 56100, 56100, 5400, '1,2,4,5', '30264,17131,5,96', '2,2,1,1', '0', '0', 47496, '1,17', '300,885', '1,1', 9923, 1, '', '', '', 0, '', '', 0, '', '', 0, 94675, '12231', '8737', NULL, NULL, NULL, NULL, '2025-03-05 20:54:15', '2025-03-05 20:54:15', NULL),
(288915, 1028306, 1078, 5233, '2025-02-01', '2025-02-28', 2, 6, 25963, 4263, 21700, 21700, 2000, '1,2,4,5', '13760,7789,59,530', '2,2,1,1', '0', '0', 22138, '1,17', '300,531', '1,1', 4804, 1, '', '', '', 0, '', '', 0, '', '', 0, 43297, '5561', '3972', NULL, NULL, NULL, NULL, '2025-03-05 20:54:15', '2025-03-05 20:54:15', NULL),
(288916, 1028312, 1085, 5240, '2025-02-01', '2025-02-28', 2, 0, 70800, 35400, 35400, 35400, 4100, '1,2,4,5', '37524,21240,300,2700', '2,2,1,1', '0', '0', 61764, '1,17', '300,531', '1,1', 11664, 1, '', '', '', 0, '', '', 0, '', '', 0, 120900, '15165', '10832', NULL, NULL, NULL, NULL, '2025-03-05 20:54:15', '2025-03-05 20:54:15', NULL),
(288917, 1028313, 1086, 5241, '2025-02-01', '2025-02-28', 2, 0, 39800, 19900, 19900, 19900, 1900, '1,2,4,5,10', '21094,11940,300,1000,36', '2,2,1,1,1', '0', '0', 34370, '1,19,18,17', '300,36,12,531', '1,1,1,1', 880, 1, '', '', '', 0, '', '', 0, '', '', 0, 73290, '0', '0', NULL, NULL, NULL, NULL, '2025-03-05 20:54:15', '2025-03-05 20:54:15', NULL),
(288918, 1028317, 1090, 5245, '2025-02-01', '2025-02-28', 2, 2, 60107, 4007, 56100, 56100, 5400, '1,2,4,5', '31857,18032,21,386', '2,2,1,1', '0', '0', 50296, '1,17', '300,885', '1,1', 10382, 1, '', '', '', 0, '', '', 0, '', '', 0, 100021, '12875', '9196', NULL, NULL, NULL, NULL, '2025-03-05 20:54:15', '2025-03-05 20:54:15', NULL),
(288919, 1027418, 1174, 5284, '2025-02-01', '2025-02-28', 2, 1, 30243, 1043, 29200, 29200, 2800, '5,1,2,4', '96,16029,9073,11', '1,2,2,1', '0', '0', 25209, '', '', '', 4628, 1, '', '', '', 0, '', '', 0, '', '', 0, 50824, '6478', '4627', NULL, 1, NULL, NULL, '2025-03-06 05:05:28', '2025-03-06 05:05:29', NULL),
(288920, 1028343, 886, 209, '2025-02-01', '2025-02-28', 2, 0, 144200, 72100, 72100, 72100, 4500, '5,1,2,4', '2700,76426,43260,300', '1,2,2,1', '0', '0', 122686, '1,17', '300,531', '1,1', 832, 1, '', '', '', 0, '', '', 0, '', '', 0, 266054, '0', '0', NULL, NULL, NULL, NULL, '2025-03-06 12:17:02', '2025-03-06 12:17:02', NULL),
(288921, 1028363, 866, 101008, '2025-02-01', '2025-02-28', 2, 0, 132000, 66000, 66000, 66000, 4500, '5,1,2,4', '2700,69960,39600,300', '1,2,2,1', '0', '0', 112560, '1,5,17', '300,12000,531', '1,1,1', 12832, 1, '', '', '', 0, '', '', 0, '', '', 0, 231728, '0', '0', NULL, NULL, NULL, NULL, '2025-03-06 12:17:02', '2025-03-06 12:17:02', NULL),
(288922, 1028387, 835, 101801, '2025-02-01', '2025-02-28', 2, 0, 139800, 69900, 69900, 69900, 2400, '5,1,2,4', '2700,69900,37746,300', '1,2,2,1', '0', '0', 110646, '1,5,17', '300,10000,531', '1,1,1', 10832, 1, '', '', '', 0, '', '', 0, '', '', 0, 239614, '0', '0', NULL, NULL, 1, NULL, '2025-03-06 12:17:04', '2025-03-06 14:57:13', NULL),
(288923, 1027404, 739, 42, '2025-02-01', '2025-02-28', 2, 28, 115600, 57800, 57800, 57800, 5400, '13,1,2,4', '2000,57800,34680,300', '1,2,2,1', '0', '0', 94780, '21,1,17', '480,300,885', '1,1,1', 19006, 1, '', '', '', 0, '', '', 0, '', '', 0, 191374, '24276', '17340', NULL, 1, NULL, NULL, '2025-03-06 14:23:42', '2025-03-06 14:23:42', NULL),
(288924, 1028377, 849, 901, '2025-02-01', '2025-02-28', 2, 28, 95200, 47600, 47600, 47600, 4200, '1,2,4', '50456,28560,300', '2,2,1', '0', '0', 79316, '9,1,17,12,2', '1250,300,531,0,18891', '1,1,1,1,1', 20973, 1, '', '', '', 0, '', '', 0, '', '', 0, 153543, '0', '0', NULL, 1, NULL, NULL, '2025-03-07 11:58:32', '2025-03-07 11:58:32', NULL),
(288925, 1028382, 840, 9, '2025-02-01', '2025-02-28', 2, 10, 92150, 24250, 67900, 67900, 4300, '5,1,2,4', '964,48840,27645,107', '1,2,2,1', '0', '0', 77556, '', '', '', 1, 1, '', '', '', 0, '', '', 0, '', '', 0, 169705, '0', '0', NULL, 1, NULL, NULL, '2025-03-07 11:58:41', '2025-03-07 11:58:41', NULL),
(288926, 1028349, 880, 404, '2025-02-01', '2025-02-28', 2, 16, 79357, 28857, 50500, 50500, 4200, '5,1,2,4', '1543,42059,23807,171', '1,2,2,1', '0', '0', 67580, '', '', '', 1, 1, '', '', '', 0, '', '', 0, '', '', 0, 146936, '0', '0', NULL, 1, NULL, NULL, '2025-03-07 11:58:53', '2025-03-07 11:58:54', NULL),
(288927, 1028361, 868, 610, '2025-02-01', '2025-02-28', 2, 28, 78400, 39200, 39200, 39200, 2800, '1,2,4', '41552,23520,300', '2,2,1', '0', '0', 65372, '1,17,12,2', '300,531,0,6168', '1,1,1,1', 7000, 1, '', '', '', 0, '', '', 0, '', '', 0, 136772, '0', '0', NULL, 1, NULL, NULL, '2025-03-07 11:59:09', '2025-03-07 11:59:09', NULL);

-- --------------------------------------------------------

--
-- Table structure for table `roles`
--

CREATE TABLE `roles` (
  `id` bigint UNSIGNED NOT NULL,
  `name` varchar(255) COLLATE utf8mb4_unicode_ci NOT NULL,
  `guard_name` varchar(255) COLLATE utf8mb4_unicode_ci NOT NULL,
  `created_at` timestamp NULL DEFAULT NULL,
  `updated_at` timestamp NULL DEFAULT NULL
) ENGINE=InnoDB DEFAULT CHARSET=utf8mb4 COLLATE=utf8mb4_unicode_ci;

--
-- Dumping data for table `roles`
--

INSERT INTO `roles` (`id`, `name`, `guard_name`, `created_at`, `updated_at`) VALUES
(1, 'Super Admin', 'web', '2024-08-08 12:23:30', '2024-08-08 12:23:30'),
(2, 'Admin', 'web', '2024-08-08 12:23:31', '2024-08-08 12:23:31'),
(3, 'Ward HOD', 'web', '2024-08-08 12:23:31', '2024-08-08 12:23:31'),
(4, 'Department HOD', 'web', '2024-08-08 12:23:32', '2024-08-08 12:23:32'),
(5, 'Employee', 'web', '2024-08-08 12:23:32', '2024-08-08 12:23:32'),
(6, 'Pension HOD', 'web', '2024-08-08 12:25:53', '2024-08-08 12:25:53'),
(7, 'PF HOD', 'web', '2024-08-08 12:25:53', '2024-08-08 12:25:53'),
(8, 'AMC', 'web', '2024-12-23 11:50:47', '2024-12-23 11:50:47'),
(9, 'DMC', 'web', '2024-12-23 11:50:58', '2024-12-23 11:50:58'),
(10, 'Attendance management', 'web', '2025-03-10 09:49:44', '2025-03-10 09:50:13'),
(11, 'Viewroleonly', 'web', '2025-03-18 06:42:12', '2025-03-18 06:42:12');

-- --------------------------------------------------------

--
-- Table structure for table `role_has_permissions`
--

CREATE TABLE `role_has_permissions` (
  `permission_id` bigint UNSIGNED NOT NULL,
  `role_id` bigint UNSIGNED NOT NULL
) ENGINE=InnoDB DEFAULT CHARSET=utf8mb4 COLLATE=utf8mb4_unicode_ci;

--
-- Dumping data for table `role_has_permissions`
--

INSERT INTO `role_has_permissions` (`permission_id`, `role_id`) VALUES
(1, 1),
(2, 1),
(3, 1),
(4, 1),
(5, 1),
(6, 1),
(7, 1),
(8, 1),
(9, 1),
(10, 1),
(11, 1),
(12, 1),
(13, 1),
(14, 1),
(15, 1),
(16, 1),
(17, 1),
(18, 1),
(19, 1),
(20, 1),
(21, 1),
(22, 1),
(23, 1),
(24, 1),
(25, 1),
(26, 1),
(27, 1),
(28, 1),
(29, 1),
(30, 1),
(31, 1),
(32, 1),
(33, 1),
(34, 1),
(35, 1),
(36, 1),
(37, 1),
(38, 1),
(39, 1),
(40, 1),
(41, 1),
(42, 1),
(43, 1),
(44, 1),
(45, 1),
(46, 1),
(47, 1),
(48, 1),
(49, 1),
(50, 1),
(51, 1),
(52, 1),
(53, 1),
(54, 1),
(55, 1),
(56, 1),
(57, 1),
(58, 1),
(60, 1),
(61, 1),
(62, 1),
(63, 1),
(64, 1),
(65, 1),
(66, 1),
(67, 1),
(68, 1),
(69, 1),
(70, 1),
(71, 1),
(72, 1),
(73, 1),
(74, 1),
(75, 1),
(76, 1),
(77, 1),
(78, 1),
(79, 1),
(80, 1),
(81, 1),
(82, 1),
(83, 1),
(84, 1),
(85, 1),
(86, 1),
(87, 1),
(88, 1),
(89, 1),
(90, 1),
(91, 1),
(92, 1),
(93, 1),
(94, 1),
(95, 1),
(96, 1),
(97, 1),
(98, 1),
(99, 1),
(100, 1),
(101, 1),
(102, 1),
(103, 1),
(104, 1),
(105, 1),
(106, 1),
(107, 1),
(108, 1),
(109, 1),
(110, 1),
(111, 1),
(112, 1),
(113, 1),
(114, 1),
(115, 1),
(116, 1),
(117, 1),
(118, 1),
(119, 1),
(120, 1),
(121, 1),
(122, 1),
(123, 1),
(124, 1),
(125, 1),
(126, 1),
(127, 1),
(128, 1),
(129, 1),
(130, 1),
(131, 1),
(132, 1),
(133, 1),
(134, 1),
(135, 1),
(136, 1),
(137, 1),
(138, 1),
(139, 1),
(140, 1),
(141, 1),
(142, 1),
(143, 1),
(144, 1),
(145, 1),
(146, 1),
(147, 1),
(148, 1),
(149, 1),
(150, 1),
(151, 1),
(152, 1),
(153, 1),
(154, 1),
(155, 1),
(156, 1),
(157, 1),
(158, 1),
(159, 1),
(160, 1),
(161, 1),
(162, 1),
(163, 1),
(164, 1),
(165, 1),
(166, 1),
(167, 1),
(168, 1),
(169, 1),
(170, 1),
(171, 1),
(172, 1),
(173, 1),
(174, 1),
(175, 1),
(176, 1),
(177, 1),
(178, 1),
(179, 1),
(180, 1),
(181, 1),
(182, 1),
(183, 1),
(184, 1),
(185, 1),
(1, 2),
(53, 2),
(55, 2),
(141, 2),
(1, 3),
(53, 3),
(141, 3),
(154, 3),
(155, 3),
(156, 3),
(157, 3),
(158, 3),
(159, 3),
(1, 4),
(53, 4),
(141, 4),
(154, 4),
(155, 4),
(156, 4),
(157, 4),
(158, 4),
(159, 4),
(88, 5),
(1, 6),
(103, 6),
(104, 6),
(105, 6),
(106, 6),
(107, 6),
(108, 6),
(109, 6),
(110, 6),
(111, 6),
(112, 6),
(113, 6),
(1, 7),
(114, 7),
(115, 7),
(116, 7),
(117, 7),
(118, 7),
(119, 7),
(120, 7),
(1, 8),
(53, 8),
(140, 8),
(141, 8),
(142, 8),
(143, 8),
(144, 8),
(151, 8),
(154, 8),
(155, 8),
(156, 8),
(157, 8),
(158, 8),
(159, 8),
(1, 9),
(2, 9),
(3, 9),
(4, 9),
(5, 9),
(6, 9),
(7, 9),
(8, 9),
(9, 9),
(10, 9),
(11, 9),
(12, 9),
(13, 9),
(14, 9),
(15, 9),
(16, 9),
(17, 9),
(18, 9),
(19, 9),
(20, 9),
(21, 9),
(22, 9),
(23, 9),
(24, 9),
(25, 9),
(26, 9),
(27, 9),
(28, 9),
(29, 9),
(30, 9),
(31, 9),
(32, 9),
(33, 9),
(34, 9),
(35, 9),
(36, 9),
(37, 9),
(38, 9),
(39, 9),
(40, 9),
(41, 9),
(42, 9),
(43, 9),
(44, 9),
(45, 9),
(46, 9),
(47, 9),
(48, 9),
(49, 9),
(50, 9),
(51, 9),
(52, 9),
(53, 9),
(57, 9),
(58, 9),
(60, 9),
(61, 9),
(62, 9),
(63, 9),
(64, 9),
(65, 9),
(66, 9),
(67, 9),
(68, 9),
(69, 9),
(70, 9),
(71, 9),
(72, 9),
(73, 9),
(74, 9),
(75, 9),
(76, 9),
(77, 9),
(78, 9),
(79, 9),
(80, 9),
(81, 9),
(82, 9),
(83, 9),
(84, 9),
(85, 9),
(86, 9),
(87, 9),
(88, 9),
(89, 9),
(90, 9),
(91, 9),
(92, 9),
(93, 9),
(94, 9),
(95, 9),
(96, 9),
(97, 9),
(98, 9),
(99, 9),
(100, 9),
(101, 9),
(102, 9),
(103, 9),
(104, 9),
(105, 9),
(106, 9),
(107, 9),
(108, 9),
(109, 9),
(110, 9),
(111, 9),
(112, 9),
(113, 9),
(114, 9),
(115, 9),
(116, 9),
(117, 9),
(118, 9),
(119, 9),
(120, 9),
(121, 9),
(122, 9),
(123, 9),
(124, 9),
(125, 9),
(126, 9),
(127, 9),
(128, 9),
(129, 9),
(130, 9),
(131, 9),
(132, 9),
(133, 9),
(134, 9),
(135, 9),
(136, 9),
(137, 9),
(138, 9),
(139, 9),
(140, 9),
(141, 9),
(142, 9),
(143, 9),
(144, 9),
(145, 9),
(146, 9),
(147, 9),
(148, 9),
(149, 9),
(154, 9),
(155, 9),
(156, 9),
(157, 9),
(158, 9),
(159, 9),
(1, 10),
(53, 10),
(88, 10),
(140, 10),
(142, 10),
(1, 11),
(2, 11),
(8, 11),
(10, 11),
(13, 11),
(17, 11),
(21, 11),
(25, 11),
(29, 11),
(33, 11),
(37, 11),
(41, 11),
(45, 11),
(49, 11),
(53, 11),
(57, 11),
(60, 11),
(61, 11),
(65, 11),
(69, 11),
(73, 11),
(75, 11),
(77, 11),
(79, 11),
(82, 11),
(84, 11),
(88, 11),
(89, 11),
(90, 11),
(91, 11),
(92, 11),
(93, 11),
(94, 11),
(95, 11),
(96, 11),
(97, 11),
(98, 11),
(99, 11),
(103, 11),
(107, 11),
(111, 11),
(112, 11),
(113, 11),
(114, 11),
(119, 11),
(121, 11),
(125, 11),
(129, 11),
(133, 11),
(134, 11),
(137, 11),
(142, 11),
(145, 11),
(147, 11),
(152, 11),
(153, 11),
(159, 11),
(165, 11),
(176, 11),
(184, 11),
(185, 11);

-- --------------------------------------------------------

--
-- Table structure for table `settings`
--

CREATE TABLE `settings` (
  `id` bigint UNSIGNED NOT NULL,
  `name` varchar(255) COLLATE utf8mb4_unicode_ci NOT NULL,
  `value` varchar(255) COLLATE utf8mb4_unicode_ci NOT NULL,
  `created_at` timestamp NULL DEFAULT NULL,
  `updated_at` timestamp NULL DEFAULT NULL
) ENGINE=InnoDB DEFAULT CHARSET=utf8mb4 COLLATE=utf8mb4_unicode_ci;

--
-- Dumping data for table `settings`
--

INSERT INTO `settings` (`id`, `name`, `value`, `created_at`, `updated_at`) VALUES
(1, 'supplimentary_bill_no', '1', '2025-01-21 10:18:30', '2025-03-13 06:26:04'),
(2, 'is_pension_freeze', '1', '2025-03-13 06:26:05', '2025-03-18 20:46:04'),
(3, 'da_difference', '7', '2025-03-10 03:04:28', '2025-03-18 12:05:40'),
(4, 'is_da_execute', '1', '2025-03-10 03:04:30', '2025-03-18 20:46:05'),
(5, 'pension_da_difference', '1', '2025-03-10 03:04:31', '2025-03-10 03:04:31'),
(6, 'is_pension_da_execute', '1', '2025-03-10 03:04:31', '2025-03-18 20:46:05');

-- --------------------------------------------------------

--
-- Table structure for table `statuses`
--

CREATE TABLE `statuses` (
  `id` bigint UNSIGNED NOT NULL,
  `name` varchar(50) COLLATE utf8mb4_unicode_ci NOT NULL,
  `initial` varchar(100) COLLATE utf8mb4_unicode_ci DEFAULT NULL,
  `created_by` bigint UNSIGNED DEFAULT NULL,
  `updated_by` bigint UNSIGNED DEFAULT NULL,
  `deleted_by` bigint UNSIGNED DEFAULT NULL,
  `created_at` timestamp NULL DEFAULT NULL,
  `updated_at` timestamp NULL DEFAULT NULL,
  `deleted_at` timestamp NULL DEFAULT NULL
) ENGINE=InnoDB DEFAULT CHARSET=utf8mb4 COLLATE=utf8mb4_unicode_ci;

--
-- Dumping data for table `statuses`
--

INSERT INTO `statuses` (`id`, `name`, `initial`, `created_by`, `updated_by`, `deleted_by`, `created_at`, `updated_at`, `deleted_at`) VALUES
(1, 'Retired', 'RT', 1, NULL, NULL, '2024-08-27 12:36:29', '2024-08-27 12:36:30', NULL),
(2, 'Suspended', 'SD', 1, NULL, NULL, '2024-08-27 12:36:41', '2024-08-27 12:36:41', NULL),
(3, 'volentary', 'vo', 1, NULL, NULL, '2024-12-26 09:35:21', '2024-12-26 09:35:21', NULL),
(4, 'leave job', 'LJ', 1, NULL, NULL, '2024-12-30 05:40:38', '2024-12-30 05:40:38', NULL),
(5, 'deceased', 'death', 1, NULL, NULL, '2024-12-31 06:53:11', '2024-12-31 06:53:11', NULL),
(6, 'self taken', 'self', 1, NULL, NULL, '2024-12-31 06:55:35', '2024-12-31 06:55:35', NULL),
(7, 'Deputation Over', 'DO', 1, 1, NULL, '2025-01-01 05:09:40', '2025-02-24 07:58:26', NULL),
(8, 'Resignation', 'Reg.', 1, NULL, NULL, '2025-01-02 06:48:07', '2025-01-02 06:48:07', NULL),
(9, 'Extension period over', 'EPO', 1, NULL, NULL, '2025-02-04 05:08:51', '2025-02-04 05:08:51', NULL),
(10, 'Salary Hold', 'Hold', 1, NULL, NULL, '2025-02-06 11:07:09', '2025-02-06 11:07:09', NULL);

-- --------------------------------------------------------

--
-- Table structure for table `suplimentary_employee_leave_bills`
--

CREATE TABLE `suplimentary_employee_leave_bills` (
  `id` bigint UNSIGNED NOT NULL,
  `financial_year_id` int DEFAULT NULL,
  `suplimentry_leave_id` bigint UNSIGNED DEFAULT NULL,
  `employee_id` bigint UNSIGNED DEFAULT NULL,
  `emp_code` varchar(255) COLLATE utf8mb4_unicode_ci DEFAULT NULL,
  `month` varchar(255) COLLATE utf8mb4_unicode_ci DEFAULT NULL,
  `attandance_pr` varchar(255) COLLATE utf8mb4_unicode_ci DEFAULT NULL,
  `attandance_ul` varchar(255) COLLATE utf8mb4_unicode_ci DEFAULT NULL,
  `attandance_ml` varchar(255) COLLATE utf8mb4_unicode_ci DEFAULT NULL,
  `attandance_el` varchar(255) COLLATE utf8mb4_unicode_ci DEFAULT NULL,
  `supplimentry_pr` varchar(255) COLLATE utf8mb4_unicode_ci DEFAULT NULL,
  `supplimentry_ul` varchar(255) COLLATE utf8mb4_unicode_ci DEFAULT NULL,
  `supplimentry_ml` varchar(255) COLLATE utf8mb4_unicode_ci DEFAULT NULL,
  `supplimentry_el` varchar(255) COLLATE utf8mb4_unicode_ci DEFAULT NULL,
  `basic_salary` varchar(255) COLLATE utf8mb4_unicode_ci DEFAULT NULL,
  `net_salary` varchar(255) COLLATE utf8mb4_unicode_ci DEFAULT NULL,
  `da` varchar(255) COLLATE utf8mb4_unicode_ci DEFAULT NULL,
  `allowance_id` varchar(255) COLLATE utf8mb4_unicode_ci DEFAULT NULL,
  `allowance_amount` varchar(255) COLLATE utf8mb4_unicode_ci DEFAULT NULL,
  `allowance_type` varchar(255) COLLATE utf8mb4_unicode_ci DEFAULT NULL,
  `deduction_id` varchar(255) COLLATE utf8mb4_unicode_ci DEFAULT NULL,
  `deduction_amount` varchar(255) COLLATE utf8mb4_unicode_ci DEFAULT NULL,
  `deduction_type` varchar(255) COLLATE utf8mb4_unicode_ci DEFAULT NULL,
  `freeze_attendance_id` varchar(255) COLLATE utf8mb4_unicode_ci DEFAULT NULL,
  `freeze_attendance_basic_salary` varchar(255) COLLATE utf8mb4_unicode_ci DEFAULT NULL,
  `freeze_attendance_net_salary` varchar(255) COLLATE utf8mb4_unicode_ci DEFAULT NULL,
  `freeze_attendance_da` varchar(255) COLLATE utf8mb4_unicode_ci DEFAULT NULL,
  `freeze_attendance_allowance_id` varchar(255) COLLATE utf8mb4_unicode_ci DEFAULT NULL,
  `freeze_attendance_allowance_amount` varchar(255) COLLATE utf8mb4_unicode_ci DEFAULT NULL,
  `freeze_attendance_allowance_type` varchar(255) COLLATE utf8mb4_unicode_ci DEFAULT NULL,
  `freeze_attendance_deduction_id` varchar(255) COLLATE utf8mb4_unicode_ci DEFAULT NULL,
  `freeze_attendance_deduction_amount` varchar(255) COLLATE utf8mb4_unicode_ci DEFAULT NULL,
  `freeze_attendance_deduction_type` varchar(255) COLLATE utf8mb4_unicode_ci DEFAULT NULL,
  `employee_salary_id` varchar(255) COLLATE utf8mb4_unicode_ci DEFAULT NULL,
  `employee_salary_basic_salary` varchar(255) COLLATE utf8mb4_unicode_ci DEFAULT NULL,
  `employee_salary_net_salary` varchar(255) COLLATE utf8mb4_unicode_ci DEFAULT NULL,
  `employee_salary_da` varchar(255) COLLATE utf8mb4_unicode_ci DEFAULT NULL,
  `employee_salary_allowance_id` varchar(255) COLLATE utf8mb4_unicode_ci DEFAULT NULL,
  `employee_salary_allowance_amount` varchar(255) COLLATE utf8mb4_unicode_ci DEFAULT NULL,
  `employee_salary_allowance_type` varchar(255) COLLATE utf8mb4_unicode_ci DEFAULT NULL,
  `employee_salary_deduction_id` varchar(255) COLLATE utf8mb4_unicode_ci DEFAULT NULL,
  `employee_salary_deduction_amount` varchar(255) COLLATE utf8mb4_unicode_ci DEFAULT NULL,
  `employee_salary_deduction_type` varchar(255) COLLATE utf8mb4_unicode_ci DEFAULT NULL,
  `employee_salary_present_day` varchar(255) COLLATE utf8mb4_unicode_ci DEFAULT NULL,
  `freeze_attendance_present_day` varchar(255) COLLATE utf8mb4_unicode_ci DEFAULT NULL,
  `created_by` bigint UNSIGNED DEFAULT NULL,
  `updated_by` bigint UNSIGNED DEFAULT NULL,
  `deleted_by` bigint UNSIGNED DEFAULT NULL,
  `created_at` timestamp NULL DEFAULT NULL,
  `updated_at` timestamp NULL DEFAULT NULL,
  `deleted_at` timestamp NULL DEFAULT NULL,
  `employee_total_earning` varchar(255) COLLATE utf8mb4_unicode_ci DEFAULT NULL,
  `freeze_total_earning` varchar(255) COLLATE utf8mb4_unicode_ci DEFAULT NULL,
  `suplimentary_total_earning` varchar(255) COLLATE utf8mb4_unicode_ci DEFAULT NULL,
  `employee_total_deduction` varchar(255) COLLATE utf8mb4_unicode_ci DEFAULT NULL,
  `freeze_total_deduction` varchar(255) COLLATE utf8mb4_unicode_ci DEFAULT NULL,
  `suplimentary_total_deduction` varchar(255) COLLATE utf8mb4_unicode_ci DEFAULT NULL
) ENGINE=InnoDB DEFAULT CHARSET=utf8mb4 COLLATE=utf8mb4_unicode_ci;

--
-- Dumping data for table `suplimentary_employee_leave_bills`
--

INSERT INTO `suplimentary_employee_leave_bills` (`id`, `financial_year_id`, `suplimentry_leave_id`, `employee_id`, `emp_code`, `month`, `attandance_pr`, `attandance_ul`, `attandance_ml`, `attandance_el`, `supplimentry_pr`, `supplimentry_ul`, `supplimentry_ml`, `supplimentry_el`, `basic_salary`, `net_salary`, `da`, `allowance_id`, `allowance_amount`, `allowance_type`, `deduction_id`, `deduction_amount`, `deduction_type`, `freeze_attendance_id`, `freeze_attendance_basic_salary`, `freeze_attendance_net_salary`, `freeze_attendance_da`, `freeze_attendance_allowance_id`, `freeze_attendance_allowance_amount`, `freeze_attendance_allowance_type`, `freeze_attendance_deduction_id`, `freeze_attendance_deduction_amount`, `freeze_attendance_deduction_type`, `employee_salary_id`, `employee_salary_basic_salary`, `employee_salary_net_salary`, `employee_salary_da`, `employee_salary_allowance_id`, `employee_salary_allowance_amount`, `employee_salary_allowance_type`, `employee_salary_deduction_id`, `employee_salary_deduction_amount`, `employee_salary_deduction_type`, `employee_salary_present_day`, `freeze_attendance_present_day`, `created_by`, `updated_by`, `deleted_by`, `created_at`, `updated_at`, `deleted_at`, `employee_total_earning`, `freeze_total_earning`, `suplimentary_total_earning`, `employee_total_deduction`, `freeze_total_deduction`, `suplimentary_total_deduction`) VALUES
(3525, 1, 1, 1092, '5247', '2024-12', '0', '31', '0', '0', '25.5', NULL, NULL, NULL, '29119', '49440.1', '14559.677419355', '1,2,3,4,5,6,7,9,10,11,12,13,14,15,', '14560,7862,0,247,2221,6115.06,0,0,0,0,0,0,0,0,', ',,,,,,,,,,,,,,', '1,2,3,4,5,6,7,8,9,10,11,12,14,15,16,17,18,19,20,21,22,23,24,', '200,0,0,0,0,0,4367.9,6115.06,0,0,0,0,0,0,0,0,0,0,0,0,1,0,0,', ',,,,,,,,,,,,,,,,,,,,,,,', '993833', '0', '0', NULL, '1,2,3,4,5,6,7,9,10,11,12,13,14,15,', '0,0,0,0,0,0,0,0,0,0,0,0,0,0,', ',,,,,,,,,,,,,,', '1,2,3,4,5,6,7,8,9,10,11,12,14,15,16,17,18,19,20,21,22,23,24,', '0,0,0,0,0,0,0,0,0,0,0,0,0,0,0,0,0,0,0,0,0,0,0,', ',,,,,,,,,,,,,,,,,,,,,,,', '1021', '35400', '59087', '17700', '1,2,3,4,5,6,7,9,10,11,12,13,14,15,', '17700,9558,0,300,2700,7434,0,0,0,0,0,0,0,0,', ',,,,,,,,,,,,,,', '1,2,3,4,5,6,7,8,9,10,11,12,14,15,16,17,18,19,20,21,22,23,24,', '200,0,0,0,0,0,5310,7434,0,0,0,1060,0,0,0,0,0,0,0,0,1,0,0,', ',,,,,,,,,,,,,,,,,,,,,,,', '0', '0', NULL, NULL, NULL, '2025-01-29 08:58:58', '2025-01-30 09:36:47', NULL, '73092', '0', '60124.06', '14005', '0', '10683.96'),
(3526, 1, 1, 81, '1191', '2024-12', '0', '31', '0', '0', '29', NULL, NULL, NULL, '30590', '53790', '15295.161290323', '1,2,3,4,5,7,9,10,11,12,13,14,15,', '15295,8259,0,281,2526,140,0,0,0,0,0,0,0,', ',,,,,,,,,,,,,', '1,2,3,4,5,6,9,10,11,12,14,15,16,17,18,19,20,21,22,23,24,', '200,0,0,0,1850,0,1250,0,0,0,0,0,0,0,0,0,0,0,1,0,0,', ',,,,,,,,,,,,,,,,,,,,,', '993241', '0', '0', NULL, '1,2,3,4,5,7,9,10,11,12,13,14,15,', '0,0,0,0,0,0,0,0,0,0,0,0,0,', ',,,,,,,,,,,,,', '1,2,3,4,5,6,9,10,11,12,14,15,16,17,18,19,20,21,22,23,24,', '0,0,0,0,0,0,0,0,0,0,0,0,0,0,0,0,0,0,0,0,0,', ',,,,,,,,,,,,,,,,,,,,,', '97', '32700', '43749', '16350', '1,2,3,4,5,7,9,10,11,12,13,14,15,', '16350,8829,0,300,2700,150,0,0,0,0,0,0,0,', ',,,,,,,,,,,,,', '1,2,3,4,5,6,9,10,11,12,14,15,16,17,18,19,20,21,22,23,24,', '200,0,0,0,1850,0,1250,9052,0,4927,0,0,0,0,0,0,0,0,1,0,0,', ',,,,,,,,,,,,,,,,,,,,,', '0', '28', NULL, NULL, NULL, '2025-01-29 08:58:58', '2025-01-30 09:36:07', NULL, '61029', '0', '57091', '17280', '0', '3301'),
(3527, 1, 2, 791, '2161', '2025-01', '0', '31', '0', '0', '27.5', NULL, NULL, NULL, '62215', '55993', '31107.379032258', '1,2,3,4,5,7,9,10,11,12,13,14,15,', '0,0,0,0,0,0,0,0,0,0,0,0,0,', ',,,,,,,,,,,,,', '1,2,3,4,5,6,9,10,11,12,14,15,16,17,18,19,20,21,22,23,24,25,', '0,0,0,0,0,0,0,0,0,0,0,0,0,0,0,0,0,0,1,6221,0,0,', ',,,,,,,,,,,,,,,,,,,,,,', '994039', '0', '0', NULL, '1,2,3,4,5,7,9,10,11,12,13,14,15,', '0,0,0,0,0,0,0,0,0,0,0,0,0,', ',,,,,,,,,,,,,', '1,2,3,4,5,6,9,10,11,12,14,15,16,17,18,19,20,21,22,23,24,25,', '0,0,0,0,0,0,0,0,0,0,0,0,0,0,0,0,0,0,0,0,0,0,', ',,,,,,,,,,,,,,,,,,,,,,', '760', '70133', '63119', '0', '1,2,3,4,5,7,9,10,11,12,13,14,15,', '0,0,0,0,0,0,0,0,0,0,0,0,0,', ',,,,,,,,,,,,,', '1,2,3,4,5,6,9,10,11,12,14,15,16,17,18,19,20,21,22,23,24,25,', '0,0,0,0,0,0,0,0,0,0,0,0,0,0,0,0,0,0,1,7013,0,0,', ',,,,,,,,,,,,,,,,,,,,,,', '0', '0', NULL, NULL, NULL, '2025-02-04 10:44:33', '2025-02-04 11:56:50', NULL, '70133', '0', '62215', '7014', '0', '6222'),
(3619, 1, 3, 937, '5116', '2024-11', '29', '1', '0', '0', '1', NULL, NULL, NULL, '723.33333333333', '1271.8333333333', '361.66666666667', '5,1,2,4,6', '90,362,195,10,151.9', '1,2,2,1,1', '7,8,17,1', '108.5,151.9,0,0', '1,1,1,1', '985191', '18807', '32867', NULL, '5,1,2,4,6', '2340,9404,5078,260,3949', '1,2,2,1,1', '1,8,22,7', '200,3949,1,2821', '1,1,1,1', '887', '21700', '37423', '10850', '5,1,2,4,6', '2700,10850,5859,300,4557', '1,2,2,1,1', '7,8,22,17,1', '3255,4557,1,531,200', '1,1,1,1,1', '26', '26', NULL, NULL, NULL, '2025-02-06 14:08:43', '2025-02-11 05:57:10', NULL, '45966', '39838', '1532.2333333333', '8544', '6971', '260.4'),
(3620, 1, 3, 938, '5117', '2024-10', '30', '1', '0', '0', '1', NULL, NULL, NULL, '700', '1231', '350', '5,1,2,4,6', '87,350,189,10,147', '1,2,2,1,1', '7,8,17,1,12', '105,147,0,0,0', '1,1,1,1,1', '967283', '21700', '37953', NULL, '5,1,2,4,6', '2700,10850,5859,300,4557', '1,2,2,1,1', '1,8,22,7', '200,4557,1,3255', '1,1,1,1', '888', '21700', '37423', '10850', '5,1,2,4,6', '2700,10850,5859,300,4557', '1,2,2,1,1', '7,8,22,17,1,12', '3255,4557,1,531,200,0', '1,1,1,1,1,1', '31', '31', NULL, NULL, NULL, '2025-02-06 14:08:43', '2025-02-10 11:14:09', NULL, '45966', '45966', '1483', '8544', '8013', '252'),
(3621, 1, 3, 939, '5118', '2024-11', '27.5', '2', '0', '0', '2', NULL, NULL, NULL, '1446.6666666667', '2543.6666666667', '723.33333333333', '5,1,2,4,6', '180,723,391,20,303.8', '1,2,2,1,1', '7,8,17,1', '217,303.8,0,0', '1,1,1,1', '985189', '19892', '34774', NULL, '5,1,2,4,6', '2475,9946,5371,275,4177', '1,2,2,1,1', '1,8,22,7', '200,4177,1,2984', '1,1,1,1', '889', '21700', '37423', '10850', '5,1,2,4,6', '2700,10850,5859,300,4557', '1,2,2,1,1', '7,8,22,17,1', '3255,4557,1,531,200', '1,1,1,1,1', '27.5', '27.5', NULL, NULL, NULL, '2025-02-06 14:08:43', '2025-02-11 05:57:10', NULL, '45966', '42136', '3064.4666666667', '8544', '7362', '520.8'),
(3622, 1, 3, 940, '5119', '2024-10', '29', '2', '0', '0', '2', NULL, NULL, NULL, '1400', '2461', '700', '5,1,2,4,6', '174,700,378,19,294', '1,2,2,1,1', '7,8,17,1,12', '210,294,0,0,0', '1,1,1,1,1', '967281', '21700', '37953', NULL, '5,1,2,4,6', '2700,10850,5859,300,4557', '1,2,2,1,1', '1,8,22,7', '200,4557,1,3255', '1,1,1,1', '890', '21700', '37423', '10850', '5,1,2,4,6', '2700,10850,5859,300,4557', '1,2,2,1,1', '7,8,22,17,1,12', '3255,4557,1,531,200,0', '1,1,1,1,1,1', '31', '31', NULL, NULL, NULL, '2025-02-06 14:08:43', '2025-02-11 05:57:10', NULL, '45966', '45966', '2965', '8544', '8013', '504'),
(3623, 1, 3, 940, '5119', '2024-11', '27', '3', '0', '0', '3', NULL, NULL, NULL, '2170', '3815.5', '1085', '5,1,2,4,6', '270,1085,586,30,455.7', '1,2,2,1,1', '7,8,17,1,12', '325.5,455.7,0,0,0', '1,1,1,1,1', '985188', '19530', '31466', NULL, '5,1,2,4,6', '2430,9765,5273,270,4101', '1,2,2,1,1', '1,12,8,22,7', '200,2671,4101,1,2930', '1,1,1,1,1', '890', '21700', '37423', '10850', '5,1,2,4,6', '2700,10850,5859,300,4557', '1,2,2,1,1', '7,8,22,17,1,12', '3255,4557,1,531,200,0', '1,1,1,1,1,1', '27', '27', NULL, NULL, NULL, '2025-02-06 14:08:43', '2025-02-10 11:14:10', NULL, '45966', '41369', '4596.7', '8544', '9903', '781.2'),
(3624, 1, 3, 941, '5120', '2024-10', '30', '1', '0', '0', '1', NULL, NULL, NULL, '700', '1231', '350', '5,1,2,4,6', '87,350,189,10,147', '1,2,2,1,1', '7,8,17,1,12', '105,147,0,0,0', '1,1,1,1,1', '967280', '21700', '37953', NULL, '5,1,2,4,6', '2700,10850,5859,300,4557', '1,2,2,1,1', '1,8,22,7', '200,4557,1,3255', '1,1,1,1', '891', '21700', '37423', '10850', '5,1,2,4,6', '2700,10850,5859,300,4557', '1,2,2,1,1', '7,8,22,17,1,12', '3255,4557,1,531,200,0', '1,1,1,1,1,1', '31', '31', NULL, NULL, NULL, '2025-02-06 14:08:43', '2025-02-10 11:14:10', NULL, '45966', '45966', '1483', '8544', '8013', '252'),
(3625, 1, 3, 941, '5120', '2024-11', '25.5', '4.5', '0', '0', '4.5', NULL, NULL, NULL, '3255', '5723.75', '1627.5', '5,1,2,4,6', '405,1628,879,45,683.55', '1,2,2,1,1', '7,8,17,1,12', '488.25,683.55,0,0,0', '1,1,1,1,1', '985187', '18445', '32230', NULL, '5,1,2,4,6', '2295,9223,4980,255,3873', '1,2,2,1,1', '1,12,8,22,7', '200,0,3873,1,2767', '1,1,1,1,1', '891', '21700', '37423', '10850', '5,1,2,4,6', '2700,10850,5859,300,4557', '1,2,2,1,1', '7,8,22,17,1,12', '3255,4557,1,531,200,0', '1,1,1,1,1,1', '25.5', '25.5', NULL, NULL, NULL, '2025-02-06 14:08:43', '2025-02-12 06:36:09', NULL, '45966', '39071', '6895.55', '8544', '6841', '1171.8'),
(3626, 1, 3, 943, '5122', '2024-11', '29', '1', '0', '0', '1', NULL, NULL, NULL, '973.33333333333', '1677.3333333333', '486.66666666667', '5,1,2,4,6', '90,487,263,10,204.4', '1,2,2,1,1', '7,8,17,1,12', '146,204.4,0,0,0', '1,1,1,1,1', '985185', '27253', '44787', NULL, '5,1,2,4,6', '2520,13627,7358,280,5723', '1,2,2,1,1', '1,12,8,22,7', '200,1962,5723,1,4088', '1,1,1,1,1', '893', '29200', '47611', '14600', '5,1,2,4,6', '2700,14600,7884,300,6132', '1,2,2,1,1', '7,8,22,17,1,12', '4380,6132,1,531,200,1962', '1,1,1,1,1,1', '28', '28', NULL, NULL, NULL, '2025-02-06 14:08:43', '2025-02-12 06:36:09', NULL, '60816', '56761', '2027.7333333333', '13206', '11974', '350.4'),
(3627, 1, 3, 946, '5125', '2024-11', '29', '1', '0', '0', '1', NULL, NULL, NULL, '723.33333333333', '1271.8333333333', '361.66666666667', '5,1,2,4,6', '90,362,195,10,151.9', '1,2,2,1,1', '7,8,17,1', '108.5,151.9,0,0', '1,1,1,1', '985182', '20977', '36682', NULL, '5,1,2,4,6', '2610,10489,5664,290,4405', '1,2,2,1,1', '1,8,22,7', '200,4405,1,3147', '1,1,1,1', '896', '21700', '37423', '10850', '5,1,2,4,6', '2700,10850,5859,300,4557', '1,2,2,1,1', '7,8,22,17,1', '3255,4557,1,531,200', '1,1,1,1,1', '29', '29', NULL, NULL, NULL, '2025-02-06 14:08:43', '2025-02-11 05:57:10', NULL, '45966', '44435', '1532.2333333333', '8544', '7753', '260.4'),
(3628, 1, 3, 948, '5127', '2024-11', '27', '3', '0', '0', '3', NULL, NULL, NULL, '2170', '3815.5', '1085', '5,1,2,4,6', '270,1085,586,30,455.7', '1,2,2,1,1', '7,8,17,1,12', '325.5,455.7,0,0,0', '1,1,1,1,1', '985180', '19530', '34137', NULL, '5,1,2,4,6', '2430,9765,5273,270,4101', '1,2,2,1,1', '1,8,22,7', '200,4101,1,2930', '1,1,1,1', '898', '21700', '37423', '10850', '5,1,2,4,6', '2700,10850,5859,300,4557', '1,2,2,1,1', '7,8,22,17,1,12', '3255,4557,1,531,200,0', '1,1,1,1,1,1', '27', '27', NULL, NULL, NULL, '2025-02-06 14:08:43', '2025-02-11 05:57:10', NULL, '45966', '41369', '4596.7', '8544', '7232', '781.2'),
(3629, 1, 3, 955, '5133', '2024-10', '29', '2', '0', '0', '2', NULL, NULL, NULL, '1883.8709677419', '3245.2909677419', '941.93548387097', '5,1,2,4,6', '174,942,509,19,395.61', '1,2,2,1,1', '7,8,17,1,12', '282.58,395.61,0,0,0', '1,1,1,1,1', '967268', '29200', '50103', NULL, '5,1,2,4,6', '2700,14600,7884,300,6132', '1,2,2,1,1', '1,8,22,7', '200,6132,1,4380', '1,1,1,1', '910', '29200', '47611', '14600', '5,1,2,4,6', '2700,14600,7884,300,6132', '1,2,2,1,1', '7,8,22,17,1,12', '4380,6132,1,531,200,1962', '1,1,1,1,1,1', '31', '31', NULL, NULL, NULL, '2025-02-06 14:08:43', '2025-02-11 05:57:10', NULL, '60816', '60816', '3923.4809677419', '13206', '10713', '678.19'),
(3630, 1, 3, 956, '5134', '2024-10', '30', '1', '0', '0', '1', NULL, NULL, NULL, '700', '1231', '350', '5,1,2,4,6', '87,350,189,10,147', '1,2,2,1,1', '7,8,17,1,12', '105,147,0,0,0', '1,1,1,1,1', '967267', '21700', '37953', NULL, '5,1,2,4,6', '2700,10850,5859,300,4557', '1,2,2,1,1', '1,8,22,7', '200,4557,1,3255', '1,1,1,1', '911', '21700', '37423', '10850', '5,1,2,4,6', '2700,10850,5859,300,4557', '1,2,2,1,1', '7,8,22,17,1,12', '3255,4557,1,531,200,0', '1,1,1,1,1,1', '31', '31', NULL, NULL, NULL, '2025-02-06 14:08:43', '2025-02-10 11:14:10', NULL, '45966', '45966', '1483', '8544', '8013', '252'),
(3631, 1, 3, 960, '5138', '2024-10', '30', '1', '0', '0', '1', NULL, NULL, NULL, '700', '1231', '350', '5,1,2,4,6', '87,350,189,10,147', '1,2,2,1,1', '7,8,17,1,12', '105,147,0,0,0', '1,1,1,1,1', '967263', '21700', '37953', NULL, '5,1,2,4,6', '2700,10850,5859,300,4557', '1,2,2,1,1', '1,8,22,7', '200,4557,1,3255', '1,1,1,1', '915', '21700', '37423', '10850', '5,1,2,4,6', '2700,10850,5859,300,4557', '1,2,2,1,1', '7,8,22,17,1,12', '3255,4557,1,531,200,0', '1,1,1,1,1,1', '31', '31', NULL, NULL, NULL, '2025-02-06 14:08:43', '2025-02-10 11:14:10', NULL, '45966', '45966', '1483', '8544', '8013', '252'),
(3632, 1, 3, 968, '5143', '2024-10', '30', '1', '0', '0', '1', NULL, NULL, NULL, '700', '1231', '350', '5,1,2,4,6', '87,350,189,10,147', '1,2,2,1,1', '7,8,17,1,12', '105,147,0,0,0', '1,1,1,1,1', '967258', '20300', '35492', NULL, '5,1,2,4,6', '2526,10150,5481,281,4263', '1,2,2,1,1', '1,12,8,22,7', '200,0,4263,1,3045', '1,1,1,1,1', '920', '21700', '37423', '10850', '5,1,2,4,6', '2700,10850,5859,300,4557', '1,2,2,1,1', '7,8,22,17,1,12', '3255,4557,1,531,200,0', '1,1,1,1,1,1', '29', '29', NULL, NULL, NULL, '2025-02-06 14:08:43', '2025-02-12 06:36:09', NULL, '45966', '43001', '1483', '8544', '7509', '252'),
(3633, 1, 3, 969, '5144', '2024-11', '29', '1', '0', '0', '1', NULL, NULL, NULL, '723.33333333333', '1271.8333333333', '361.66666666667', '5,1,2,4,6', '90,362,195,10,151.9', '1,2,2,1,1', '7,8,17,1', '108.5,151.9,0,0', '1,1,1,1', '985164', '20977', '36682', NULL, '5,1,2,4,6', '2610,10489,5664,290,4405', '1,2,2,1,1', '1,8,22,7', '200,4405,1,3147', '1,1,1,1', '921', '21700', '37423', '10850', '5,1,2,4,6', '2700,10850,5859,300,4557', '1,2,2,1,1', '7,8,22,17,1', '3255,4557,1,531,200', '1,1,1,1,1', '29', '29', NULL, NULL, NULL, '2025-02-06 14:08:43', '2025-02-11 05:57:10', NULL, '45966', '44435', '1532.2333333333', '8544', '7753', '260.4'),
(3634, 1, 3, 972, '5147', '2024-10', '30', '1', '0', '0', '1', NULL, NULL, NULL, '941.93548387097', '1622.645483871', '470.96774193548', '5,1,2,4,6', '87,471,254,10,197.81', '1,2,2,1,1', '7,8,17,1,12', '141.29,197.81,0,0,0', '1,1,1,1,1', '967254', '27316', '46858', NULL, '5,1,2,4,6', '2526,13658,7375,281,5736', '1,2,2,1,1', '1,12,8,22,7', '200,0,5736,1,4097', '1,1,1,1,1', '924', '29200', '49573', '14600', '5,1,2,4,6', '2700,14600,7884,300,6132', '1,2,2,1,1', '7,8,22,17,1,12', '4380,6132,1,531,200,0', '1,1,1,1,1,1', '29', '29', NULL, NULL, NULL, '2025-02-06 14:08:43', '2025-02-12 06:36:09', NULL, '60816', '56892', '1961.745483871', '11244', '10034', '339.1'),
(3635, 1, 3, 975, '5148', '2024-10', '30', '1', '0', '0', '1', NULL, NULL, NULL, '1141.935483871', '1947.645483871', '570.96774193548', '5,1,2,4,10,6', '87,571,308,10,1,239.81', '1,2,2,1,1,1', '7,8,17,1,12,10,19,18', '171.29,239.81,0,0,0,0,0,0', '1,1,1,1,1,1,1,1', '967253', '35400', '60147', NULL, '5,1,2,4,6', '2700,17700,9558,300,7434', '1,2,2,1,1', '1,8,22,7', '200,7434,1,5310', '1,1,1,1', '925', '35400', '57605', '17700', '5,1,2,4,10,6', '2700,17700,9558,300,36,7434', '1,2,2,1,1,1', '7,8,22,17,1,12,10,19,18', '5310,7434,1,531,200,0,2000,36,12', '1,1,1,1,1,1,1,1,1', '31', '31', NULL, NULL, NULL, '2025-02-06 14:08:43', '2025-02-10 11:14:10', NULL, '73128', '73092', '2358.745483871', '15524', '12945', '411.1'),
(3636, 1, 3, 975, '5148', '2024-11', '28', '2', '0', '0', '2', NULL, NULL, NULL, '2360', '4025', '1180', '5,1,2,4,10,6', '180,1180,637,20,2,495.6', '1,2,2,1,1,1', '7,8,17,1,12,10,19,18', '354,495.6,0,0,0,0,0,0', '1,1,1,1,1,1,1,1', '985160', '33040', '52006', NULL, '5,1,2,4,6', '2520,16520,8921,280,6938', '1,2,2,1,1', '1,12,10,8,22,7', '200,2118,2000,6938,1,4956', '1,1,1,1,1,1', '925', '35400', '57605', '17700', '5,1,2,4,10,6', '2700,17700,9558,300,36,7434', '1,2,2,1,1,1', '7,8,22,17,1,12,10,19,18', '5310,7434,1,531,200,0,2000,36,12', '1,1,1,1,1,1,1,1,1', '28', '28', NULL, NULL, NULL, '2025-02-06 14:08:43', '2025-02-10 11:14:10', NULL, '73128', '68219', '4874.6', '15524', '16213', '849.6'),
(3637, 1, 3, 982, '5152', '2024-10', '26', '1', '4', '0', '1', NULL, NULL, NULL, '700', '1231', '350', '5,1,2,4,6', '87,350,189,10,147', '1,2,2,1,1', '7,8,17,1,10,12', '105,147,0,0,0,0', '1,1,1,1,1,1', '967249', '18900', '31030', NULL, '5,1,2,4,6', '2352,9450,5103,261,3969', '1,2,2,1,1', '1,10,12,8,22,7', '200,2000,0,3969,1,2835', '1,1,1,1,1,1', '928', '21700', '35423', '10850', '5,1,2,4,6', '2700,10850,5859,300,4557', '1,2,2,1,1', '7,8,22,17,1,10,12', '3255,4557,1,531,200,2000,0', '1,1,1,1,1,1,1', '27', '27', NULL, NULL, NULL, '2025-02-06 14:08:43', '2025-02-12 06:53:43', NULL, '45966', '40035', '1483', '10544', '9005', '252'),
(3638, 1, 3, 984, '5154', '2024-11', '28', '2', '0', '0', '2', NULL, NULL, NULL, '1446.6666666667', '2543.6666666667', '723.33333333333', '5,1,2,4,6', '180,723,391,20,303.8', '1,2,2,1,1', '7,8,17,1,12', '217,303.8,0,0,0', '1,1,1,1,1', '985154', '18083', '31594', NULL, '5,1,2,4,6', '2250,9042,4882,250,3797', '1,2,2,1,1', '1,12,8,22,7', '200,0,3797,1,2712', '1,1,1,1,1', '930', '21700', '37423', '10850', '5,1,2,4,6', '2700,10850,5859,300,4557', '1,2,2,1,1', '7,8,22,17,1,12', '3255,4557,1,531,200,0', '1,1,1,1,1,1', '25', '25', NULL, NULL, NULL, '2025-02-06 14:08:43', '2025-02-12 06:36:09', NULL, '45966', '38304', '3064.4666666667', '8544', '6710', '520.8'),
(3639, 1, 3, 986, '5157', '2024-10', '29.5', '1.5', '0', '0', '1.5', NULL, NULL, NULL, '1050', '1847.5', '525', '5,1,2,4,6', '131,525,284,15,220.5', '1,2,2,1,1', '7,8,17,1,12', '157.5,220.5,0,0,0', '1,1,1,1,1', '967245', '21700', '37953', NULL, '5,1,2,4,6', '2700,10850,5859,300,4557', '1,2,2,1,1', '1,8,22,7', '200,4557,1,3255', '1,1,1,1', '932', '21700', '35940', '10850', '5,1,2,4,6', '2700,10850,5859,300,4557', '1,2,2,1,1', '7,8,22,17,1,12', '3255,4557,1,531,200,1483', '1,1,1,1,1,1', '31', '31', NULL, NULL, NULL, '2025-02-06 14:08:43', '2025-02-11 05:57:10', NULL, '45966', '45966', '2225.5', '10027', '8013', '378'),
(3640, 1, 3, 986, '5157', '2024-11', '29', '1', '0', '0', '1', NULL, NULL, NULL, '723.33333333333', '1271.8333333333', '361.66666666667', '5,1,2,4,6', '90,362,195,10,151.9', '1,2,2,1,1', '7,8,17,1,12', '108.5,151.9,0,0,0', '1,1,1,1,1', '985152', '15190', '25023', NULL, '5,1,2,4,6', '1890,7595,4101,210,3190', '1,2,2,1,1', '1,12,8,22,7', '200,1483,3190,1,2279', '1,1,1,1,1', '932', '21700', '35940', '10850', '5,1,2,4,6', '2700,10850,5859,300,4557', '1,2,2,1,1', '7,8,22,17,1,12', '3255,4557,1,531,200,1483', '1,1,1,1,1,1', '21', '21', NULL, NULL, NULL, '2025-02-06 14:08:43', '2025-02-12 06:36:09', NULL, '45966', '32176', '1532.2333333333', '10027', '7153', '260.4'),
(3641, 1, 3, 992, '5162', '2024-11', '29', '1', '0', '0', '1', NULL, NULL, NULL, '723.33333333333', '1271.8333333333', '361.66666666667', '5,1,2,4,6', '90,362,195,10,151.9', '1,2,2,1,1', '7,8,17,1', '108.5,151.9,0,0', '1,1,1,1', '985147', '20977', '36682', NULL, '5,1,2,4,6', '2610,10489,5664,290,4405', '1,2,2,1,1', '1,8,22,7', '200,4405,1,3147', '1,1,1,1', '940', '21700', '37423', '10850', '5,1,2,4,6', '2700,10850,5859,300,4557', '1,2,2,1,1', '7,8,22,17,1', '3255,4557,1,531,200', '1,1,1,1,1', '29', '29', NULL, NULL, NULL, '2025-02-06 14:08:43', '2025-02-11 05:57:10', NULL, '45966', '44435', '1532.2333333333', '8544', '7753', '260.4'),
(3642, 1, 3, 997, '5167', '2024-10', '30', '1', '0', '0', '1', NULL, NULL, NULL, '700', '1231', '350', '5,1,2,4,6', '87,350,189,10,147', '1,2,2,1,1', '7,8,17,1,12', '105,147,0,0,0', '1,1,1,1,1', '967235', '21700', '37953', NULL, '5,1,2,4,6', '2700,10850,5859,300,4557', '1,2,2,1,1', '1,8,22,7', '200,4557,1,3255', '1,1,1,1', '952', '21700', '37423', '10850', '5,1,2,4,6', '2700,10850,5859,300,4557', '1,2,2,1,1', '7,8,22,17,1,12', '3255,4557,1,531,200,0', '1,1,1,1,1,1', '31', '31', NULL, NULL, NULL, '2025-02-06 14:08:43', '2025-02-10 11:14:10', NULL, '45966', '45966', '1483', '8544', '8013', '252'),
(3643, 1, 3, 1002, '5172', '2024-10', '30', '1', '1', '0', '1', NULL, NULL, NULL, '700', '1231', '350', '5,1,2,4,6', '87,350,189,10,147', '1,2,2,1,1', '7,8,17,1,12', '105,147,0,0,0', '1,1,1,1,1', '967230', '21700', '36573', NULL, '5,1,2,4,6', '2700,10850,5859,300,4557', '1,2,2,1,1', '1,12,8,22,7', '200,1380,4557,1,3255', '1,1,1,1,1', '963', '21700', '37423', '10850', '5,1,2,4,6', '2700,10850,5859,300,4557', '1,2,2,1,1', '7,8,22,17,1,12', '3255,4557,1,531,200,0', '1,1,1,1,1,1', '31', '31', NULL, NULL, NULL, '2025-02-06 14:08:43', '2025-02-11 05:57:10', NULL, '45966', '45966', '1483', '8544', '9393', '252'),
(3644, 1, 3, 1002, '5172', '2024-11', '26.5', '3.5', '0', '0', '3.5', NULL, NULL, NULL, '2531.6666666667', '4451.9166666667', '1265.8333333333', '5,1,2,4,6', '315,1266,684,35,531.65', '1,2,2,1,1', '7,8,17,1,12', '379.75,531.65,0,0,0', '1,1,1,1,1', '985137', '15552', '27143', NULL, '5,1,2,4,6', '1935,7776,4199,215,3266', '1,2,2,1,1', '1,12,8,22,7', '200,0,3266,1,2333', '1,1,1,1,1', '963', '21700', '37423', '10850', '5,1,2,4,6', '2700,10850,5859,300,4557', '1,2,2,1,1', '7,8,22,17,1,12', '3255,4557,1,531,200,0', '1,1,1,1,1,1', '21.5', '21.5', NULL, NULL, NULL, '2025-02-06 14:08:43', '2025-02-12 06:36:09', NULL, '45966', '32943', '5363.3166666667', '8544', '5800', '911.4'),
(3645, 1, 3, 1003, '5173', '2024-11', '28', '2', '0', '0', '2', NULL, NULL, NULL, '1446.6666666667', '2543.6666666667', '723.33333333333', '5,1,2,4,6', '180,723,391,20,303.8', '1,2,2,1,1', '7,8,17,1', '217,303.8,0,0', '1,1,1,1', '985136', '15913', '27779', NULL, '5,1,2,4,6', '1980,7957,4297,220,3342', '1,2,2,1,1', '1,8,22,7', '200,3342,1,2387', '1,1,1,1', '969', '21700', '37423', '10850', '5,1,2,4,6', '2700,10850,5859,300,4557', '1,2,2,1,1', '7,8,22,17,1', '3255,4557,1,531,200', '1,1,1,1,1', '22', '22', NULL, NULL, NULL, '2025-02-06 14:08:43', '2025-02-12 06:36:09', NULL, '45966', '33709', '3064.4666666667', '8544', '5930', '520.8'),
(3646, 1, 3, 1004, '5174', '2024-11', '28', '2', '0', '0', '2', NULL, NULL, NULL, '1446.6666666667', '2543.6666666667', '723.33333333333', '5,1,2,4,6', '180,723,391,20,303.8', '1,2,2,1,1', '7,8,17,1,10', '217,303.8,0,0,0', '1,1,1,1,1', '985135', '18807', '30867', NULL, '5,1,2,4,6', '2340,9404,5078,260,3949', '1,2,2,1,1', '1,10,8,22,7', '200,2000,3949,1,2821', '1,1,1,1,1', '972', '21700', '35423', '10850', '5,1,2,4,6', '2700,10850,5859,300,4557', '1,2,2,1,1', '7,8,22,17,1,10', '3255,4557,1,531,200,2000', '1,1,1,1,1,1', '26', '26', NULL, NULL, NULL, '2025-02-06 14:08:43', '2025-02-12 06:36:09', NULL, '45966', '39838', '3064.4666666667', '10544', '8971', '520.8'),
(3647, 1, 3, 1008, '5177', '2024-11', '29', '1', '0', '0', '1', NULL, NULL, NULL, '1180', '2013', '590', '5,1,2,4,10,6', '90,590,319,10,1,247.8', '1,2,2,1,1,1', '7,8,17,1,19,18,12', '177,247.8,0,0,0,0,0', '1,1,1,1,1,1,1', '985132', '29500', '50089', NULL, '5,1,2,4,6', '2250,14750,7965,250,6195', '1,2,2,1,1', '1,12,8,22,7', '200,0,6195,1,4425', '1,1,1,1,1', '980', '35400', '59605', '17700', '5,1,2,4,10,6', '2700,17700,9558,300,36,7434', '1,2,2,1,1,1', '7,8,22,17,1,19,18,12', '5310,7434,1,531,200,36,12,0', '1,1,1,1,1,1,1,1', '25', '25', NULL, NULL, NULL, '2025-02-06 14:08:43', '2025-02-12 06:36:09', NULL, '73128', '60910', '2437.8', '13524', '10821', '424.8'),
(3648, 1, 3, 1010, '5179', '2024-11', '27', '3', '0', '0', '3', NULL, NULL, NULL, '2170', '3815.5', '1085', '5,1,2,4,6', '270,1085,586,30,455.7', '1,2,2,1,1', '7,8,17,1', '325.5,455.7,0,0', '1,1,1,1', '985130', '15190', '26506', NULL, '5,1,2,4,6', '1890,7595,4101,210,3190', '1,2,2,1,1', '1,8,22,7', '200,3190,1,2279', '1,1,1,1', '986', '21700', '37423', '10850', '5,1,2,4,6', '2700,10850,5859,300,4557', '1,2,2,1,1', '7,8,22,17,1', '3255,4557,1,531,200', '1,1,1,1,1', '21', '21', NULL, NULL, NULL, '2025-02-06 14:08:43', '2025-02-12 06:36:09', NULL, '45966', '32176', '4596.7', '8544', '5670', '781.2'),
(3649, 1, 3, 1015, '5184', '2024-11', '29', '1', '0', '0', '1', NULL, NULL, NULL, '723.33333333333', '1271.8333333333', '361.66666666667', '5,1,2,4,6', '90,362,195,10,151.9', '1,2,2,1,1', '7,8,17,1', '108.5,151.9,0,0', '1,1,1,1', '985125', '16275', '28415', NULL, '5,1,2,4,6', '2025,8138,4394,225,3418', '1,2,2,1,1', '1,8,22,7', '200,3418,1,2441', '1,1,1,1', '993', '21700', '37423', '10850', '5,1,2,4,6', '2700,10850,5859,300,4557', '1,2,2,1,1', '7,8,22,17,1', '3255,4557,1,531,200', '1,1,1,1,1', '22.5', '22.5', NULL, NULL, NULL, '2025-02-06 14:08:43', '2025-02-12 06:36:09', NULL, '45966', '34475', '1532.2333333333', '8544', '6060', '260.4'),
(3650, 1, 3, 1051, '5215', '2024-10', '30', '1', '0', '0', '1', NULL, NULL, NULL, '700', '1231', '350', '5,1,2,4,6', '87,350,189,10,147', '1,2,2,1,1', '7,8,17,1,12', '105,147,0,0,0', '1,1,1,1,1', '967187', '20300', '34009', NULL, '5,1,2,4,6', '2526,10150,5481,281,4263', '1,2,2,1,1', '1,12,8,22,7', '200,1483,4263,1,3045', '1,1,1,1,1', '971', '21700', '35940', '10850', '5,1,2,4,6', '2700,10850,5859,300,4557', '1,2,2,1,1', '7,8,22,17,1,12', '3255,4557,1,531,200,1483', '1,1,1,1,1,1', '29', '29', NULL, NULL, NULL, '2025-02-06 14:08:43', '2025-02-12 06:36:09', NULL, '45966', '43001', '1483', '10027', '8992', '252'),
(3651, 1, 3, 1051, '5215', '2024-11', '29', '1', '0', '0', '1', NULL, NULL, NULL, '723.33333333333', '1271.8333333333', '361.66666666667', '5,1,2,4,6', '90,362,195,10,151.9', '1,2,2,1,1', '7,8,17,1,12', '108.5,151.9,0,0,0', '1,1,1,1,1', '985094', '20977', '35346', NULL, '5,1,2,4,6', '2610,10489,5664,290,4405', '1,2,2,1,1', '1,12,8,22,7', '200,1336,4405,1,3147', '1,1,1,1,1', '971', '21700', '35940', '10850', '5,1,2,4,6', '2700,10850,5859,300,4557', '1,2,2,1,1', '7,8,22,17,1,12', '3255,4557,1,531,200,1483', '1,1,1,1,1,1', '29', '29', NULL, NULL, NULL, '2025-02-06 14:08:43', '2025-02-10 11:14:10', NULL, '45966', '44435', '1532.2333333333', '10027', '9089', '260.4'),
(3652, 1, 3, 1055, '5219', '2024-11', '29', '1', '0', '0', '1', NULL, NULL, NULL, '723.33333333333', '1271.8333333333', '361.66666666667', '5,1,2,4,6', '90,362,195,10,151.9', '1,2,2,1,1', '7,8,17,1', '108.5,151.9,0,0', '1,1,1,1', '985090', '20977', '36682', NULL, '5,1,2,4,6', '2610,10489,5664,290,4405', '1,2,2,1,1', '1,8,22,7', '200,4405,1,3147', '1,1,1,1', '978', '21700', '37423', '10850', '5,1,2,4,6', '2700,10850,5859,300,4557', '1,2,2,1,1', '7,8,22,17,1', '3255,4557,1,531,200', '1,1,1,1,1', '29', '29', NULL, NULL, NULL, '2025-02-06 14:08:43', '2025-02-10 11:14:10', NULL, '45966', '44435', '1532.2333333333', '8544', '7753', '260.4'),
(3653, 1, 3, 1060, '5224', '2024-11', '29', '1', '0', '0', '1', NULL, NULL, NULL, '723.33333333333', '1271.8333333333', '361.66666666667', '5,1,2,4,6', '90,362,195,10,151.9', '1,2,2,1,1', '7,8,17,1', '108.5,151.9,0,0', '1,1,1,1', '985085', '20977', '36682', NULL, '5,1,2,4,6', '2610,10489,5664,290,4405', '1,2,2,1,1', '1,8,22,7', '200,4405,1,3147', '1,1,1,1', '985', '21700', '37423', '10850', '5,1,2,4,6', '2700,10850,5859,300,4557', '1,2,2,1,1', '7,8,22,17,1', '3255,4557,1,531,200', '1,1,1,1,1', '29', '29', NULL, NULL, NULL, '2025-02-06 14:08:43', '2025-02-10 11:14:10', NULL, '45966', '44435', '1532.2333333333', '8544', '7753', '260.4'),
(3654, 1, 3, 1064, '5228', '2024-10', '30', '1', '0', '0', '1', NULL, NULL, NULL, '700', '1231', '350', '5,1,2,4,6', '87,350,189,10,147', '1,2,2,1,1', '7,8,17,1,10', '105,147,0,0,0', '1,1,1,1,1', '967174', '21700', '37953', NULL, '5,1,2,4,6', '2700,10850,5859,300,4557', '1,2,2,1,1', '1,8,22,7', '200,4557,1,3255', '1,1,1,1', '995', '21700', '37423', '10850', '5,1,2,4,6', '2700,10850,5859,300,4557', '1,2,2,1,1', '7,8,22,17,1,10', '3255,4557,1,531,200,0', '1,1,1,1,1,1', '31', '31', NULL, NULL, NULL, '2025-02-06 14:08:43', '2025-02-11 05:57:11', NULL, '45966', '45966', '1483', '8544', '8013', '252'),
(3655, 1, 3, 1082, '5237', '2024-10', '30', '1', '0', '0', '1', NULL, NULL, NULL, '700', '1231', '350', '5,4,1,2,6', '87,10,350,189,147', '1,1,2,2,1', '7,8,9,1,12', '105,147,0,0,0', '1,1,1,1,1', '968002', '21700', '37953', NULL, '5,4,1,2,6', '2700,300,10850,5859,4557', '1,1,2,2,1', '1,8,22,7', '200,4557,1,3255', '1,1,1,1', '1008', '21700', '36704', '10850', '5,4,1,2,6', '2700,300,10850,5859,4557', '1,1,2,2,1', '7,8,22,9,1,12', '3255,4557,1,1250,200,0', '1,1,1,1,1,1', '31', '31', NULL, NULL, NULL, '2025-02-06 14:08:43', '2025-02-10 11:14:10', NULL, '45966', '45966', '1483', '9263', '8013', '252'),
(3656, 1, 3, 1084, '5239', '2024-10', '29', '2', '0', '0', '2', NULL, NULL, NULL, '1883.8709677419', '3245.2909677419', '941.93548387097', '1,2,4,5,6', '942,509,19,174,395.61', '2,2,1,1,1', '7,8,1,10', '282.58,395.61,0,0', '1,1,1,1', '968023', '29200', '50103', NULL, '1,2,4,5,6', '14600,7884,300,2700,6132', '2,2,1,1,1', '1,8,22,7', '200,6132,1,4380', '1,1,1,1', '1029', '29200', '50104', '14600', '1,2,4,5,6', '14600,7884,300,2700,6132', '2,2,1,1,1', '7,8,22,1,10', '4380,6132,1,200,0', '1,1,1,1,1', '31', '31', NULL, NULL, NULL, '2025-02-06 14:08:43', '2025-02-10 11:14:10', NULL, '60816', '60816', '3923.4809677419', '10713', '10713', '678.19'),
(3657, 1, 3, 1087, '5242', '2024-10', '29', '2', '0', '0', '2', NULL, NULL, NULL, '1883.8709677419', '3245.2909677419', '941.93548387097', '1,2,4,5,6', '942,509,19,174,395.61', '2,2,1,1,1', '7,8,22,1,12', '282.58,395.61,0,0,0', '1,1,1,1,1', '968020', '27316', '46858', NULL, '1,2,4,5,6', '13658,7375,281,2526,5736', '2,2,1,1,1', '1,8,22,7', '200,5736,1,4097', '1,1,1,1', '1026', '29200', '48141', '14600', '1,2,4,5,6', '14600,7884,300,2700,6132', '2,2,1,1,1', '7,8,22,22,1,12', '4380,6132,1,1,200,1962', '1,1,1,1,1,1', '29', '29', NULL, NULL, NULL, '2025-02-06 14:08:43', '2025-02-10 11:14:11', NULL, '60816', '56892', '3923.4809677419', '12676', '10034', '678.19'),
(3658, 1, 3, 1087, '5242', '2024-11', '29', '1', '0', '0', '1', NULL, NULL, NULL, '973.33333333333', '1677.3333333333', '486.66666666667', '1,2,4,5,6', '487,263,10,90,204.4', '2,2,1,1,1', '7,8,22,1,12', '146,204.4,0,0,0', '1,1,1,1,1', '985930', '28227', '44899', NULL, '1,2,4,5,6', '14114,7621,290,2610,5928', '2,2,1,1,1', '1,12,8,22,7', '200,3528,5928,1,4234', '1,1,1,1,1', '1026', '29200', '48141', '14600', '1,2,4,5,6', '14600,7884,300,2700,6132', '2,2,1,1,1', '7,8,22,22,1,12', '4380,6132,1,1,200,1962', '1,1,1,1,1,1', '29', '29', NULL, NULL, NULL, '2025-02-06 14:08:43', '2025-02-10 11:14:11', NULL, '60816', '58790', '2027.7333333333', '12676', '13891', '350.4'),
(3659, 1, 3, 1089, '5244', '2024-11', '29', '1', '0', '0', '1', NULL, NULL, NULL, '723.33333333333', '1271.8333333333', '361.66666666667', '1,2,4,5,6', '362,195,10,90,151.9', '2,2,1,1,1', '7,8,22,1', '108.5,151.9,0,0', '1,1,1,1', '985928', '20977', '36682', NULL, '1,2,4,5,6', '10489,5664,290,2610,4405', '2,2,1,1,1', '1,8,22,7', '200,4405,1,3147', '1,1,1,1', '1024', '21700', '37953', '10850', '1,2,4,5,6', '10850,5859,300,2700,4557', '2,2,1,1,1', '7,8,22,22,1', '3255,4557,1,1,200', '1,1,1,1,1', '29', '29', NULL, NULL, NULL, '2025-02-06 14:08:43', '2025-02-10 11:14:11', NULL, '45966', '44435', '1532.2333333333', '8014', '7753', '260.4'),
(3660, 1, 3, 1101, '5256', '2024-10', '20', '11', '0', '0', '1', NULL, NULL, NULL, '700', '1231', '350', '1,2,4,5,6', '350,189,10,87,147', '2,2,1,1,1', '7,8,22,1,12', '105,147,0,0,0', '1,1,1,1,1', '968006', '14000', '24415', NULL, '1,2,4,5,6', '7000,3780,194,1742,2940', '2,2,1,1,1', '1,8,22,7', '200,2940,1,2100', '1,1,1,1', '1012', '21700', '37953', '10850', '1,2,4,5,6', '10850,5859,300,2700,4557', '2,2,1,1,1', '7,8,22,22,1,12', '3255,4557,1,1,200,0', '1,1,1,1,1,1', '20', '20', NULL, NULL, NULL, '2025-02-06 14:08:43', '2025-02-10 11:14:11', NULL, '45966', '29656', '1483', '8014', '5241', '252'),
(3661, 1, 3, 957, '5135', '2024-11', '29', '1', '0', '0', '1', NULL, NULL, NULL, '973', '1677', '486.66666666667', '1,2,3,4,5,6,7,9,10,11,12,13,14,15,', '487,263,0,10,90,204.4,0,0,0,0,0,0,0,0,', ',,,,,,,,,,,,,,', '1,2,3,4,5,6,7,8,9,10,11,12,14,15,16,17,18,19,20,21,22,23,24,25,', '0,0,0,0,0,0,146,204.4,0,0,0,0,0,0,0,0,0,0,0,0,0,0,0,0,', ',,,,,,,,,,,,,,,,,,,,,,,,', '985173', '28227', '48427', NULL, '1,2,3,4,5,6,7,9,10,11,12,13,14,15,', '14114,7621,0,290,2610,5928,0,0,0,0,0,0,0,0,', ',,,,,,,,,,,,,,', '1,2,3,4,5,6,7,8,9,10,11,12,14,15,16,17,18,19,20,21,22,23,24,25,', '200,0,0,0,0,0,4234,5928,0,0,0,0,0,0,0,0,0,0,0,0,1,0,0,0,', ',,,,,,,,,,,,,,,,,,,,,,,,', '912', '29200', '49572', '14600', '1,2,3,4,5,6,7,9,10,11,12,13,14,15,', '14600,7884,0,300,2700,6132,0,0,0,0,0,0,0,0,', ',,,,,,,,,,,,,,', '1,2,3,4,5,6,7,8,9,10,11,12,14,15,16,17,18,19,20,21,22,23,24,25,', '200,0,0,0,0,0,4380,6132,0,0,0,0,0,0,0,531,0,0,0,0,1,0,0,0,', ',,,,,,,,,,,,,,,,,,,,,,,,', '29', '29', NULL, NULL, NULL, '2025-02-06 14:08:43', '2025-02-13 05:56:13', NULL, '60816', '58790', '2027.4', '11244', '10363', '350.4'),
(3662, 1, 3, 959, '5137', '2024-11', '29', '1', '0', '0', '1', NULL, NULL, NULL, '973.33333333333', '1677.3333333333', '486.66666666667', '5,1,2,4,6', '90,487,263,10,204.4', '1,2,2,1,1', '7,8,17,1,12', '146,204.4,0,0,0', '1,1,1,1,1', '985171', '28227', '48427', NULL, '5,1,2,4,6', '2610,14114,7621,290,5928', '1,2,2,1,1', '1,8,22,7', '200,5928,1,4234', '1,1,1,1', '914', '29200', '49573', '14600', '5,1,2,4,6', '2700,14600,7884,300,6132', '1,2,2,1,1', '7,8,22,17,1,12', '4380,6132,1,531,200,0', '1,1,1,1,1,1', '29', '29', NULL, NULL, NULL, '2025-02-06 14:08:43', '2025-02-10 11:14:11', NULL, '60816', '58790', '2027.7333333333', '11244', '10363', '350.4'),
(3663, 1, 3, 976, '5149', '2024-11', '25', '5', '0', '0', '5', NULL, NULL, NULL, '5900', '10064', '2950', '5,1,2,4,10,6', '450,2950,1593,50,6,1239', '1,2,2,1,1,1', '7,8,17,1,19,18', '885,1239,0,0,0,0', '1,1,1,1,1,1', '985159', '29500', '50089', NULL, '5,1,2,4,6', '2250,14750,7965,250,6195', '1,2,2,1,1', '1,8,22,7', '200,6195,1,4425', '1,1,1,1', '1000', '35400', '59605', '17700', '5,1,2,4,10,6', '2700,17700,9558,300,36,7434', '1,2,2,1,1,1', '7,8,22,17,1,19,18', '5310,7434,1,531,200,36,12', '1,1,1,1,1,1,1', '25', '25', NULL, NULL, NULL, '2025-02-06 14:08:43', '2025-02-11 05:57:11', NULL, '73128', '60910', '12188', '13524', '10821', '2124'),
(3664, 1, 3, 980, '5150', '2024-11', '29', '1', '0', '0', '1', NULL, NULL, NULL, '973.33333333333', '1677.3333333333', '486.66666666667', '5,1,2,4,6', '90,487,263,10,204.4', '1,2,2,1,1', '7,8,17,1', '146,204.4,0,0', '1,1,1,1', '985157', '28227', '48427', NULL, '5,1,2,4,6', '2610,14114,7621,290,5928', '1,2,2,1,1', '1,8,22,7', '200,5928,1,4234', '1,1,1,1', '926', '29200', '49573', '14600', '5,1,2,4,6', '2700,14600,7884,300,6132', '1,2,2,1,1', '7,8,22,17,1', '4380,6132,1,531,200', '1,1,1,1,1', '29', '29', NULL, NULL, NULL, '2025-02-06 14:08:43', '2025-02-10 11:14:11', NULL, '60816', '58790', '2027.7333333333', '11244', '10363', '350.4'),
(3665, 1, 3, 977, '5151', '2024-11', '29', '1', '0', '0', '1', NULL, NULL, NULL, '973.33333333333', '1677.3333333333', '486.66666666667', '5,1,2,4,6', '90,487,263,10,204.4', '1,2,2,1,1', '7,8,17,1,12', '146,204.4,0,0,0', '1,1,1,1,1', '985158', '24333', '39757', NULL, '5,1,2,4,6', '2250,12167,6570,250,5110', '1,2,2,1,1', '1,12,8,22,7', '200,1962,5110,1,3650', '1,1,1,1,1', '927', '29200', '47611', '14600', '5,1,2,4,6', '2700,14600,7884,300,6132', '1,2,2,1,1', '7,8,22,17,1,12', '4380,6132,1,531,200,1962', '1,1,1,1,1,1', '25', '25', NULL, NULL, NULL, '2025-02-06 14:08:43', '2025-02-12 06:36:10', NULL, '60816', '50680', '2027.7333333333', '13206', '10923', '350.4'),
(3666, 1, 3, 995, '5165', '2024-11', '26.5', '3.5', '0', '0', '3.5', NULL, NULL, NULL, '3406.6666666667', '5868.6666666667', '1703.3333333333', '5,1,2,4,6', '315,1703,920,35,715.4', '1,2,2,1,1', '7,8,17,1', '511,715.4,0,0', '1,1,1,1', '985144', '26280', '45073', NULL, '5,1,2,4,6', '2430,13140,7096,270,5519', '1,2,2,1,1', '1,8,22,7', '200,5519,1,3942', '1,1,1,1', '946', '29200', '49573', '14600', '5,1,2,4,6', '2700,14600,7884,300,6132', '1,2,2,1,1', '7,8,22,17,1', '4380,6132,1,531,200', '1,1,1,1,1', '27', '27', NULL, NULL, NULL, '2025-02-06 14:08:43', '2025-02-10 11:14:11', NULL, '60816', '54735', '7095.0666666667', '11244', '9662', '1226.4'),
(3667, 1, 3, 1013, '5182', '2024-10', '30', '1', '0', '0', '1', NULL, NULL, NULL, '941.93548387097', '1622.645483871', '470.96774193548', '5,1,2,4,6', '87,471,254,10,197.81', '1,2,2,1,1', '7,8,17,1,12', '141.29,197.81,0,0,0', '1,1,1,1,1', '967220', '29200', '50103', NULL, '5,1,2,4,6', '2700,14600,7884,300,6132', '1,2,2,1,1', '1,8,22,7', '200,6132,1,4380', '1,1,1,1', '989', '29200', '49573', '14600', '5,1,2,4,6', '2700,14600,7884,300,6132', '1,2,2,1,1', '7,8,22,17,1,12', '4380,6132,1,531,200,0', '1,1,1,1,1,1', '31', '31', NULL, NULL, NULL, '2025-02-06 14:08:43', '2025-02-11 05:57:11', NULL, '60816', '60816', '1961.745483871', '11244', '10713', '339.1'),
(3668, 1, 3, 1013, '5182', '2024-11', '28', '2', '0', '0', '2', NULL, NULL, NULL, '1946.6666666667', '3353.6666666667', '973.33333333333', '5,1,2,4,6', '180,973,526,20,408.8', '1,2,2,1,1', '7,8,17,1,12', '292,408.8,0,0,0', '1,1,1,1,1', '985127', '23360', '40042', NULL, '5,1,2,4,6', '2160,11680,6307,240,4906', '1,2,2,1,1', '1,12,8,22,7', '200,0,4906,1,3504', '1,1,1,1,1', '989', '29200', '49573', '14600', '5,1,2,4,6', '2700,14600,7884,300,6132', '1,2,2,1,1', '7,8,22,17,1,12', '4380,6132,1,531,200,0', '1,1,1,1,1,1', '24', '24', NULL, NULL, NULL, '2025-02-06 14:08:43', '2025-02-12 06:36:10', NULL, '60816', '48653', '4054.4666666667', '11244', '8611', '700.8'),
(3669, 1, 3, 1014, '5183', '2024-10', '28', '3', '0', '0', '3', NULL, NULL, NULL, '2825.8064516129', '4867.9364516129', '1412.9032258065', '5,1,2,4,6', '261,1413,763,29,593.42', '1,2,2,1,1', '7,8,17,1,12', '423.87,593.42,0,0,0', '1,1,1,1,1', '967219', '29200', '50103', NULL, '5,1,2,4,6', '2700,14600,7884,300,6132', '1,2,2,1,1', '1,12,8,22,7', '200,0,6132,1,4380', '1,1,1,1,1', '991', '29200', '49573', '14600', '5,1,2,4,6', '2700,14600,7884,300,6132', '1,2,2,1,1', '7,8,22,17,1,12', '4380,6132,1,531,200,0', '1,1,1,1,1,1', '31', '31', NULL, NULL, NULL, '2025-02-06 14:08:43', '2025-02-12 06:53:44', NULL, '60816', '60816', '5885.2264516129', '11244', '10713', '1017.29'),
(3670, 1, 3, 1014, '5183', '2024-11', '28', '2', '0', '0', '2', NULL, NULL, NULL, '1946.6666666667', '3353.6666666667', '973.33333333333', '5,1,2,4,6', '180,973,526,20,408.8', '1,2,2,1,1', '7,8,17,1,12', '292,408.8,0,0,0', '1,1,1,1,1', '985126', '27253', '41457', NULL, '5,1,2,4,6', '2520,13627,7358,280,5723', '1,2,2,1,1', '1,12,8,22,7', '200,5292,5723,1,4088', '1,1,1,1,1', '991', '29200', '49573', '14600', '5,1,2,4,6', '2700,14600,7884,300,6132', '1,2,2,1,1', '7,8,22,17,1,12', '4380,6132,1,531,200,0', '1,1,1,1,1,1', '28', '28', NULL, NULL, NULL, '2025-02-06 14:08:43', '2025-02-10 11:14:11', NULL, '60816', '56761', '4054.4666666667', '11244', '15304', '700.8'),
(3671, 1, 3, 1022, '5190', '2024-10', '30', '1', '0', '0', '1', NULL, NULL, NULL, '941.93548387097', '1622.645483871', '470.96774193548', '5,1,2,4,6', '87,471,254,10,197.81', '1,2,2,1,1', '7,8,17,1,12', '141.29,197.81,0,0,0', '1,1,1,1,1', '967212', '29200', '50103', NULL, '5,1,2,4,6', '2700,14600,7884,300,6132', '1,2,2,1,1', '1,8,22,7', '200,6132,1,4380', '1,1,1,1', '901', '29200', '49573', '14600', '5,1,2,4,6', '2700,14600,7884,300,6132', '1,2,2,1,1', '7,8,22,17,1,12', '4380,6132,1,531,200,0', '1,1,1,1,1,1', '31', '31', NULL, NULL, NULL, '2025-02-06 14:08:43', '2025-02-11 05:57:11', NULL, '60816', '60816', '1961.745483871', '11244', '10713', '339.1'),
(3672, 1, 3, 1062, '5226', '2024-10', '30', '1', '0', '0', '1', NULL, NULL, NULL, '941.93548387097', '1622.645483871', '470.96774193548', '5,1,2,4,6', '87,471,254,10,197.81', '1,2,2,1,1', '7,8,17,1,10', '141.29,197.81,0,0,0', '1,1,1,1,1', '967176', '29200', '50103', NULL, '5,1,2,4,6', '2700,14600,7884,300,6132', '1,2,2,1,1', '1,8,22,7', '200,6132,1,4380', '1,1,1,1', '992', '29200', '49573', '14600', '5,1,2,4,6', '2700,14600,7884,300,6132', '1,2,2,1,1', '7,8,22,17,1,10', '4380,6132,1,531,200,0', '1,1,1,1,1,1', '31', '31', NULL, NULL, NULL, '2025-02-06 14:08:43', '2025-02-11 05:57:11', NULL, '60816', '60816', '1961.745483871', '11244', '10713', '339.1'),
(3673, 1, 3, 1079, '5234', '2024-10', '30', '1', '0', '0', '1', NULL, NULL, NULL, '941.93548387097', '1622.645483871', '470.96774193548', '1,2,4,5,6', '471,254,10,87,197.81', '2,2,1,1,1', '7,8,22,1,12', '141.29,197.81,0,0,0', '1,1,1,1,1', '968027', '29200', '50103', NULL, '1,2,4,5,6', '14600,7884,300,2700,6132', '2,2,1,1,1', '1,8,22,7', '200,6132,1,4380', '1,1,1,1', '1033', '29200', '50103', '14600', '1,2,4,5,6', '14600,7884,300,2700,6132', '2,2,1,1,1', '7,8,22,22,1,12', '4380,6132,1,1,200,0', '1,1,1,1,1,1', '31', '31', NULL, NULL, NULL, '2025-02-06 14:08:43', '2025-02-10 11:14:11', NULL, '60816', '60816', '1961.745483871', '10714', '10713', '339.1'),
(3674, 1, 4, 803, '2049', '2025-01', '3', '28', '0', '0', '8.5', NULL, NULL, NULL, '16452', '16452', '8225.8064516129', '1,2,3,4,5,7,9,10,11,12,13,14,15,', '0,0,0,0,0,0,0,0,0,0,0,0,0,', ',,,,,,,,,,,,,', '1,2,3,4,5,6,9,10,11,12,14,15,16,17,18,19,20,21,22,23,24,25,', '0,0,0,0,0,0,0,0,0,0,0,0,0,0,0,0,0,0,0,0,0,0,', ',,,,,,,,,,,,,,,,,,,,,,', '994004', '21290', '15390', NULL, '1,2,3,4,5,7,9,10,11,12,13,14,15,', '0,0,0,0,0,0,0,0,0,0,0,0,0,', ',,,,,,,,,,,,,', '1,2,3,4,5,6,9,10,11,12,14,15,16,17,18,19,20,21,22,23,24,25,', '200,5699,0,0,0,0,0,0,0,0,0,0,0,0,0,0,0,0,1,0,0,0,', ',,,,,,,,,,,,,,,,,,,,,,', '721', '60000', '54100', '0', '1,2,3,4,5,7,9,10,11,12,13,14,15,', '0,0,0,0,0,0,0,0,0,0,0,0,0,', ',,,,,,,,,,,,,', '1,2,3,4,5,6,9,10,11,12,14,15,16,17,18,19,20,21,22,23,24,25,', '200,5699,0,0,0,0,0,0,0,0,0,0,0,0,0,0,0,0,1,0,0,0,', ',,,,,,,,,,,,,,,,,,,,,,', '11', '11', NULL, NULL, NULL, '2025-02-24 09:26:13', '2025-02-24 09:39:08', NULL, '60000', '21290', '16452', '5900', '5900', '0'),
(3675, 1, 4, 804, '2047', '2025-01', '10', '21', '0', '0', '18', NULL, NULL, NULL, '34839', '32904', '17419.35483871', '1,2,3,4,5,7,9,10,11,12,13,14,15,', '0,0,0,0,0,0,0,0,0,0,0,0,0,', ',,,,,,,,,,,,,', '1,2,3,4,5,6,9,10,11,12,14,15,16,17,18,19,20,21,22,23,24,25,26,', '0,0,0,0,0,0,0,0,0,1935,0,0,0,0,0,0,0,0,0,0,0,0,0,', ',,,,,,,,,,,,,,,,,,,,,,,', '994003', '21290', '18812', NULL, '1,2,3,4,5,7,9,10,11,12,13,14,15,', '0,0,0,0,0,0,0,0,0,0,0,0,0,', ',,,,,,,,,,,,,', '1,2,3,4,5,6,9,10,11,12,14,15,16,17,18,19,20,21,22,23,24,25,26,', '200,2277,0,0,0,0,0,0,0,0,0,0,0,0,0,0,0,0,1,0,0,0,0,', ',,,,,,,,,,,,,,,,,,,,,,,', '722', '60000', '57522', '0', '1,2,3,4,5,7,9,10,11,12,13,14,15,', '0,0,0,0,0,0,0,0,0,0,0,0,0,', ',,,,,,,,,,,,,', '1,2,3,4,5,6,9,10,11,12,14,15,16,17,18,19,20,21,22,23,24,25,26,', '200,2277,0,0,0,0,0,0,0,0,0,0,0,0,0,0,0,0,1,0,0,0,0,', ',,,,,,,,,,,,,,,,,,,,,,,', '11', '11', NULL, NULL, NULL, '2025-02-24 09:26:13', '2025-02-27 04:24:38', NULL, '60000', '21290', '34839', '2478', '2478', '1935');

-- --------------------------------------------------------

--
-- Table structure for table `suplimentary_leave_bills`
--

CREATE TABLE `suplimentary_leave_bills` (
  `id` bigint UNSIGNED NOT NULL,
  `supplimentary_bill_id` bigint UNSIGNED DEFAULT NULL,
  `bill_no` varchar(255) COLLATE utf8mb4_unicode_ci DEFAULT NULL,
  `bill_date` date DEFAULT NULL,
  `bill_description` text COLLATE utf8mb4_unicode_ci,
  `payment_status` int DEFAULT NULL,
  `cheque_no` varchar(255) COLLATE utf8mb4_unicode_ci DEFAULT NULL,
  `cheque_date` date DEFAULT NULL,
  `created_by` bigint UNSIGNED DEFAULT NULL,
  `updated_by` bigint UNSIGNED DEFAULT NULL,
  `deleted_by` bigint UNSIGNED DEFAULT NULL,
  `created_at` timestamp NULL DEFAULT NULL,
  `updated_at` timestamp NULL DEFAULT NULL,
  `deleted_at` timestamp NULL DEFAULT NULL,
  `is_generate` tinyint(1) NOT NULL DEFAULT '0'
) ENGINE=InnoDB DEFAULT CHARSET=utf8mb4 COLLATE=utf8mb4_unicode_ci;

--
-- Dumping data for table `suplimentary_leave_bills`
--

INSERT INTO `suplimentary_leave_bills` (`id`, `supplimentary_bill_id`, `bill_no`, `bill_date`, `bill_description`, `payment_status`, `cheque_no`, `cheque_date`, `created_by`, `updated_by`, `deleted_by`, `created_at`, `updated_at`, `deleted_at`, `is_generate`) VALUES
(1, 1, '1', '2025-01-23', 'municipal corporation', 2, NULL, '2025-01-23', NULL, NULL, NULL, '2025-01-23 11:49:09', '2025-01-30 07:51:26', NULL, 1),
(2, 2, '2', '2025-02-04', 'Remuneration', 2, NULL, '2025-02-04', NULL, NULL, NULL, '2025-02-04 10:44:33', '2025-02-04 11:36:57', NULL, 1),
(3, 3, '3', '2025-02-06', 'municipal corporation', 2, NULL, '2025-02-06', NULL, NULL, NULL, '2025-02-06 13:50:57', '2025-02-13 05:53:00', NULL, 1),
(4, 5, '5', '2025-02-24', 'PMAY-मुदतवाढ पुरवणी मानधन', 2, NULL, '2025-02-24', NULL, NULL, NULL, '2025-02-24 09:26:13', '2025-02-24 09:26:27', NULL, 1);

-- --------------------------------------------------------

--
-- Table structure for table `suplimentry_employee_bills`
--

CREATE TABLE `suplimentry_employee_bills` (
  `id` bigint UNSIGNED NOT NULL,
  `supplimentary_bill_id` bigint UNSIGNED DEFAULT NULL,
  `employee_id` bigint UNSIGNED DEFAULT NULL,
  `department_id` bigint UNSIGNED DEFAULT NULL,
  `emp_code` varchar(255) COLLATE utf8mb4_unicode_ci DEFAULT NULL,
  `created_by` bigint UNSIGNED DEFAULT NULL,
  `updated_by` bigint UNSIGNED DEFAULT NULL,
  `deleted_by` bigint UNSIGNED DEFAULT NULL,
  `created_at` timestamp NULL DEFAULT NULL,
  `updated_at` timestamp NULL DEFAULT NULL,
  `deleted_at` timestamp NULL DEFAULT NULL
) ENGINE=InnoDB DEFAULT CHARSET=utf8mb4 COLLATE=utf8mb4_unicode_ci;

--
-- Dumping data for table `suplimentry_employee_bills`
--

INSERT INTO `suplimentry_employee_bills` (`id`, `supplimentary_bill_id`, `employee_id`, `department_id`, `emp_code`, `created_by`, `updated_by`, `deleted_by`, `created_at`, `updated_at`, `deleted_at`) VALUES
(907, 1, 81, 1, '1191', 1, NULL, NULL, '2025-01-29 08:58:32', '2025-01-29 08:58:32', NULL),
(908, 1, 1092, 1, '5247', 1, NULL, NULL, '2025-01-29 08:58:32', '2025-01-29 08:58:32', NULL),
(909, 2, 791, 5, '2161', 1, NULL, NULL, '2025-02-04 10:35:05', '2025-02-04 10:35:05', NULL),
(910, 3, 937, 10, '5116', 1, NULL, NULL, '2025-02-06 13:38:44', '2025-02-06 13:38:44', NULL),
(911, 3, 938, 10, '5117', 1, NULL, NULL, '2025-02-06 13:38:44', '2025-02-06 13:38:44', NULL),
(912, 3, 939, 10, '5118', 1, NULL, NULL, '2025-02-06 13:38:44', '2025-02-06 13:38:44', NULL),
(913, 3, 940, 10, '5119', 1, NULL, NULL, '2025-02-06 13:38:44', '2025-02-06 13:38:44', NULL),
(914, 3, 941, 10, '5120', 1, NULL, NULL, '2025-02-06 13:38:44', '2025-02-06 13:38:44', NULL),
(915, 3, 943, 10, '5122', 1, NULL, NULL, '2025-02-06 13:38:44', '2025-02-06 13:38:44', NULL),
(916, 3, 946, 10, '5125', 1, NULL, NULL, '2025-02-06 13:38:44', '2025-02-06 13:38:44', NULL),
(917, 3, 948, 10, '5127', 1, NULL, NULL, '2025-02-06 13:38:44', '2025-02-06 13:38:44', NULL),
(918, 3, 955, 10, '5133', 1, NULL, NULL, '2025-02-06 13:38:44', '2025-02-06 13:38:44', NULL),
(919, 3, 956, 10, '5134', 1, NULL, NULL, '2025-02-06 13:38:44', '2025-02-06 13:38:44', NULL),
(920, 3, 957, 10, '5135', 1, NULL, NULL, '2025-02-06 13:38:44', '2025-02-06 13:38:44', NULL),
(921, 3, 959, 10, '5137', 1, NULL, NULL, '2025-02-06 13:38:44', '2025-02-06 13:38:44', NULL),
(922, 3, 960, 10, '5138', 1, NULL, NULL, '2025-02-06 13:38:44', '2025-02-06 13:38:44', NULL),
(923, 3, 968, 10, '5143', 1, NULL, NULL, '2025-02-06 13:38:44', '2025-02-06 13:38:44', NULL),
(924, 3, 969, 10, '5144', 1, NULL, NULL, '2025-02-06 13:38:44', '2025-02-06 13:38:44', NULL),
(925, 3, 972, 10, '5147', 1, NULL, NULL, '2025-02-06 13:38:44', '2025-02-06 13:38:44', NULL),
(926, 3, 975, 10, '5148', 1, NULL, NULL, '2025-02-06 13:38:44', '2025-02-06 13:38:44', NULL),
(927, 3, 976, 10, '5149', 1, NULL, NULL, '2025-02-06 13:38:44', '2025-02-06 13:38:44', NULL),
(928, 3, 977, 10, '5151', 1, NULL, NULL, '2025-02-06 13:38:44', '2025-02-06 13:38:44', NULL),
(929, 3, 980, 10, '5150', 1, NULL, NULL, '2025-02-06 13:38:44', '2025-02-06 13:38:44', NULL),
(930, 3, 982, 10, '5152', 1, NULL, NULL, '2025-02-06 13:38:44', '2025-02-06 13:38:44', NULL),
(931, 3, 984, 10, '5154', 1, NULL, NULL, '2025-02-06 13:38:44', '2025-02-06 13:38:44', NULL),
(932, 3, 986, 10, '5157', 1, NULL, NULL, '2025-02-06 13:38:44', '2025-02-06 13:38:44', NULL),
(933, 3, 992, 10, '5162', 1, NULL, NULL, '2025-02-06 13:38:44', '2025-02-06 13:38:44', NULL),
(934, 3, 995, 10, '5165', 1, NULL, NULL, '2025-02-06 13:38:44', '2025-02-06 13:38:44', NULL),
(935, 3, 997, 10, '5167', 1, NULL, NULL, '2025-02-06 13:38:44', '2025-02-06 13:38:44', NULL),
(936, 3, 1002, 10, '5172', 1, NULL, NULL, '2025-02-06 13:38:44', '2025-02-06 13:38:44', NULL),
(937, 3, 1003, 10, '5173', 1, NULL, NULL, '2025-02-06 13:38:44', '2025-02-06 13:38:44', NULL),
(938, 3, 1004, 10, '5174', 1, NULL, NULL, '2025-02-06 13:38:44', '2025-02-06 13:38:44', NULL),
(939, 3, 1008, 10, '5177', 1, NULL, NULL, '2025-02-06 13:38:44', '2025-02-06 13:38:44', NULL),
(940, 3, 1010, 10, '5179', 1, NULL, NULL, '2025-02-06 13:38:44', '2025-02-06 13:38:44', NULL),
(941, 3, 1013, 10, '5182', 1, NULL, NULL, '2025-02-06 13:38:44', '2025-02-06 13:38:44', NULL),
(942, 3, 1014, 10, '5183', 1, NULL, NULL, '2025-02-06 13:38:44', '2025-02-06 13:38:44', NULL),
(943, 3, 1015, 10, '5184', 1, NULL, NULL, '2025-02-06 13:38:44', '2025-02-06 13:38:44', NULL),
(944, 3, 1022, 10, '5190', 1, NULL, NULL, '2025-02-06 13:38:44', '2025-02-06 13:38:44', NULL),
(945, 3, 1051, 10, '5215', 1, NULL, NULL, '2025-02-06 13:38:44', '2025-02-06 13:38:44', NULL),
(946, 3, 1055, 10, '5219', 1, NULL, NULL, '2025-02-06 13:38:44', '2025-02-06 13:38:44', NULL),
(947, 3, 1060, 10, '5224', 1, NULL, NULL, '2025-02-06 13:38:44', '2025-02-06 13:38:44', NULL),
(948, 3, 1062, 10, '5226', 1, NULL, NULL, '2025-02-06 13:38:44', '2025-02-06 13:38:44', NULL),
(949, 3, 1064, 10, '5228', 1, NULL, NULL, '2025-02-06 13:38:44', '2025-02-06 13:38:44', NULL),
(950, 3, 1079, 21, '5234', 1, NULL, NULL, '2025-02-06 13:38:44', '2025-02-06 13:38:44', NULL),
(951, 3, 1082, 10, '5237', 1, NULL, NULL, '2025-02-06 13:38:44', '2025-02-06 13:38:44', NULL),
(952, 3, 1084, 10, '5239', 1, NULL, NULL, '2025-02-06 13:38:44', '2025-02-06 13:38:44', NULL),
(953, 3, 1087, 10, '5242', 1, NULL, NULL, '2025-02-06 13:38:44', '2025-02-06 13:38:44', NULL),
(954, 3, 1089, 10, '5244', 1, NULL, NULL, '2025-02-06 13:38:44', '2025-02-06 13:38:44', NULL),
(955, 3, 1101, 10, '5256', 1, NULL, NULL, '2025-02-06 13:38:44', '2025-02-06 13:38:44', NULL),
(975, 4, 53, 49, '1128', 1, NULL, NULL, '2025-02-17 10:07:32', '2025-02-17 10:07:32', NULL),
(976, 4, 98, 65, '1229', 1, NULL, NULL, '2025-02-17 10:07:32', '2025-02-17 10:07:32', NULL),
(977, 4, 100, 1, '1232', 1, NULL, NULL, '2025-02-17 10:07:32', '2025-02-17 10:07:32', NULL),
(978, 4, 139, 64, '1296', 1, NULL, NULL, '2025-02-17 10:07:32', '2025-02-17 10:07:32', NULL),
(979, 4, 153, 64, '1314', 1, NULL, NULL, '2025-02-17 10:07:32', '2025-02-17 10:07:32', NULL),
(980, 4, 158, 64, '1322', 1, NULL, NULL, '2025-02-17 10:07:32', '2025-02-17 10:07:32', NULL),
(981, 4, 171, 65, '1350', 1, NULL, NULL, '2025-02-17 10:07:32', '2025-02-17 10:07:32', NULL),
(982, 4, 175, 64, '1357', 1, NULL, NULL, '2025-02-17 10:07:32', '2025-02-17 10:07:32', NULL),
(983, 4, 332, 23, '3025', 1, NULL, NULL, '2025-02-17 10:07:32', '2025-02-17 10:07:32', NULL),
(984, 4, 346, 13, '3040', 1, NULL, NULL, '2025-02-17 10:07:32', '2025-02-17 10:07:32', NULL),
(985, 4, 347, 13, '3041', 1, NULL, NULL, '2025-02-17 10:07:32', '2025-02-17 10:07:32', NULL),
(986, 4, 348, 65, '3042', 1, NULL, NULL, '2025-02-17 10:07:32', '2025-02-17 10:07:32', NULL),
(987, 4, 370, 64, '3070', 1, NULL, NULL, '2025-02-17 10:07:32', '2025-02-17 10:07:32', NULL),
(988, 4, 476, 62, '3188', 1, NULL, NULL, '2025-02-17 10:07:32', '2025-02-17 10:07:32', NULL),
(989, 4, 517, 1, '3236', 1, NULL, NULL, '2025-02-17 10:07:32', '2025-02-17 10:07:32', NULL),
(990, 4, 520, 13, '3240', 1, NULL, NULL, '2025-02-17 10:07:32', '2025-02-17 10:07:32', NULL),
(991, 4, 532, 54, '3257', 1, NULL, NULL, '2025-02-17 10:07:32', '2025-02-17 10:07:32', NULL),
(992, 4, 535, 54, '3260', 1, NULL, NULL, '2025-02-17 10:07:32', '2025-02-17 10:07:32', NULL),
(993, 4, 646, 14, '5048', 1, NULL, NULL, '2025-02-17 10:07:32', '2025-02-17 10:07:32', NULL),
(994, 4, 648, 1, '5050', 1, NULL, NULL, '2025-02-17 10:07:32', '2025-02-17 10:07:32', NULL),
(995, 4, 667, 18, '5069', 1, NULL, NULL, '2025-02-17 10:07:32', '2025-02-17 10:07:32', NULL),
(996, 4, 674, 70, '5076', 1, NULL, NULL, '2025-02-17 10:07:32', '2025-02-17 10:07:32', NULL),
(997, 4, 679, 39, '5097', 1, NULL, NULL, '2025-02-17 10:07:32', '2025-02-17 10:07:32', NULL),
(998, 4, 690, 14, '5080', 1, NULL, NULL, '2025-02-17 10:07:32', '2025-02-17 10:07:32', NULL),
(999, 4, 694, 13, '5105', 1, NULL, NULL, '2025-02-17 10:07:32', '2025-02-17 10:07:32', NULL),
(1000, 4, 948, 10, '5127', 1, NULL, NULL, '2025-02-17 10:07:32', '2025-02-17 10:07:32', NULL),
(1001, 4, 1036, 14, '5202', 1, NULL, NULL, '2025-02-17 10:07:32', '2025-02-17 10:07:32', NULL),
(1002, 4, 1061, 14, '5225', 1, NULL, NULL, '2025-02-17 10:07:32', '2025-02-17 10:07:32', NULL),
(1003, 4, 1078, 23, '5233', 1, NULL, NULL, '2025-02-17 10:07:32', '2025-02-17 10:07:32', NULL),
(1004, 4, 1143, 70, '1634', 1, NULL, NULL, '2025-02-17 10:07:32', '2025-02-17 10:07:32', NULL),
(1005, 5, 803, 7, '2049', 1, NULL, NULL, '2025-02-24 09:23:49', '2025-02-24 09:23:49', NULL),
(1006, 5, 804, 7, '2047', 1, NULL, NULL, '2025-02-24 09:23:49', '2025-02-24 09:23:49', NULL);

-- --------------------------------------------------------

--
-- Table structure for table `supplimentary_bills`
--

CREATE TABLE `supplimentary_bills` (
  `id` bigint UNSIGNED NOT NULL,
  `ward_id` bigint UNSIGNED DEFAULT NULL,
  `financial_year_id` bigint UNSIGNED DEFAULT NULL,
  `bill_no` varchar(255) COLLATE utf8mb4_unicode_ci DEFAULT NULL,
  `bill_description` text COLLATE utf8mb4_unicode_ci,
  `cheque_date` date DEFAULT NULL,
  `is_bill_created` tinyint(1) NOT NULL DEFAULT '0',
  `payment_status` int DEFAULT NULL,
  `created_by` bigint UNSIGNED DEFAULT NULL,
  `updated_by` bigint UNSIGNED DEFAULT NULL,
  `deleted_by` bigint UNSIGNED DEFAULT NULL,
  `created_at` timestamp NULL DEFAULT NULL,
  `updated_at` timestamp NULL DEFAULT NULL,
  `deleted_at` timestamp NULL DEFAULT NULL
) ENGINE=InnoDB DEFAULT CHARSET=utf8mb4 COLLATE=utf8mb4_unicode_ci;

--
-- Dumping data for table `supplimentary_bills`
--

INSERT INTO `supplimentary_bills` (`id`, `ward_id`, `financial_year_id`, `bill_no`, `bill_description`, `cheque_date`, `is_bill_created`, `payment_status`, `created_by`, `updated_by`, `deleted_by`, `created_at`, `updated_at`, `deleted_at`) VALUES
(1, 1, 1, '1', 'municipal corporation', '2025-01-23', 1, 2, 1, NULL, NULL, '2025-01-23 08:46:07', '2025-01-23 08:46:10', NULL),
(2, 5, 1, '2', 'Remuneration', '2025-02-04', 1, 2, 1, NULL, NULL, '2025-02-04 10:35:05', '2025-02-04 10:44:33', NULL),
(3, 1, 1, '3', 'municipal corporation', '2025-02-06', 1, 2, 1, NULL, NULL, '2025-02-06 13:38:44', '2025-02-06 13:50:57', NULL),
(4, 1, 1, '4', 'municipal corporation', '2025-02-17', 0, 2, 1, NULL, NULL, '2025-02-17 09:55:35', '2025-02-17 09:55:36', NULL),
(5, 7, 1, '5', 'PMAY-मुदतवाढ पुरवणी मानधन', '2025-02-24', 1, 2, 1, NULL, NULL, '2025-02-24 09:23:49', '2025-02-24 09:26:13', NULL);

-- --------------------------------------------------------

--
-- Table structure for table `tds_details`
--

CREATE TABLE `tds_details` (
  `id` bigint UNSIGNED NOT NULL,
  `Emp_Code` varchar(255) COLLATE utf8mb4_unicode_ci NOT NULL,
  `prev_emp_tax` int DEFAULT NULL,
  `prev_emp_surcharge` int DEFAULT NULL,
  `wodt_surcharge` int DEFAULT NULL,
  `wdt_surcharge` int DEFAULT NULL,
  `prev_emp_cess` int DEFAULT NULL,
  `wodt_cess` int DEFAULT NULL,
  `wdt_cess` int DEFAULT NULL,
  `created_by` bigint UNSIGNED DEFAULT NULL,
  `updated_by` bigint UNSIGNED DEFAULT NULL,
  `created_at` timestamp NULL DEFAULT NULL,
  `updated_at` timestamp NULL DEFAULT NULL
) ENGINE=InnoDB DEFAULT CHARSET=utf8mb4 COLLATE=utf8mb4_unicode_ci;

-- --------------------------------------------------------

--
-- Table structure for table `ten_day_attendnces`
--

CREATE TABLE `ten_day_attendnces` (
  `id` bigint UNSIGNED NOT NULL,
  `employee_id` bigint UNSIGNED DEFAULT NULL,
  `from_date` date NOT NULL,
  `to_date` date NOT NULL,
  `month` int NOT NULL,
  `financial_year_id` bigint UNSIGNED DEFAULT NULL,
  `Emp_Code` varchar(255) COLLATE utf8mb4_unicode_ci NOT NULL,
  `emp_name` varchar(255) COLLATE utf8mb4_unicode_ci NOT NULL,
  `P` varchar(255) COLLATE utf8mb4_unicode_ci NOT NULL,
  `A` varchar(255) COLLATE utf8mb4_unicode_ci NOT NULL,
  `H` varchar(255) COLLATE utf8mb4_unicode_ci NOT NULL,
  `HP` varchar(255) COLLATE utf8mb4_unicode_ci NOT NULL,
  `WO` varchar(255) COLLATE utf8mb4_unicode_ci NOT NULL,
  `WOP` varchar(255) COLLATE utf8mb4_unicode_ci NOT NULL,
  `CL` varchar(255) COLLATE utf8mb4_unicode_ci NOT NULL,
  `PL` varchar(255) COLLATE utf8mb4_unicode_ci NOT NULL,
  `SL` varchar(255) COLLATE utf8mb4_unicode_ci NOT NULL,
  `other_leave` varchar(255) COLLATE utf8mb4_unicode_ci NOT NULL,
  `total_present` varchar(255) COLLATE utf8mb4_unicode_ci NOT NULL,
  `total_pay_days` varchar(255) COLLATE utf8mb4_unicode_ci NOT NULL,
  `total_ot_in_hrs` varchar(255) COLLATE utf8mb4_unicode_ci NOT NULL,
  `total_late_by` varchar(255) COLLATE utf8mb4_unicode_ci NOT NULL,
  `total_early_by` varchar(255) COLLATE utf8mb4_unicode_ci NOT NULL,
  `created_by` bigint UNSIGNED DEFAULT NULL,
  `updated_by` bigint UNSIGNED DEFAULT NULL,
  `deleted_by` bigint UNSIGNED DEFAULT NULL,
  `created_at` timestamp NULL DEFAULT NULL,
  `updated_at` timestamp NULL DEFAULT NULL,
  `deleted_at` timestamp NULL DEFAULT NULL
) ENGINE=InnoDB DEFAULT CHARSET=utf8mb4 COLLATE=utf8mb4_unicode_ci;

-- --------------------------------------------------------

--
-- Table structure for table `twenty_day_attendnces`
--

CREATE TABLE `twenty_day_attendnces` (
  `id` bigint UNSIGNED NOT NULL,
  `employee_id` bigint UNSIGNED DEFAULT NULL,
  `from_date` date NOT NULL,
  `to_date` date NOT NULL,
  `month` int NOT NULL,
  `financial_year_id` bigint UNSIGNED DEFAULT NULL,
  `Emp_Code` varchar(255) COLLATE utf8mb4_unicode_ci NOT NULL,
  `emp_name` varchar(255) COLLATE utf8mb4_unicode_ci NOT NULL,
  `P` varchar(255) COLLATE utf8mb4_unicode_ci NOT NULL,
  `A` varchar(255) COLLATE utf8mb4_unicode_ci NOT NULL,
  `H` varchar(255) COLLATE utf8mb4_unicode_ci NOT NULL,
  `HP` varchar(255) COLLATE utf8mb4_unicode_ci NOT NULL,
  `WO` varchar(255) COLLATE utf8mb4_unicode_ci NOT NULL,
  `WOP` varchar(255) COLLATE utf8mb4_unicode_ci NOT NULL,
  `CL` varchar(255) COLLATE utf8mb4_unicode_ci NOT NULL,
  `PL` varchar(255) COLLATE utf8mb4_unicode_ci NOT NULL,
  `SL` varchar(255) COLLATE utf8mb4_unicode_ci NOT NULL,
  `other_leave` varchar(255) COLLATE utf8mb4_unicode_ci NOT NULL,
  `total_present` varchar(255) COLLATE utf8mb4_unicode_ci NOT NULL,
  `total_pay_days` varchar(255) COLLATE utf8mb4_unicode_ci NOT NULL,
  `total_ot_in_hrs` varchar(255) COLLATE utf8mb4_unicode_ci NOT NULL,
  `total_late_by` varchar(255) COLLATE utf8mb4_unicode_ci NOT NULL,
  `total_early_by` varchar(255) COLLATE utf8mb4_unicode_ci NOT NULL,
  `created_by` bigint UNSIGNED DEFAULT NULL,
  `updated_by` bigint UNSIGNED DEFAULT NULL,
  `deleted_by` bigint UNSIGNED DEFAULT NULL,
  `created_at` timestamp NULL DEFAULT NULL,
  `updated_at` timestamp NULL DEFAULT NULL,
  `deleted_at` timestamp NULL DEFAULT NULL
) ENGINE=InnoDB DEFAULT CHARSET=utf8mb4 COLLATE=utf8mb4_unicode_ci;

-- --------------------------------------------------------

--
-- Table structure for table `user_departments`
--

CREATE TABLE `user_departments` (
  `id` bigint UNSIGNED NOT NULL,
  `department_id` bigint UNSIGNED DEFAULT NULL,
  `user_id` bigint UNSIGNED DEFAULT NULL,
  `created_at` timestamp NULL DEFAULT NULL,
  `updated_at` timestamp NULL DEFAULT NULL
) ENGINE=InnoDB DEFAULT CHARSET=utf8mb4 COLLATE=utf8mb4_unicode_ci;

--
-- Dumping data for table `user_departments`
--

INSERT INTO `user_departments` (`id`, `department_id`, `user_id`, `created_at`, `updated_at`) VALUES
(5, 1, 429, '2025-01-02 08:45:12', '2025-01-02 08:45:12'),
(49, 45, 478, '2025-01-21 11:18:48', '2025-01-21 11:18:48'),
(50, 51, 478, '2025-01-21 11:18:48', '2025-01-21 11:18:48'),
(51, 54, 478, '2025-01-21 11:18:48', '2025-01-21 11:18:48'),
(66, 75, 480, '2025-01-21 11:28:20', '2025-01-21 11:28:20'),
(118, 18, 483, '2025-01-21 12:08:08', '2025-01-21 12:08:08'),
(119, 12, 484, '2025-01-21 12:16:04', '2025-01-21 12:16:04'),
(120, 2, 485, '2025-01-21 12:25:40', '2025-01-21 12:25:40'),
(122, 5, 487, '2025-01-21 12:29:00', '2025-01-21 12:29:00'),
(123, 5, 488, '2025-01-21 12:30:03', '2025-01-21 12:30:03'),
(134, 18, 493, '2025-01-22 08:06:49', '2025-01-22 08:06:49'),
(139, 3, 496, '2025-01-22 11:07:25', '2025-01-22 11:07:25'),
(140, 79, 497, '2025-01-22 11:20:25', '2025-01-22 11:20:25'),
(141, 3, 498, '2025-01-22 11:25:48', '2025-01-22 11:25:48'),
(150, 13, 481, '2025-01-23 06:44:27', '2025-01-23 06:44:27'),
(151, 15, 481, '2025-01-23 06:44:27', '2025-01-23 06:44:27'),
(152, 43, 481, '2025-01-23 06:44:27', '2025-01-23 06:44:27'),
(153, 48, 481, '2025-01-23 06:44:27', '2025-01-23 06:44:27'),
(154, 55, 481, '2025-01-23 06:44:27', '2025-01-23 06:44:27'),
(155, 80, 481, '2025-01-23 06:44:27', '2025-01-23 06:44:27'),
(156, 13, 502, '2025-01-23 06:48:48', '2025-01-23 06:48:48'),
(157, 15, 502, '2025-01-23 06:48:48', '2025-01-23 06:48:48'),
(158, 43, 502, '2025-01-23 06:48:48', '2025-01-23 06:48:48'),
(159, 48, 502, '2025-01-23 06:48:48', '2025-01-23 06:48:48'),
(160, 55, 502, '2025-01-23 06:48:48', '2025-01-23 06:48:48'),
(161, 80, 502, '2025-01-23 06:48:48', '2025-01-23 06:48:48'),
(162, 7, 503, '2025-01-23 07:17:54', '2025-01-23 07:17:54'),
(166, 11, 504, '2025-01-23 10:28:14', '2025-01-23 10:28:14'),
(167, 4, 506, '2025-01-23 10:31:57', '2025-01-23 10:31:57'),
(168, 6, 507, '2025-01-24 06:31:52', '2025-01-24 06:31:52'),
(169, 69, 507, '2025-01-24 06:31:53', '2025-01-24 06:31:53'),
(170, 6, 508, '2025-01-24 06:40:33', '2025-01-24 06:40:33'),
(171, 69, 508, '2025-01-24 06:40:33', '2025-01-24 06:40:33'),
(172, 10, 509, '2025-01-24 07:21:16', '2025-01-24 07:21:16'),
(253, 2, 486, '2025-01-28 09:17:03', '2025-01-28 09:17:03'),
(268, 10, 482, '2025-01-29 05:25:11', '2025-01-29 05:25:11'),
(269, 12, 482, '2025-01-29 05:25:11', '2025-01-29 05:25:11'),
(270, 13, 482, '2025-01-29 05:25:11', '2025-01-29 05:25:11'),
(271, 14, 482, '2025-01-29 05:25:11', '2025-01-29 05:25:11'),
(272, 15, 482, '2025-01-29 05:25:11', '2025-01-29 05:25:11'),
(273, 16, 482, '2025-01-29 05:25:11', '2025-01-29 05:25:11'),
(274, 17, 482, '2025-01-29 05:25:11', '2025-01-29 05:25:11'),
(275, 23, 482, '2025-01-29 05:25:11', '2025-01-29 05:25:11'),
(276, 24, 482, '2025-01-29 05:25:11', '2025-01-29 05:25:11'),
(277, 38, 482, '2025-01-29 05:25:11', '2025-01-29 05:25:11'),
(278, 39, 482, '2025-01-29 05:25:11', '2025-01-29 05:25:11'),
(279, 40, 482, '2025-01-29 05:25:11', '2025-01-29 05:25:11'),
(280, 41, 482, '2025-01-29 05:25:11', '2025-01-29 05:25:11'),
(281, 42, 482, '2025-01-29 05:25:11', '2025-01-29 05:25:11'),
(282, 43, 482, '2025-01-29 05:25:11', '2025-01-29 05:25:11'),
(283, 44, 482, '2025-01-29 05:25:11', '2025-01-29 05:25:11'),
(284, 45, 482, '2025-01-29 05:25:11', '2025-01-29 05:25:11'),
(285, 46, 482, '2025-01-29 05:25:11', '2025-01-29 05:25:11'),
(286, 47, 482, '2025-01-29 05:25:11', '2025-01-29 05:25:11'),
(287, 48, 482, '2025-01-29 05:25:11', '2025-01-29 05:25:11'),
(288, 49, 482, '2025-01-29 05:25:11', '2025-01-29 05:25:11'),
(289, 50, 482, '2025-01-29 05:25:11', '2025-01-29 05:25:11'),
(290, 51, 482, '2025-01-29 05:25:11', '2025-01-29 05:25:11'),
(291, 52, 482, '2025-01-29 05:25:11', '2025-01-29 05:25:11'),
(292, 53, 482, '2025-01-29 05:25:11', '2025-01-29 05:25:11'),
(293, 54, 482, '2025-01-29 05:25:11', '2025-01-29 05:25:11'),
(294, 55, 482, '2025-01-29 05:25:11', '2025-01-29 05:25:11'),
(295, 56, 482, '2025-01-29 05:25:11', '2025-01-29 05:25:11'),
(296, 57, 482, '2025-01-29 05:25:11', '2025-01-29 05:25:11'),
(297, 59, 482, '2025-01-29 05:25:11', '2025-01-29 05:25:11'),
(298, 60, 482, '2025-01-29 05:25:11', '2025-01-29 05:25:11'),
(299, 61, 482, '2025-01-29 05:25:11', '2025-01-29 05:25:11'),
(300, 62, 482, '2025-01-29 05:25:11', '2025-01-29 05:25:11'),
(301, 63, 482, '2025-01-29 05:25:11', '2025-01-29 05:25:11'),
(302, 64, 482, '2025-01-29 05:25:11', '2025-01-29 05:25:11'),
(303, 65, 482, '2025-01-29 05:25:11', '2025-01-29 05:25:11'),
(304, 66, 482, '2025-01-29 05:25:11', '2025-01-29 05:25:11'),
(305, 67, 482, '2025-01-29 05:25:11', '2025-01-29 05:25:11'),
(306, 68, 482, '2025-01-29 05:25:11', '2025-01-29 05:25:11'),
(307, 70, 482, '2025-01-29 05:25:11', '2025-01-29 05:25:11'),
(308, 71, 482, '2025-01-29 05:25:11', '2025-01-29 05:25:11'),
(309, 72, 482, '2025-01-29 05:25:11', '2025-01-29 05:25:11'),
(310, 73, 482, '2025-01-29 05:25:11', '2025-01-29 05:25:11'),
(311, 74, 482, '2025-01-29 05:25:11', '2025-01-29 05:25:11'),
(312, 75, 482, '2025-01-29 05:25:11', '2025-01-29 05:25:11'),
(313, 76, 482, '2025-01-29 05:25:11', '2025-01-29 05:25:11'),
(314, 77, 482, '2025-01-29 05:25:11', '2025-01-29 05:25:11'),
(315, 78, 482, '2025-01-29 05:25:11', '2025-01-29 05:25:11'),
(316, 79, 482, '2025-01-29 05:25:11', '2025-01-29 05:25:11'),
(317, 11, 510, '2025-02-01 12:00:37', '2025-02-01 12:00:37'),
(354, 16, 461, '2025-02-20 10:07:50', '2025-02-20 10:07:50'),
(355, 17, 461, '2025-02-20 10:07:50', '2025-02-20 10:07:50'),
(356, 39, 461, '2025-02-20 10:07:50', '2025-02-20 10:07:50'),
(357, 40, 461, '2025-02-20 10:07:50', '2025-02-20 10:07:50'),
(358, 44, 461, '2025-02-20 10:07:50', '2025-02-20 10:07:50'),
(359, 46, 461, '2025-02-20 10:07:50', '2025-02-20 10:07:50'),
(360, 49, 461, '2025-02-20 10:07:50', '2025-02-20 10:07:50'),
(361, 59, 461, '2025-02-20 10:07:50', '2025-02-20 10:07:50'),
(362, 63, 461, '2025-02-20 10:07:50', '2025-02-20 10:07:50'),
(363, 66, 461, '2025-02-20 10:07:50', '2025-02-20 10:07:50'),
(364, 70, 461, '2025-02-20 10:07:50', '2025-02-20 10:07:50'),
(365, 14, 474, '2025-02-20 10:10:21', '2025-02-20 10:10:21'),
(366, 24, 474, '2025-02-20 10:10:21', '2025-02-20 10:10:21'),
(367, 42, 474, '2025-02-20 10:10:21', '2025-02-20 10:10:21'),
(368, 56, 474, '2025-02-20 10:10:21', '2025-02-20 10:10:21'),
(369, 60, 474, '2025-02-20 10:10:21', '2025-02-20 10:10:21'),
(370, 62, 474, '2025-02-20 10:10:21', '2025-02-20 10:10:21'),
(371, 65, 474, '2025-02-20 10:10:21', '2025-02-20 10:10:21'),
(372, 74, 474, '2025-02-20 10:10:21', '2025-02-20 10:10:21'),
(373, 41, 479, '2025-02-24 09:37:41', '2025-02-24 09:37:41'),
(374, 52, 479, '2025-02-24 09:37:41', '2025-02-24 09:37:41'),
(375, 53, 479, '2025-02-24 09:37:41', '2025-02-24 09:37:41'),
(376, 67, 479, '2025-02-24 09:37:41', '2025-02-24 09:37:41'),
(377, 68, 479, '2025-02-24 09:37:41', '2025-02-24 09:37:41'),
(378, 71, 479, '2025-02-24 09:37:41', '2025-02-24 09:37:41'),
(379, 73, 479, '2025-02-24 09:37:41', '2025-02-24 09:37:41'),
(380, 76, 479, '2025-02-24 09:37:41', '2025-02-24 09:37:41'),
(381, 77, 479, '2025-02-24 09:37:41', '2025-02-24 09:37:41'),
(382, 78, 479, '2025-02-24 09:37:41', '2025-02-24 09:37:41'),
(383, 79, 479, '2025-02-24 09:37:41', '2025-02-24 09:37:41'),
(384, 23, 477, '2025-02-24 09:38:36', '2025-02-24 09:38:36'),
(385, 47, 477, '2025-02-24 09:38:36', '2025-02-24 09:38:36'),
(386, 50, 477, '2025-02-24 09:38:36', '2025-02-24 09:38:36'),
(387, 58, 477, '2025-02-24 09:38:36', '2025-02-24 09:38:36'),
(388, 61, 477, '2025-02-24 09:38:36', '2025-02-24 09:38:36'),
(389, 64, 477, '2025-02-24 09:38:36', '2025-02-24 09:38:36'),
(390, 4, 520, '2025-02-28 15:23:22', '2025-02-28 15:23:22');

-- --------------------------------------------------------

--
-- Table structure for table `wards`
--

CREATE TABLE `wards` (
  `id` bigint UNSIGNED NOT NULL,
  `name` varchar(100) COLLATE utf8mb4_unicode_ci NOT NULL,
  `initial` varchar(100) COLLATE utf8mb4_unicode_ci DEFAULT NULL,
  `is_corporation` tinyint(1) NOT NULL DEFAULT '0',
  `created_by` bigint UNSIGNED DEFAULT NULL,
  `updated_by` bigint UNSIGNED DEFAULT NULL,
  `deleted_by` bigint UNSIGNED DEFAULT NULL,
  `created_at` timestamp NULL DEFAULT NULL,
  `updated_at` timestamp NULL DEFAULT NULL,
  `deleted_at` timestamp NULL DEFAULT NULL
) ENGINE=InnoDB DEFAULT CHARSET=utf8mb4 COLLATE=utf8mb4_unicode_ci;

--
-- Dumping data for table `wards`
--

INSERT INTO `wards` (`id`, `name`, `initial`, `is_corporation`, `created_by`, `updated_by`, `deleted_by`, `created_at`, `updated_at`, `deleted_at`) VALUES
(1, 'MUNICIPAL CORPORATION', 'MUNICIPAL CORPORATION', 1, NULL, 1, NULL, '2024-08-08 12:23:11', '2025-02-25 11:36:36', NULL),
(2, 'MAHARASHTRA GOVT', 'MAHARASHTRA GOVT', 1, NULL, 1, NULL, '2024-08-08 12:23:11', '2025-02-25 11:37:17', NULL),
(3, 'EDUCATION', 'Education', 0, 1, 1, NULL, '2024-09-19 05:04:45', '2024-09-19 05:05:24', NULL),
(4, 'TOWN PLANNING', 'TOWN PLANNING', 1, 1, 1, NULL, '2024-09-19 05:05:08', '2025-02-25 11:37:07', NULL),
(5, 'REMUNERATION', 'REMUNERATION', 1, 1, 1, NULL, '2024-09-19 05:05:51', '2025-02-25 11:36:55', NULL),
(6, 'NULM', 'NULM', 1, 1, 1, NULL, '2024-09-19 05:06:17', '2025-02-25 11:36:45', NULL),
(7, 'PMAY', 'PMAY', 1, 1, 1, NULL, '2024-09-19 05:07:35', '2025-02-25 11:36:26', NULL);

--
-- Indexes for dumped tables
--

--
-- Indexes for table `absent_attendance_excels`
--
ALTER TABLE `absent_attendance_excels`
  ADD PRIMARY KEY (`id`);

--
-- Indexes for table `academic_details`
--
ALTER TABLE `academic_details`
  ADD PRIMARY KEY (`id`),
  ADD KEY `academic_details_employee_id_foreign` (`employee_id`),
  ADD KEY `academic_details_created_by_foreign` (`created_by`),
  ADD KEY `academic_details_updated_by_foreign` (`updated_by`),
  ADD KEY `academic_details_deleted_by_foreign` (`deleted_by`);

--
-- Indexes for table `add_employee_leaves`
--
ALTER TABLE `add_employee_leaves`
  ADD PRIMARY KEY (`id`),
  ADD KEY `add_employee_leaves_employee_id_foreign` (`employee_id`),
  ADD KEY `add_employee_leaves_leave_type_id_foreign` (`leave_type_id`),
  ADD KEY `add_employee_leaves_financial_year_id_foreign` (`financial_year_id`),
  ADD KEY `add_employee_leaves_created_by_foreign` (`created_by`),
  ADD KEY `add_employee_leaves_updated_by_foreign` (`updated_by`),
  ADD KEY `add_employee_leaves_deleted_by_foreign` (`deleted_by`);

--
-- Indexes for table `adjust_attandance_imports`
--
ALTER TABLE `adjust_attandance_imports`
  ADD PRIMARY KEY (`id`);

--
-- Indexes for table `allowances`
--
ALTER TABLE `allowances`
  ADD PRIMARY KEY (`id`),
  ADD KEY `allowances_created_by_foreign` (`created_by`),
  ADD KEY `allowances_updated_by_foreign` (`updated_by`),
  ADD KEY `allowances_deleted_by_foreign` (`deleted_by`);

--
-- Indexes for table `attendances`
--
ALTER TABLE `attendances`
  ADD PRIMARY KEY (`id`),
  ADD KEY `attendances_employee_id_foreign` (`employee_id`),
  ADD KEY `attendances_financial_year_id_foreign` (`financial_year_id`),
  ADD KEY `attendances_created_by_foreign` (`created_by`),
  ADD KEY `attendances_updated_by_foreign` (`updated_by`),
  ADD KEY `attendances_deleted_by_foreign` (`deleted_by`);

--
-- Indexes for table `attendance_excel_backups`
--
ALTER TABLE `attendance_excel_backups`
  ADD PRIMARY KEY (`id`),
  ADD KEY `attendance_excel_backups_attendance_id_foreign` (`attendance_id`),
  ADD KEY `attendance_excel_backups_employee_id_foreign` (`employee_id`),
  ADD KEY `attendance_excel_backups_financial_year_id_foreign` (`financial_year_id`);

--
-- Indexes for table `attendance_excel_crons`
--
ALTER TABLE `attendance_excel_crons`
  ADD PRIMARY KEY (`id`),
  ADD KEY `attendance_excel_crons_financial_year_id_foreign` (`financial_year_id`),
  ADD KEY `attendance_excel_crons_created_by_foreign` (`created_by`),
  ADD KEY `attendance_excel_crons_updated_by_foreign` (`updated_by`),
  ADD KEY `attendance_excel_crons_deleted_by_foreign` (`deleted_by`);

--
-- Indexes for table `banks`
--
ALTER TABLE `banks`
  ADD PRIMARY KEY (`id`),
  ADD KEY `banks_created_by_foreign` (`created_by`),
  ADD KEY `banks_updated_by_foreign` (`updated_by`),
  ADD KEY `banks_deleted_by_foreign` (`deleted_by`);

--
-- Indexes for table `clas`
--
ALTER TABLE `clas`
  ADD PRIMARY KEY (`id`),
  ADD KEY `clas_created_by_foreign` (`created_by`),
  ADD KEY `clas_updated_by_foreign` (`updated_by`),
  ADD KEY `clas_deleted_by_foreign` (`deleted_by`);

--
-- Indexes for table `corporations`
--
ALTER TABLE `corporations`
  ADD PRIMARY KEY (`id`),
  ADD KEY `corporations_created_by_foreign` (`created_by`),
  ADD KEY `corporations_updated_by_foreign` (`updated_by`),
  ADD KEY `corporations_deleted_by_foreign` (`deleted_by`);

--
-- Indexes for table `csv_imported_7th_difference`
--
ALTER TABLE `csv_imported_7th_difference`
  ADD PRIMARY KEY (`id`);

--
-- Indexes for table `csv_imported_da`
--
ALTER TABLE `csv_imported_da`
  ADD PRIMARY KEY (`id`);

--
-- Indexes for table `csv_imported_salary`
--
ALTER TABLE `csv_imported_salary`
  ADD PRIMARY KEY (`id`);

--
-- Indexes for table `csv_imported_supplementary`
--
ALTER TABLE `csv_imported_supplementary`
  ADD PRIMARY KEY (`id`);

--
-- Indexes for table `da_bills`
--
ALTER TABLE `da_bills`
  ADD PRIMARY KEY (`id`);

--
-- Indexes for table `da_bill_calculates`
--
ALTER TABLE `da_bill_calculates`
  ADD PRIMARY KEY (`id`),
  ADD KEY `da_bill_calculates_financial_year_id_foreign` (`financial_year_id`),
  ADD KEY `da_bill_calculates_da_bill_id_foreign` (`da_bill_id`),
  ADD KEY `da_bill_calculates_ward_id_foreign` (`ward_id`),
  ADD KEY `da_bill_calculates_department_id_foreign` (`department_id`),
  ADD KEY `da_bill_calculates_designation_id_foreign` (`designation_id`),
  ADD KEY `da_bill_calculates_freeze_attendance_id_foreign` (`freeze_attendance_id`);

--
-- Indexes for table `da_differances`
--
ALTER TABLE `da_differances`
  ADD PRIMARY KEY (`id`),
  ADD KEY `da_differances_financial_year_id_foreign` (`financial_year_id`),
  ADD KEY `da_differances_created_by_foreign` (`created_by`),
  ADD KEY `da_differances_updated_by_foreign` (`updated_by`),
  ADD KEY `da_differances_deleted_by_foreign` (`deleted_by`);

--
-- Indexes for table `deductions`
--
ALTER TABLE `deductions`
  ADD PRIMARY KEY (`id`),
  ADD KEY `deductions_created_by_foreign` (`created_by`),
  ADD KEY `deductions_updated_by_foreign` (`updated_by`),
  ADD KEY `deductions_deleted_by_foreign` (`deleted_by`);

--
-- Indexes for table `departments`
--
ALTER TABLE `departments`
  ADD PRIMARY KEY (`id`),
  ADD KEY `departments_ward_id_foreign` (`ward_id`),
  ADD KEY `departments_created_by_foreign` (`created_by`),
  ADD KEY `departments_updated_by_foreign` (`updated_by`),
  ADD KEY `departments_deleted_by_foreign` (`deleted_by`);

--
-- Indexes for table `designations`
--
ALTER TABLE `designations`
  ADD PRIMARY KEY (`id`),
  ADD KEY `designations_ward_id_foreign` (`ward_id`),
  ADD KEY `designations_department_id_foreign` (`department_id`),
  ADD KEY `designations_clas_id_foreign` (`clas_id`),
  ADD KEY `designations_created_by_foreign` (`created_by`),
  ADD KEY `designations_updated_by_foreign` (`updated_by`),
  ADD KEY `designations_deleted_by_foreign` (`deleted_by`);

--
-- Indexes for table `documents`
--
ALTER TABLE `documents`
  ADD PRIMARY KEY (`id`),
  ADD KEY `documents_created_by_foreign` (`created_by`),
  ADD KEY `documents_updated_by_foreign` (`updated_by`),
  ADD KEY `documents_deleted_by_foreign` (`deleted_by`);

--
-- Indexes for table `employees`
--
ALTER TABLE `employees`
  ADD PRIMARY KEY (`id`),
  ADD KEY `employees_ward_id_foreign` (`ward_id`),
  ADD KEY `employees_department_id_foreign` (`department_id`),
  ADD KEY `employees_clas_id_foreign` (`clas_id`),
  ADD KEY `employees_designation_id_foreign` (`designation_id`),
  ADD KEY `employees_bank_id_foreign` (`bank_id`),
  ADD KEY `employees_created_by_foreign` (`created_by`),
  ADD KEY `employees_updated_by_foreign` (`updated_by`),
  ADD KEY `employees_deleted_by_foreign` (`deleted_by`),
  ADD KEY `employees_status_id_foreign` (`status_id`);

--
-- Indexes for table `employee_allowances`
--
ALTER TABLE `employee_allowances`
  ADD PRIMARY KEY (`id`),
  ADD KEY `employee_allowances_employee_id_foreign` (`employee_id`),
  ADD KEY `employee_allowances_employee_salary_id_foreign` (`employee_salary_id`),
  ADD KEY `employee_allowances_allowance_id_foreign` (`allowance_id`),
  ADD KEY `employee_allowances_created_by_foreign` (`created_by`),
  ADD KEY `employee_allowances_updated_by_foreign` (`updated_by`),
  ADD KEY `employee_allowances_deleted_by_foreign` (`deleted_by`);

--
-- Indexes for table `employee_da_differances`
--
ALTER TABLE `employee_da_differances`
  ADD PRIMARY KEY (`id`),
  ADD KEY `employee_da_differances_da_differance_id_foreign` (`da_differance_id`),
  ADD KEY `employee_da_differances_employee_id_foreign` (`employee_id`),
  ADD KEY `employee_da_differances_financial_year_id_foreign` (`financial_year_id`),
  ADD KEY `employee_da_differances_created_by_foreign` (`created_by`),
  ADD KEY `employee_da_differances_updated_by_foreign` (`updated_by`),
  ADD KEY `employee_da_differances_deleted_by_foreign` (`deleted_by`);

--
-- Indexes for table `employee_deductions`
--
ALTER TABLE `employee_deductions`
  ADD PRIMARY KEY (`id`),
  ADD KEY `employee_deductions_employee_id_foreign` (`employee_id`),
  ADD KEY `employee_deductions_employee_salary_id_foreign` (`employee_salary_id`),
  ADD KEY `employee_deductions_deduction_id_foreign` (`deduction_id`),
  ADD KEY `employee_deductions_created_by_foreign` (`created_by`),
  ADD KEY `employee_deductions_updated_by_foreign` (`updated_by`),
  ADD KEY `employee_deductions_deleted_by_foreign` (`deleted_by`);

--
-- Indexes for table `employee_festival_advances`
--
ALTER TABLE `employee_festival_advances`
  ADD PRIMARY KEY (`id`),
  ADD KEY `employee_festival_advances_employee_id_foreign` (`employee_id`),
  ADD KEY `employee_festival_advances_financial_year_id_foreign` (`financial_year_id`),
  ADD KEY `employee_festival_advances_created_by_foreign` (`created_by`),
  ADD KEY `employee_festival_advances_updated_by_foreign` (`updated_by`),
  ADD KEY `employee_festival_advances_deleted_by_foreign` (`deleted_by`);

--
-- Indexes for table `employee_leaves`
--
ALTER TABLE `employee_leaves`
  ADD PRIMARY KEY (`id`),
  ADD KEY `employee_leaves_employee_id_foreign` (`employee_id`),
  ADD KEY `employee_leaves_leave_type_id_foreign` (`leave_type_id`),
  ADD KEY `employee_leaves_created_by_foreign` (`created_by`),
  ADD KEY `employee_leaves_updated_by_foreign` (`updated_by`),
  ADD KEY `employee_leaves_deleted_by_foreign` (`deleted_by`);

--
-- Indexes for table `employee_loans`
--
ALTER TABLE `employee_loans`
  ADD PRIMARY KEY (`id`),
  ADD KEY `employee_loans_employee_id_foreign` (`employee_id`),
  ADD KEY `employee_loans_loan_id_foreign` (`loan_id`),
  ADD KEY `employee_loans_financial_year_id_foreign` (`financial_year_id`),
  ADD KEY `employee_loans_created_by_foreign` (`created_by`),
  ADD KEY `employee_loans_updated_by_foreign` (`updated_by`),
  ADD KEY `employee_loans_deleted_by_foreign` (`deleted_by`);

--
-- Indexes for table `employee_monthly_festival_advances`
--
ALTER TABLE `employee_monthly_festival_advances`
  ADD PRIMARY KEY (`id`),
  ADD KEY `employee_monthly_festival_advances_employee_id_foreign` (`employee_id`),
  ADD KEY `festival_advance_id` (`employee_festival_advance_id`),
  ADD KEY `employee_monthly_festival_advances_financial_year_id_foreign` (`financial_year_id`),
  ADD KEY `employee_monthly_festival_advances_created_by_foreign` (`created_by`),
  ADD KEY `employee_monthly_festival_advances_updated_by_foreign` (`updated_by`),
  ADD KEY `employee_monthly_festival_advances_deleted_by_foreign` (`deleted_by`);

--
-- Indexes for table `employee_monthly_lics`
--
ALTER TABLE `employee_monthly_lics`
  ADD PRIMARY KEY (`id`),
  ADD KEY `employee_monthly_lics_employee_id_foreign` (`employee_id`),
  ADD KEY `employee_monthly_lics_lic_deduction_id_foreign` (`lic_deduction_id`),
  ADD KEY `employee_monthly_lics_financial_year_id_foreign` (`financial_year_id`),
  ADD KEY `employee_monthly_lics_created_by_foreign` (`created_by`),
  ADD KEY `employee_monthly_lics_updated_by_foreign` (`updated_by`),
  ADD KEY `employee_monthly_lics_deleted_by_foreign` (`deleted_by`);

--
-- Indexes for table `employee_monthly_loans`
--
ALTER TABLE `employee_monthly_loans`
  ADD PRIMARY KEY (`id`),
  ADD KEY `employee_monthly_loans_employee_id_foreign` (`employee_id`),
  ADD KEY `employee_monthly_loans_employee_loan_id_foreign` (`employee_loan_id`),
  ADD KEY `employee_monthly_loans_loan_id_foreign` (`loan_id`),
  ADD KEY `employee_monthly_loans_financial_year_id_foreign` (`financial_year_id`),
  ADD KEY `employee_monthly_loans_created_by_foreign` (`created_by`),
  ADD KEY `employee_monthly_loans_updated_by_foreign` (`updated_by`),
  ADD KEY `employee_monthly_loans_deleted_by_foreign` (`deleted_by`);

--
-- Indexes for table `employee_provident_funds`
--
ALTER TABLE `employee_provident_funds`
  ADD PRIMARY KEY (`id`),
  ADD KEY `employee_provident_funds_employee_id_foreign` (`employee_id`),
  ADD KEY `employee_provident_funds_created_by_foreign` (`created_by`),
  ADD KEY `employee_provident_funds_updated_by_foreign` (`updated_by`),
  ADD KEY `employee_provident_funds_deleted_by_foreign` (`deleted_by`),
  ADD KEY `employee_provident_funds_financial_year_id_foreign` (`financial_year_id`);

--
-- Indexes for table `employee_salaries`
--
ALTER TABLE `employee_salaries`
  ADD PRIMARY KEY (`id`),
  ADD KEY `employee_salaries_employee_id_foreign` (`employee_id`),
  ADD KEY `employee_salaries_pay_scale_id_foreign` (`pay_scale_id`),
  ADD KEY `employee_salaries_created_by_foreign` (`created_by`),
  ADD KEY `employee_salaries_updated_by_foreign` (`updated_by`),
  ADD KEY `employee_salaries_deleted_by_foreign` (`deleted_by`);

--
-- Indexes for table `employee_statuses`
--
ALTER TABLE `employee_statuses`
  ADD PRIMARY KEY (`id`),
  ADD KEY `employee_statuses_employee_id_foreign` (`employee_id`),
  ADD KEY `employee_statuses_status_id_foreign` (`status_id`),
  ADD KEY `employee_statuses_created_by_foreign` (`created_by`),
  ADD KEY `employee_statuses_updated_by_foreign` (`updated_by`),
  ADD KEY `employee_statuses_deleted_by_foreign` (`deleted_by`);

--
-- Indexes for table `employee_transfers`
--
ALTER TABLE `employee_transfers`
  ADD PRIMARY KEY (`id`),
  ADD KEY `employee_transfers_employee_id_foreign` (`employee_id`),
  ADD KEY `employee_transfers_ward_id_foreign` (`ward_id`),
  ADD KEY `employee_transfers_department_id_foreign` (`department_id`),
  ADD KEY `employee_transfers_clas_id_foreign` (`clas_id`),
  ADD KEY `employee_transfers_designation_id_foreign` (`designation_id`),
  ADD KEY `employee_transfers_financial_year_id_foreign` (`financial_year_id`),
  ADD KEY `employee_transfers_created_by_foreign` (`created_by`),
  ADD KEY `employee_transfers_updated_by_foreign` (`updated_by`),
  ADD KEY `employee_transfers_deleted_by_foreign` (`deleted_by`);

--
-- Indexes for table `experiences`
--
ALTER TABLE `experiences`
  ADD PRIMARY KEY (`id`),
  ADD KEY `experiences_employee_id_foreign` (`employee_id`),
  ADD KEY `experiences_created_by_foreign` (`created_by`),
  ADD KEY `experiences_updated_by_foreign` (`updated_by`),
  ADD KEY `experiences_deleted_by_foreign` (`deleted_by`);

--
-- Indexes for table `failed_jobs`
--
ALTER TABLE `failed_jobs`
  ADD PRIMARY KEY (`id`),
  ADD UNIQUE KEY `failed_jobs_uuid_unique` (`uuid`);

--
-- Indexes for table `financial_years`
--
ALTER TABLE `financial_years`
  ADD PRIMARY KEY (`id`),
  ADD KEY `financial_years_created_by_foreign` (`created_by`),
  ADD KEY `financial_years_updated_by_foreign` (`updated_by`),
  ADD KEY `financial_years_deleted_by_foreign` (`deleted_by`);

--
-- Indexes for table `freeze_attendances`
--
ALTER TABLE `freeze_attendances`
  ADD PRIMARY KEY (`id`),
  ADD KEY `freeze_attendances_employee_id_foreign` (`employee_id`),
  ADD KEY `freeze_attendances_ward_id_foreign` (`ward_id`),
  ADD KEY `freeze_attendances_department_id_foreign` (`department_id`),
  ADD KEY `freeze_attendances_designation_id_foreign` (`designation_id`),
  ADD KEY `freeze_attendances_clas_id_foreign` (`clas_id`),
  ADD KEY `freeze_attendances_financial_year_id_foreign` (`financial_year_id`),
  ADD KEY `freeze_attendances_created_by_foreign` (`created_by`),
  ADD KEY `freeze_attendances_updated_by_foreign` (`updated_by`),
  ADD KEY `freeze_attendances_deleted_by_foreign` (`deleted_by`);

--
-- Indexes for table `freeze_crons`
--
ALTER TABLE `freeze_crons`
  ADD PRIMARY KEY (`id`),
  ADD KEY `freeze_crons_ward_id_foreign` (`ward_id`),
  ADD KEY `freeze_crons_financial_year_id_foreign` (`financial_year_id`),
  ADD KEY `freeze_crons_created_by_foreign` (`created_by`),
  ADD KEY `freeze_crons_updated_by_foreign` (`updated_by`),
  ADD KEY `freeze_crons_deleted_by_foreign` (`deleted_by`);

--
-- Indexes for table `freeze_pensions`
--
ALTER TABLE `freeze_pensions`
  ADD PRIMARY KEY (`id`),
  ADD KEY `freeze_pensions_financial_year_id_foreign` (`financial_year_id`),
  ADD KEY `freeze_pensions_employee_id_foreign` (`employee_id`),
  ADD KEY `freeze_pensions_pension_bank_id_foreign` (`pension_bank_id`),
  ADD KEY `freeze_pensions_created_by_foreign` (`created_by`),
  ADD KEY `freeze_pensions_updated_by_foreign` (`updated_by`),
  ADD KEY `freeze_pensions_deleted_by_foreign` (`deleted_by`);

--
-- Indexes for table `freeze_pension_crons`
--
ALTER TABLE `freeze_pension_crons`
  ADD PRIMARY KEY (`id`);

--
-- Indexes for table `freeze_pension_news`
--
ALTER TABLE `freeze_pension_news`
  ADD PRIMARY KEY (`id`),
  ADD KEY `freeze_pension_news_financial_year_id_foreign` (`financial_year_id`),
  ADD KEY `freeze_pension_news_employee_id_foreign` (`employee_id`),
  ADD KEY `freeze_pension_news_pension_bank_id_foreign` (`pension_bank_id`),
  ADD KEY `freeze_pension_news_created_by_foreign` (`created_by`),
  ADD KEY `freeze_pension_news_updated_by_foreign` (`updated_by`),
  ADD KEY `freeze_pension_news_deleted_by_foreign` (`deleted_by`);

--
-- Indexes for table `important_documents`
--
ALTER TABLE `important_documents`
  ADD PRIMARY KEY (`id`),
  ADD KEY `important_documents_employee_id_foreign` (`employee_id`),
  ADD KEY `important_documents_document_id_foreign` (`document_id`),
  ADD KEY `important_documents_created_by_foreign` (`created_by`),
  ADD KEY `important_documents_updated_by_foreign` (`updated_by`),
  ADD KEY `important_documents_deleted_by_foreign` (`deleted_by`);

--
-- Indexes for table `import_excel_files`
--
ALTER TABLE `import_excel_files`
  ADD PRIMARY KEY (`id`);

--
-- Indexes for table `import_pending_employee_leaves`
--
ALTER TABLE `import_pending_employee_leaves`
  ADD PRIMARY KEY (`id`);

--
-- Indexes for table `income_tax`
--
ALTER TABLE `income_tax`
  ADD PRIMARY KEY (`id`),
  ADD UNIQUE KEY `Emp_Code_FY` (`Emp_Code`,`financial_year_id`),
  ADD KEY `income_tax_financial_year_id_foreign` (`financial_year_id`),
  ADD KEY `income_tax_created_by_foreign` (`created_by`),
  ADD KEY `income_tax_updated_by_foreign` (`updated_by`);

--
-- Indexes for table `increment_allowance_salaries`
--
ALTER TABLE `increment_allowance_salaries`
  ADD PRIMARY KEY (`id`),
  ADD KEY `increment_allowance_salaries_allowance_id_foreign` (`allowance_id`),
  ADD KEY `increment_allowance_salaries_created_by_foreign` (`created_by`),
  ADD KEY `increment_allowance_salaries_updated_by_foreign` (`updated_by`),
  ADD KEY `increment_allowance_salaries_deleted_by_foreign` (`deleted_by`);

--
-- Indexes for table `increment_basic_salaries`
--
ALTER TABLE `increment_basic_salaries`
  ADD PRIMARY KEY (`id`),
  ADD KEY `increment_basic_salaries_created_by_foreign` (`created_by`),
  ADD KEY `increment_basic_salaries_updated_by_foreign` (`updated_by`),
  ADD KEY `increment_basic_salaries_deleted_by_foreign` (`deleted_by`);

--
-- Indexes for table `increment_deductions_salaries`
--
ALTER TABLE `increment_deductions_salaries`
  ADD PRIMARY KEY (`id`),
  ADD KEY `increment_deductions_salaries_deduction_id_foreign` (`deduction_id`),
  ADD KEY `increment_deductions_salaries_created_by_foreign` (`created_by`),
  ADD KEY `increment_deductions_salaries_updated_by_foreign` (`updated_by`),
  ADD KEY `increment_deductions_salaries_deleted_by_foreign` (`deleted_by`);

--
-- Indexes for table `leave_types`
--
ALTER TABLE `leave_types`
  ADD PRIMARY KEY (`id`),
  ADD KEY `leave_types_created_by_foreign` (`created_by`),
  ADD KEY `leave_types_updated_by_foreign` (`updated_by`),
  ADD KEY `leave_types_deleted_by_foreign` (`deleted_by`);

--
-- Indexes for table `lic_deductions`
--
ALTER TABLE `lic_deductions`
  ADD PRIMARY KEY (`id`),
  ADD KEY `lic_deductions_employee_id_foreign` (`employee_id`),
  ADD KEY `lic_deductions_created_by_foreign` (`created_by`),
  ADD KEY `lic_deductions_updated_by_foreign` (`updated_by`),
  ADD KEY `lic_deductions_deleted_by_foreign` (`deleted_by`),
  ADD KEY `lic_deductions_financial_year_id_foreign` (`financial_year_id`);

--
-- Indexes for table `loans`
--
ALTER TABLE `loans`
  ADD PRIMARY KEY (`id`),
  ADD KEY `loans_created_by_foreign` (`created_by`),
  ADD KEY `loans_updated_by_foreign` (`updated_by`),
  ADD KEY `loans_deleted_by_foreign` (`deleted_by`);

--
-- Indexes for table `logs`
--
ALTER TABLE `logs`
  ADD PRIMARY KEY (`id`);

--
-- Indexes for table `migrations`
--
ALTER TABLE `migrations`
  ADD PRIMARY KEY (`id`);

--
-- Indexes for table `model_has_permissions`
--
ALTER TABLE `model_has_permissions`
  ADD PRIMARY KEY (`permission_id`,`model_id`,`model_type`),
  ADD KEY `model_has_permissions_model_id_model_type_index` (`model_id`,`model_type`);

--
-- Indexes for table `model_has_roles`
--
ALTER TABLE `model_has_roles`
  ADD PRIMARY KEY (`role_id`,`model_id`,`model_type`),
  ADD KEY `model_has_roles_model_id_model_type_index` (`model_id`,`model_type`);

--
-- Indexes for table `old_employee_allowances`
--
ALTER TABLE `old_employee_allowances`
  ADD PRIMARY KEY (`id`),
  ADD KEY `old_employee_allowances_employee_id_foreign` (`employee_id`),
  ADD KEY `old_employee_allowances_old_employee_salary_id_foreign` (`old_employee_salary_id`),
  ADD KEY `old_employee_allowances_allowance_id_foreign` (`allowance_id`),
  ADD KEY `old_employee_allowances_created_by_foreign` (`created_by`),
  ADD KEY `old_employee_allowances_updated_by_foreign` (`updated_by`),
  ADD KEY `old_employee_allowances_deleted_by_foreign` (`deleted_by`);

--
-- Indexes for table `old_employee_deductions`
--
ALTER TABLE `old_employee_deductions`
  ADD PRIMARY KEY (`id`),
  ADD KEY `old_employee_deductions_employee_id_foreign` (`employee_id`),
  ADD KEY `old_employee_deductions_old_employee_salary_id_foreign` (`old_employee_salary_id`),
  ADD KEY `old_employee_deductions_deduction_id_foreign` (`deduction_id`),
  ADD KEY `old_employee_deductions_created_by_foreign` (`created_by`),
  ADD KEY `old_employee_deductions_updated_by_foreign` (`updated_by`),
  ADD KEY `old_employee_deductions_deleted_by_foreign` (`deleted_by`);

--
-- Indexes for table `old_employee_salaries`
--
ALTER TABLE `old_employee_salaries`
  ADD PRIMARY KEY (`id`),
  ADD KEY `old_employee_salaries_employee_id_foreign` (`employee_id`),
  ADD KEY `old_employee_salaries_pay_scale_id_foreign` (`pay_scale_id`),
  ADD KEY `old_employee_salaries_created_by_foreign` (`created_by`),
  ADD KEY `old_employee_salaries_updated_by_foreign` (`updated_by`),
  ADD KEY `old_employee_salaries_deleted_by_foreign` (`deleted_by`);

--
-- Indexes for table `old_penssioner_payrolls`
--
ALTER TABLE `old_penssioner_payrolls`
  ADD PRIMARY KEY (`id`),
  ADD KEY `old_penssioner_payrolls_pension_new_id_foreign` (`pension_new_id`),
  ADD KEY `old_penssioner_payrolls_pension_item_master_id_foreign` (`pension_item_master_id`),
  ADD KEY `old_penssioner_payrolls_penssioner_payroll_id_foreign` (`penssioner_payroll_id`);

--
-- Indexes for table `pay_msts`
--
ALTER TABLE `pay_msts`
  ADD PRIMARY KEY (`id`),
  ADD KEY `pay_msts_created_by_foreign` (`created_by`),
  ADD KEY `pay_msts_updated_by_foreign` (`updated_by`),
  ADD KEY `pay_msts_deleted_by_foreign` (`deleted_by`);

--
-- Indexes for table `pay_scales`
--
ALTER TABLE `pay_scales`
  ADD PRIMARY KEY (`id`),
  ADD KEY `pay_scales_pay_mst_id_foreign` (`pay_mst_id`),
  ADD KEY `pay_scales_created_by_foreign` (`created_by`),
  ADD KEY `pay_scales_updated_by_foreign` (`updated_by`),
  ADD KEY `pay_scales_deleted_by_foreign` (`deleted_by`);

--
-- Indexes for table `pensions`
--
ALTER TABLE `pensions`
  ADD PRIMARY KEY (`id`),
  ADD KEY `pensions_employee_id_foreign` (`employee_id`),
  ADD KEY `pensions_pension_bank_id_foreign` (`pension_bank_id`),
  ADD KEY `pensions_created_by_foreign` (`created_by`),
  ADD KEY `pensions_updated_by_foreign` (`updated_by`),
  ADD KEY `pensions_deleted_by_foreign` (`deleted_by`);

--
-- Indexes for table `pension_banks`
--
ALTER TABLE `pension_banks`
  ADD PRIMARY KEY (`id`),
  ADD KEY `pension_banks_created_by_foreign` (`created_by`),
  ADD KEY `pension_banks_updated_by_foreign` (`updated_by`),
  ADD KEY `pension_banks_deleted_by_foreign` (`deleted_by`);

--
-- Indexes for table `pension_da_bills`
--
ALTER TABLE `pension_da_bills`
  ADD PRIMARY KEY (`id`);

--
-- Indexes for table `pension_da_bill_calculates`
--
ALTER TABLE `pension_da_bill_calculates`
  ADD PRIMARY KEY (`id`),
  ADD KEY `pension_da_bill_calculates_pension_da_bill_id_foreign` (`pension_da_bill_id`),
  ADD KEY `pension_da_bill_calculates_pension_new_id_foreign` (`pension_new_id`);

--
-- Indexes for table `pension_item_masters`
--
ALTER TABLE `pension_item_masters`
  ADD PRIMARY KEY (`id`);

--
-- Indexes for table `pension_news`
--
ALTER TABLE `pension_news`
  ADD PRIMARY KEY (`id`),
  ADD KEY `pension_news_employee_id_foreign` (`employee_id`),
  ADD KEY `pension_news_ward_id_foreign` (`ward_id`),
  ADD KEY `pension_news_designation_id_foreign` (`designation_id`),
  ADD KEY `pension_news_pay_scale_id_foreign` (`pay_scale_id`),
  ADD KEY `pension_news_pension_bank_id_foreign` (`pension_bank_id`),
  ADD KEY `pension_news_created_by_foreign` (`created_by`),
  ADD KEY `pension_news_updated_by_foreign` (`updated_by`),
  ADD KEY `pension_news_deleted_by_foreign` (`deleted_by`),
  ADD KEY `pension_news_department_id_foreign` (`department_id`);

--
-- Indexes for table `pension_news_1_1_25`
--
ALTER TABLE `pension_news_1_1_25`
  ADD PRIMARY KEY (`id`),
  ADD KEY `pension_news_employee_id_foreign` (`employee_id`),
  ADD KEY `pension_news_ward_id_foreign` (`ward_id`),
  ADD KEY `pension_news_designation_id_foreign` (`designation_id`),
  ADD KEY `pension_news_pay_scale_id_foreign` (`pay_scale_id`),
  ADD KEY `pension_news_pension_bank_id_foreign` (`pension_bank_id`),
  ADD KEY `pension_news_created_by_foreign` (`created_by`),
  ADD KEY `pension_news_updated_by_foreign` (`updated_by`),
  ADD KEY `pension_news_deleted_by_foreign` (`deleted_by`);

--
-- Indexes for table `pension_payroll_calculates`
--
ALTER TABLE `pension_payroll_calculates`
  ADD PRIMARY KEY (`id`),
  ADD KEY `pension_payroll_calculates_pension_new_id_foreign` (`pension_new_id`),
  ADD KEY `pension_payroll_calculates_freeze_pension_cron_id_foreign` (`freeze_pension_cron_id`);

--
-- Indexes for table `penssioner_payrolls`
--
ALTER TABLE `penssioner_payrolls`
  ADD PRIMARY KEY (`id`),
  ADD KEY `penssioner_payrolls_pension_new_id_foreign` (`pension_new_id`),
  ADD KEY `penssioner_payrolls_pension_item_master_id_foreign` (`pension_item_master_id`);

--
-- Indexes for table `permissions`
--
ALTER TABLE `permissions`
  ADD PRIMARY KEY (`id`),
  ADD UNIQUE KEY `permissions_name_guard_name_unique` (`name`,`guard_name`);

--
-- Indexes for table `pf_intrest_rates`
--
ALTER TABLE `pf_intrest_rates`
  ADD PRIMARY KEY (`id`),
  ADD KEY `pf_intrest_rates_created_by_foreign` (`created_by`),
  ADD KEY `pf_intrest_rates_updated_by_foreign` (`updated_by`),
  ADD KEY `pf_intrest_rates_deleted_by_foreign` (`deleted_by`);

--
-- Indexes for table `pf_opening_balances`
--
ALTER TABLE `pf_opening_balances`
  ADD PRIMARY KEY (`id`),
  ADD KEY `pf_opening_balances_employee_id_foreign` (`employee_id`),
  ADD KEY `pf_opening_balances_financial_year_id_foreign` (`financial_year_id`),
  ADD KEY `pf_opening_balances_created_by_foreign` (`created_by`),
  ADD KEY `pf_opening_balances_updated_by_foreign` (`updated_by`),
  ADD KEY `pf_opening_balances_deleted_by_foreign` (`deleted_by`);

--
-- Indexes for table `remaining_freeze_salaries`
--
ALTER TABLE `remaining_freeze_salaries`
  ADD PRIMARY KEY (`id`),
  ADD KEY `remaining_freeze_salaries_freeze_attendance_id_foreign` (`freeze_attendance_id`),
  ADD KEY `remaining_freeze_salaries_employee_id_foreign` (`employee_id`),
  ADD KEY `remaining_freeze_salaries_created_by_foreign` (`created_by`),
  ADD KEY `remaining_freeze_salaries_updated_by_foreign` (`updated_by`),
  ADD KEY `remaining_freeze_salaries_deleted_by_foreign` (`deleted_by`);

--
-- Indexes for table `roles`
--
ALTER TABLE `roles`
  ADD PRIMARY KEY (`id`),
  ADD UNIQUE KEY `roles_name_guard_name_unique` (`name`,`guard_name`);

--
-- Indexes for table `role_has_permissions`
--
ALTER TABLE `role_has_permissions`
  ADD PRIMARY KEY (`permission_id`,`role_id`),
  ADD KEY `role_has_permissions_role_id_foreign` (`role_id`);

--
-- Indexes for table `settings`
--
ALTER TABLE `settings`
  ADD PRIMARY KEY (`id`);

--
-- Indexes for table `statuses`
--
ALTER TABLE `statuses`
  ADD PRIMARY KEY (`id`),
  ADD KEY `statuses_created_by_foreign` (`created_by`),
  ADD KEY `statuses_updated_by_foreign` (`updated_by`),
  ADD KEY `statuses_deleted_by_foreign` (`deleted_by`);

--
-- Indexes for table `suplimentary_employee_leave_bills`
--
ALTER TABLE `suplimentary_employee_leave_bills`
  ADD PRIMARY KEY (`id`),
  ADD KEY `suplimentary_employee_leave_bills_suplimentry_leave_id_foreign` (`suplimentry_leave_id`),
  ADD KEY `suplimentary_employee_leave_bills_employee_id_foreign` (`employee_id`),
  ADD KEY `suplimentary_employee_leave_bills_created_by_foreign` (`created_by`),
  ADD KEY `suplimentary_employee_leave_bills_updated_by_foreign` (`updated_by`),
  ADD KEY `suplimentary_employee_leave_bills_deleted_by_foreign` (`deleted_by`);

--
-- Indexes for table `suplimentary_leave_bills`
--
ALTER TABLE `suplimentary_leave_bills`
  ADD PRIMARY KEY (`id`),
  ADD KEY `suplimentary_leave_bills_supplimentary_bill_id_foreign` (`supplimentary_bill_id`),
  ADD KEY `suplimentary_leave_bills_created_by_foreign` (`created_by`),
  ADD KEY `suplimentary_leave_bills_updated_by_foreign` (`updated_by`),
  ADD KEY `suplimentary_leave_bills_deleted_by_foreign` (`deleted_by`);

--
-- Indexes for table `suplimentry_employee_bills`
--
ALTER TABLE `suplimentry_employee_bills`
  ADD PRIMARY KEY (`id`),
  ADD KEY `suplimentry_employee_bills_supplimentary_bill_id_foreign` (`supplimentary_bill_id`),
  ADD KEY `suplimentry_employee_bills_employee_id_foreign` (`employee_id`),
  ADD KEY `suplimentry_employee_bills_department_id_foreign` (`department_id`),
  ADD KEY `suplimentry_employee_bills_created_by_foreign` (`created_by`),
  ADD KEY `suplimentry_employee_bills_updated_by_foreign` (`updated_by`),
  ADD KEY `suplimentry_employee_bills_deleted_by_foreign` (`deleted_by`);

--
-- Indexes for table `supplimentary_bills`
--
ALTER TABLE `supplimentary_bills`
  ADD PRIMARY KEY (`id`),
  ADD KEY `supplimentary_bills_ward_id_foreign` (`ward_id`),
  ADD KEY `supplimentary_bills_financial_year_id_foreign` (`financial_year_id`),
  ADD KEY `supplimentary_bills_created_by_foreign` (`created_by`),
  ADD KEY `supplimentary_bills_updated_by_foreign` (`updated_by`),
  ADD KEY `supplimentary_bills_deleted_by_foreign` (`deleted_by`);

--
-- Indexes for table `tds_details`
--
ALTER TABLE `tds_details`
  ADD PRIMARY KEY (`id`),
  ADD KEY `tds_details_created_by_foreign` (`created_by`),
  ADD KEY `tds_details_updated_by_foreign` (`updated_by`);

--
-- Indexes for table `ten_day_attendnces`
--
ALTER TABLE `ten_day_attendnces`
  ADD PRIMARY KEY (`id`),
  ADD KEY `ten_day_attendnces_employee_id_foreign` (`employee_id`),
  ADD KEY `ten_day_attendnces_financial_year_id_foreign` (`financial_year_id`),
  ADD KEY `ten_day_attendnces_created_by_foreign` (`created_by`),
  ADD KEY `ten_day_attendnces_updated_by_foreign` (`updated_by`),
  ADD KEY `ten_day_attendnces_deleted_by_foreign` (`deleted_by`);

--
-- Indexes for table `twenty_day_attendnces`
--
ALTER TABLE `twenty_day_attendnces`
  ADD PRIMARY KEY (`id`),
  ADD KEY `twenty_day_attendnces_employee_id_foreign` (`employee_id`),
  ADD KEY `twenty_day_attendnces_financial_year_id_foreign` (`financial_year_id`),
  ADD KEY `twenty_day_attendnces_created_by_foreign` (`created_by`),
  ADD KEY `twenty_day_attendnces_updated_by_foreign` (`updated_by`),
  ADD KEY `twenty_day_attendnces_deleted_by_foreign` (`deleted_by`);

--
-- Indexes for table `user_departments`
--
ALTER TABLE `user_departments`
  ADD PRIMARY KEY (`id`),
  ADD KEY `user_departments_department_id_foreign` (`department_id`),
  ADD KEY `user_departments_user_id_foreign` (`user_id`);

--
-- Indexes for table `wards`
--
ALTER TABLE `wards`
  ADD PRIMARY KEY (`id`),
  ADD KEY `wards_created_by_foreign` (`created_by`),
  ADD KEY `wards_updated_by_foreign` (`updated_by`),
  ADD KEY `wards_deleted_by_foreign` (`deleted_by`);

--
-- AUTO_INCREMENT for dumped tables
--

--
-- AUTO_INCREMENT for table `absent_attendance_excels`
--
ALTER TABLE `absent_attendance_excels`
  MODIFY `id` bigint UNSIGNED NOT NULL AUTO_INCREMENT, AUTO_INCREMENT=43;

--
-- AUTO_INCREMENT for table `academic_details`
--
ALTER TABLE `academic_details`
  MODIFY `id` bigint UNSIGNED NOT NULL AUTO_INCREMENT;

--
-- AUTO_INCREMENT for table `add_employee_leaves`
--
ALTER TABLE `add_employee_leaves`
  MODIFY `id` bigint UNSIGNED NOT NULL AUTO_INCREMENT, AUTO_INCREMENT=8406;

--
-- AUTO_INCREMENT for table `adjust_attandance_imports`
--
ALTER TABLE `adjust_attandance_imports`
  MODIFY `id` bigint UNSIGNED NOT NULL AUTO_INCREMENT, AUTO_INCREMENT=4;

--
-- AUTO_INCREMENT for table `allowances`
--
ALTER TABLE `allowances`
  MODIFY `id` bigint UNSIGNED NOT NULL AUTO_INCREMENT, AUTO_INCREMENT=16;

--
-- AUTO_INCREMENT for table `attendances`
--
ALTER TABLE `attendances`
  MODIFY `id` bigint UNSIGNED NOT NULL AUTO_INCREMENT, AUTO_INCREMENT=11453;

--
-- AUTO_INCREMENT for table `attendance_excel_backups`
--
ALTER TABLE `attendance_excel_backups`
  MODIFY `id` bigint UNSIGNED NOT NULL AUTO_INCREMENT, AUTO_INCREMENT=2173;

--
-- AUTO_INCREMENT for table `attendance_excel_crons`
--
ALTER TABLE `attendance_excel_crons`
  MODIFY `id` bigint UNSIGNED NOT NULL AUTO_INCREMENT;

--
-- AUTO_INCREMENT for table `banks`
--
ALTER TABLE `banks`
  MODIFY `id` bigint UNSIGNED NOT NULL AUTO_INCREMENT, AUTO_INCREMENT=19;

--
-- AUTO_INCREMENT for table `clas`
--
ALTER TABLE `clas`
  MODIFY `id` bigint UNSIGNED NOT NULL AUTO_INCREMENT, AUTO_INCREMENT=5;

--
-- AUTO_INCREMENT for table `corporations`
--
ALTER TABLE `corporations`
  MODIFY `id` bigint UNSIGNED NOT NULL AUTO_INCREMENT, AUTO_INCREMENT=2;

--
-- AUTO_INCREMENT for table `csv_imported_7th_difference`
--
ALTER TABLE `csv_imported_7th_difference`
  MODIFY `id` int NOT NULL AUTO_INCREMENT, AUTO_INCREMENT=233;

--
-- AUTO_INCREMENT for table `csv_imported_da`
--
ALTER TABLE `csv_imported_da`
  MODIFY `id` int NOT NULL AUTO_INCREMENT, AUTO_INCREMENT=4013;

--
-- AUTO_INCREMENT for table `csv_imported_salary`
--
ALTER TABLE `csv_imported_salary`
  MODIFY `id` int NOT NULL AUTO_INCREMENT, AUTO_INCREMENT=2547;

--
-- AUTO_INCREMENT for table `csv_imported_supplementary`
--
ALTER TABLE `csv_imported_supplementary`
  MODIFY `id` int NOT NULL AUTO_INCREMENT, AUTO_INCREMENT=546;

--
-- AUTO_INCREMENT for table `da_bills`
--
ALTER TABLE `da_bills`
  MODIFY `id` bigint UNSIGNED NOT NULL AUTO_INCREMENT, AUTO_INCREMENT=7;

--
-- AUTO_INCREMENT for table `da_bill_calculates`
--
ALTER TABLE `da_bill_calculates`
  MODIFY `id` bigint UNSIGNED NOT NULL AUTO_INCREMENT, AUTO_INCREMENT=45763;

--
-- AUTO_INCREMENT for table `da_differances`
--
ALTER TABLE `da_differances`
  MODIFY `id` bigint UNSIGNED NOT NULL AUTO_INCREMENT;

--
-- AUTO_INCREMENT for table `deductions`
--
ALTER TABLE `deductions`
  MODIFY `id` bigint UNSIGNED NOT NULL AUTO_INCREMENT, AUTO_INCREMENT=27;

--
-- AUTO_INCREMENT for table `departments`
--
ALTER TABLE `departments`
  MODIFY `id` bigint UNSIGNED NOT NULL AUTO_INCREMENT, AUTO_INCREMENT=81;

--
-- AUTO_INCREMENT for table `designations`
--
ALTER TABLE `designations`
  MODIFY `id` bigint UNSIGNED NOT NULL AUTO_INCREMENT, AUTO_INCREMENT=86;

--
-- AUTO_INCREMENT for table `documents`
--
ALTER TABLE `documents`
  MODIFY `id` bigint UNSIGNED NOT NULL AUTO_INCREMENT;

--
-- AUTO_INCREMENT for table `employees`
--
ALTER TABLE `employees`
  MODIFY `id` bigint UNSIGNED NOT NULL AUTO_INCREMENT, AUTO_INCREMENT=1192;

--
-- AUTO_INCREMENT for table `employee_allowances`
--
ALTER TABLE `employee_allowances`
  MODIFY `id` bigint UNSIGNED NOT NULL AUTO_INCREMENT, AUTO_INCREMENT=5812;

--
-- AUTO_INCREMENT for table `employee_da_differances`
--
ALTER TABLE `employee_da_differances`
  MODIFY `id` bigint UNSIGNED NOT NULL AUTO_INCREMENT;

--
-- AUTO_INCREMENT for table `employee_deductions`
--
ALTER TABLE `employee_deductions`
  MODIFY `id` bigint UNSIGNED NOT NULL AUTO_INCREMENT, AUTO_INCREMENT=8087;

--
-- AUTO_INCREMENT for table `employee_festival_advances`
--
ALTER TABLE `employee_festival_advances`
  MODIFY `id` bigint UNSIGNED NOT NULL AUTO_INCREMENT;

--
-- AUTO_INCREMENT for table `employee_leaves`
--
ALTER TABLE `employee_leaves`
  MODIFY `id` bigint UNSIGNED NOT NULL AUTO_INCREMENT, AUTO_INCREMENT=6819;

--
-- AUTO_INCREMENT for table `employee_loans`
--
ALTER TABLE `employee_loans`
  MODIFY `id` bigint UNSIGNED NOT NULL AUTO_INCREMENT;

--
-- AUTO_INCREMENT for table `employee_monthly_festival_advances`
--
ALTER TABLE `employee_monthly_festival_advances`
  MODIFY `id` bigint UNSIGNED NOT NULL AUTO_INCREMENT;

--
-- AUTO_INCREMENT for table `employee_monthly_lics`
--
ALTER TABLE `employee_monthly_lics`
  MODIFY `id` bigint UNSIGNED NOT NULL AUTO_INCREMENT;

--
-- AUTO_INCREMENT for table `employee_monthly_loans`
--
ALTER TABLE `employee_monthly_loans`
  MODIFY `id` bigint UNSIGNED NOT NULL AUTO_INCREMENT;

--
-- AUTO_INCREMENT for table `employee_provident_funds`
--
ALTER TABLE `employee_provident_funds`
  MODIFY `id` bigint UNSIGNED NOT NULL AUTO_INCREMENT, AUTO_INCREMENT=1029976;

--
-- AUTO_INCREMENT for table `employee_salaries`
--
ALTER TABLE `employee_salaries`
  MODIFY `id` bigint UNSIGNED NOT NULL AUTO_INCREMENT, AUTO_INCREMENT=1095;

--
-- AUTO_INCREMENT for table `employee_statuses`
--
ALTER TABLE `employee_statuses`
  MODIFY `id` bigint UNSIGNED NOT NULL AUTO_INCREMENT, AUTO_INCREMENT=107;

--
-- AUTO_INCREMENT for table `employee_transfers`
--
ALTER TABLE `employee_transfers`
  MODIFY `id` bigint UNSIGNED NOT NULL AUTO_INCREMENT;

--
-- AUTO_INCREMENT for table `experiences`
--
ALTER TABLE `experiences`
  MODIFY `id` bigint UNSIGNED NOT NULL AUTO_INCREMENT;

--
-- AUTO_INCREMENT for table `failed_jobs`
--
ALTER TABLE `failed_jobs`
  MODIFY `id` bigint UNSIGNED NOT NULL AUTO_INCREMENT;

--
-- AUTO_INCREMENT for table `financial_years`
--
ALTER TABLE `financial_years`
  MODIFY `id` bigint UNSIGNED NOT NULL AUTO_INCREMENT, AUTO_INCREMENT=3;

--
-- AUTO_INCREMENT for table `freeze_attendances`
--
ALTER TABLE `freeze_attendances`
  MODIFY `id` bigint UNSIGNED NOT NULL AUTO_INCREMENT, AUTO_INCREMENT=1028389;

--
-- AUTO_INCREMENT for table `freeze_crons`
--
ALTER TABLE `freeze_crons`
  MODIFY `id` bigint UNSIGNED NOT NULL AUTO_INCREMENT, AUTO_INCREMENT=205;

--
-- AUTO_INCREMENT for table `freeze_pensions`
--
ALTER TABLE `freeze_pensions`
  MODIFY `id` bigint UNSIGNED NOT NULL AUTO_INCREMENT;

--
-- AUTO_INCREMENT for table `freeze_pension_crons`
--
ALTER TABLE `freeze_pension_crons`
  MODIFY `id` bigint UNSIGNED NOT NULL AUTO_INCREMENT;

--
-- AUTO_INCREMENT for table `freeze_pension_news`
--
ALTER TABLE `freeze_pension_news`
  MODIFY `id` bigint UNSIGNED NOT NULL AUTO_INCREMENT, AUTO_INCREMENT=28798;

--
-- AUTO_INCREMENT for table `important_documents`
--
ALTER TABLE `important_documents`
  MODIFY `id` bigint UNSIGNED NOT NULL AUTO_INCREMENT;

--
-- AUTO_INCREMENT for table `import_excel_files`
--
ALTER TABLE `import_excel_files`
  MODIFY `id` bigint UNSIGNED NOT NULL AUTO_INCREMENT, AUTO_INCREMENT=7;

--
-- AUTO_INCREMENT for table `import_pending_employee_leaves`
--
ALTER TABLE `import_pending_employee_leaves`
  MODIFY `id` bigint UNSIGNED NOT NULL AUTO_INCREMENT, AUTO_INCREMENT=13;

--
-- AUTO_INCREMENT for table `income_tax`
--
ALTER TABLE `income_tax`
  MODIFY `id` bigint UNSIGNED NOT NULL AUTO_INCREMENT, AUTO_INCREMENT=13232;

--
-- AUTO_INCREMENT for table `increment_allowance_salaries`
--
ALTER TABLE `increment_allowance_salaries`
  MODIFY `id` bigint UNSIGNED NOT NULL AUTO_INCREMENT, AUTO_INCREMENT=2;

--
-- AUTO_INCREMENT for table `increment_basic_salaries`
--
ALTER TABLE `increment_basic_salaries`
  MODIFY `id` bigint UNSIGNED NOT NULL AUTO_INCREMENT, AUTO_INCREMENT=8;

--
-- AUTO_INCREMENT for table `increment_deductions_salaries`
--
ALTER TABLE `increment_deductions_salaries`
  MODIFY `id` bigint UNSIGNED NOT NULL AUTO_INCREMENT, AUTO_INCREMENT=8;

--
-- AUTO_INCREMENT for table `leave_types`
--
ALTER TABLE `leave_types`
  MODIFY `id` bigint UNSIGNED NOT NULL AUTO_INCREMENT, AUTO_INCREMENT=7;

--
-- AUTO_INCREMENT for table `lic_deductions`
--
ALTER TABLE `lic_deductions`
  MODIFY `id` bigint UNSIGNED NOT NULL AUTO_INCREMENT;

--
-- AUTO_INCREMENT for table `loans`
--
ALTER TABLE `loans`
  MODIFY `id` bigint UNSIGNED NOT NULL AUTO_INCREMENT, AUTO_INCREMENT=2;

--
-- AUTO_INCREMENT for table `logs`
--
ALTER TABLE `logs`
  MODIFY `id` bigint UNSIGNED NOT NULL AUTO_INCREMENT;

--
-- AUTO_INCREMENT for table `migrations`
--
ALTER TABLE `migrations`
  MODIFY `id` int UNSIGNED NOT NULL AUTO_INCREMENT, AUTO_INCREMENT=167;

--
-- AUTO_INCREMENT for table `old_employee_allowances`
--
ALTER TABLE `old_employee_allowances`
  MODIFY `id` bigint UNSIGNED NOT NULL AUTO_INCREMENT, AUTO_INCREMENT=7780;

--
-- AUTO_INCREMENT for table `old_employee_deductions`
--
ALTER TABLE `old_employee_deductions`
  MODIFY `id` bigint UNSIGNED NOT NULL AUTO_INCREMENT, AUTO_INCREMENT=14563;

--
-- AUTO_INCREMENT for table `old_employee_salaries`
--
ALTER TABLE `old_employee_salaries`
  MODIFY `id` bigint UNSIGNED NOT NULL AUTO_INCREMENT, AUTO_INCREMENT=2745;

--
-- AUTO_INCREMENT for table `old_penssioner_payrolls`
--
ALTER TABLE `old_penssioner_payrolls`
  MODIFY `id` bigint UNSIGNED NOT NULL AUTO_INCREMENT;

--
-- AUTO_INCREMENT for table `pay_msts`
--
ALTER TABLE `pay_msts`
  MODIFY `id` bigint UNSIGNED NOT NULL AUTO_INCREMENT, AUTO_INCREMENT=2;

--
-- AUTO_INCREMENT for table `pay_scales`
--
ALTER TABLE `pay_scales`
  MODIFY `id` bigint UNSIGNED NOT NULL AUTO_INCREMENT, AUTO_INCREMENT=1346;

--
-- AUTO_INCREMENT for table `pensions`
--
ALTER TABLE `pensions`
  MODIFY `id` bigint UNSIGNED NOT NULL AUTO_INCREMENT;

--
-- AUTO_INCREMENT for table `pension_banks`
--
ALTER TABLE `pension_banks`
  MODIFY `id` bigint UNSIGNED NOT NULL AUTO_INCREMENT, AUTO_INCREMENT=7;

--
-- AUTO_INCREMENT for table `pension_da_bills`
--
ALTER TABLE `pension_da_bills`
  MODIFY `id` bigint UNSIGNED NOT NULL AUTO_INCREMENT;

--
-- AUTO_INCREMENT for table `pension_da_bill_calculates`
--
ALTER TABLE `pension_da_bill_calculates`
  MODIFY `id` bigint UNSIGNED NOT NULL AUTO_INCREMENT;

--
-- AUTO_INCREMENT for table `pension_item_masters`
--
ALTER TABLE `pension_item_masters`
  MODIFY `id` bigint UNSIGNED NOT NULL AUTO_INCREMENT, AUTO_INCREMENT=10;

--
-- AUTO_INCREMENT for table `pension_news`
--
ALTER TABLE `pension_news`
  MODIFY `id` bigint UNSIGNED NOT NULL AUTO_INCREMENT, AUTO_INCREMENT=632;

--
-- AUTO_INCREMENT for table `pension_news_1_1_25`
--
ALTER TABLE `pension_news_1_1_25`
  MODIFY `id` bigint UNSIGNED NOT NULL AUTO_INCREMENT, AUTO_INCREMENT=626;

--
-- AUTO_INCREMENT for table `pension_payroll_calculates`
--
ALTER TABLE `pension_payroll_calculates`
  MODIFY `id` bigint UNSIGNED NOT NULL AUTO_INCREMENT, AUTO_INCREMENT=2466;

--
-- AUTO_INCREMENT for table `penssioner_payrolls`
--
ALTER TABLE `penssioner_payrolls`
  MODIFY `id` bigint UNSIGNED NOT NULL AUTO_INCREMENT, AUTO_INCREMENT=1212;

--
-- AUTO_INCREMENT for table `permissions`
--
ALTER TABLE `permissions`
  MODIFY `id` bigint UNSIGNED NOT NULL AUTO_INCREMENT, AUTO_INCREMENT=186;

--
-- AUTO_INCREMENT for table `pf_intrest_rates`
--
ALTER TABLE `pf_intrest_rates`
  MODIFY `id` bigint UNSIGNED NOT NULL AUTO_INCREMENT, AUTO_INCREMENT=2;

--
-- AUTO_INCREMENT for table `pf_opening_balances`
--
ALTER TABLE `pf_opening_balances`
  MODIFY `id` bigint UNSIGNED NOT NULL AUTO_INCREMENT, AUTO_INCREMENT=569;

--
-- AUTO_INCREMENT for table `remaining_freeze_salaries`
--
ALTER TABLE `remaining_freeze_salaries`
  MODIFY `id` bigint UNSIGNED NOT NULL AUTO_INCREMENT, AUTO_INCREMENT=288928;

--
-- AUTO_INCREMENT for table `roles`
--
ALTER TABLE `roles`
  MODIFY `id` bigint UNSIGNED NOT NULL AUTO_INCREMENT, AUTO_INCREMENT=12;

--
-- AUTO_INCREMENT for table `settings`
--
ALTER TABLE `settings`
  MODIFY `id` bigint UNSIGNED NOT NULL AUTO_INCREMENT, AUTO_INCREMENT=7;

--
-- AUTO_INCREMENT for table `statuses`
--
ALTER TABLE `statuses`
  MODIFY `id` bigint UNSIGNED NOT NULL AUTO_INCREMENT, AUTO_INCREMENT=11;

--
-- AUTO_INCREMENT for table `suplimentary_employee_leave_bills`
--
ALTER TABLE `suplimentary_employee_leave_bills`
  MODIFY `id` bigint UNSIGNED NOT NULL AUTO_INCREMENT, AUTO_INCREMENT=3676;

--
-- AUTO_INCREMENT for table `suplimentary_leave_bills`
--
ALTER TABLE `suplimentary_leave_bills`
  MODIFY `id` bigint UNSIGNED NOT NULL AUTO_INCREMENT, AUTO_INCREMENT=5;

--
-- AUTO_INCREMENT for table `suplimentry_employee_bills`
--
ALTER TABLE `suplimentry_employee_bills`
  MODIFY `id` bigint UNSIGNED NOT NULL AUTO_INCREMENT, AUTO_INCREMENT=1007;

--
-- AUTO_INCREMENT for table `supplimentary_bills`
--
ALTER TABLE `supplimentary_bills`
  MODIFY `id` bigint UNSIGNED NOT NULL AUTO_INCREMENT, AUTO_INCREMENT=6;

--
-- AUTO_INCREMENT for table `tds_details`
--
ALTER TABLE `tds_details`
  MODIFY `id` bigint UNSIGNED NOT NULL AUTO_INCREMENT;

--
-- AUTO_INCREMENT for table `ten_day_attendnces`
--
ALTER TABLE `ten_day_attendnces`
  MODIFY `id` bigint UNSIGNED NOT NULL AUTO_INCREMENT;

--
-- AUTO_INCREMENT for table `twenty_day_attendnces`
--
ALTER TABLE `twenty_day_attendnces`
  MODIFY `id` bigint UNSIGNED NOT NULL AUTO_INCREMENT;

--
-- AUTO_INCREMENT for table `user_departments`
--
ALTER TABLE `user_departments`
  MODIFY `id` bigint UNSIGNED NOT NULL AUTO_INCREMENT, AUTO_INCREMENT=391;

--
-- AUTO_INCREMENT for table `wards`
--
ALTER TABLE `wards`
  MODIFY `id` bigint UNSIGNED NOT NULL AUTO_INCREMENT, AUTO_INCREMENT=8;

--
-- Constraints for dumped tables
--

--
-- Constraints for table `academic_details`
--
ALTER TABLE `academic_details`
  ADD CONSTRAINT `academic_details_created_by_foreign` FOREIGN KEY (`created_by`) REFERENCES `users` (`id`),
  ADD CONSTRAINT `academic_details_deleted_by_foreign` FOREIGN KEY (`deleted_by`) REFERENCES `users` (`id`),
  ADD CONSTRAINT `academic_details_employee_id_foreign` FOREIGN KEY (`employee_id`) REFERENCES `employees` (`id`) ON DELETE CASCADE ON UPDATE CASCADE,
  ADD CONSTRAINT `academic_details_updated_by_foreign` FOREIGN KEY (`updated_by`) REFERENCES `users` (`id`);

--
-- Constraints for table `add_employee_leaves`
--
ALTER TABLE `add_employee_leaves`
  ADD CONSTRAINT `add_employee_leaves_created_by_foreign` FOREIGN KEY (`created_by`) REFERENCES `users` (`id`),
  ADD CONSTRAINT `add_employee_leaves_deleted_by_foreign` FOREIGN KEY (`deleted_by`) REFERENCES `users` (`id`),
  ADD CONSTRAINT `add_employee_leaves_employee_id_foreign` FOREIGN KEY (`employee_id`) REFERENCES `employees` (`id`),
  ADD CONSTRAINT `add_employee_leaves_financial_year_id_foreign` FOREIGN KEY (`financial_year_id`) REFERENCES `financial_years` (`id`),
  ADD CONSTRAINT `add_employee_leaves_leave_type_id_foreign` FOREIGN KEY (`leave_type_id`) REFERENCES `leave_types` (`id`),
  ADD CONSTRAINT `add_employee_leaves_updated_by_foreign` FOREIGN KEY (`updated_by`) REFERENCES `users` (`id`);

--
-- Constraints for table `allowances`
--
ALTER TABLE `allowances`
  ADD CONSTRAINT `allowances_created_by_foreign` FOREIGN KEY (`created_by`) REFERENCES `users` (`id`),
  ADD CONSTRAINT `allowances_deleted_by_foreign` FOREIGN KEY (`deleted_by`) REFERENCES `users` (`id`),
  ADD CONSTRAINT `allowances_updated_by_foreign` FOREIGN KEY (`updated_by`) REFERENCES `users` (`id`);

--
-- Constraints for table `attendances`
--
ALTER TABLE `attendances`
  ADD CONSTRAINT `attendances_created_by_foreign` FOREIGN KEY (`created_by`) REFERENCES `users` (`id`),
  ADD CONSTRAINT `attendances_deleted_by_foreign` FOREIGN KEY (`deleted_by`) REFERENCES `users` (`id`),
  ADD CONSTRAINT `attendances_employee_id_foreign` FOREIGN KEY (`employee_id`) REFERENCES `employees` (`id`),
  ADD CONSTRAINT `attendances_financial_year_id_foreign` FOREIGN KEY (`financial_year_id`) REFERENCES `financial_years` (`id`),
  ADD CONSTRAINT `attendances_updated_by_foreign` FOREIGN KEY (`updated_by`) REFERENCES `users` (`id`);

--
-- Constraints for table `attendance_excel_backups`
--
ALTER TABLE `attendance_excel_backups`
  ADD CONSTRAINT `attendance_excel_backups_attendance_id_foreign` FOREIGN KEY (`attendance_id`) REFERENCES `attendances` (`id`),
  ADD CONSTRAINT `attendance_excel_backups_employee_id_foreign` FOREIGN KEY (`employee_id`) REFERENCES `employees` (`id`),
  ADD CONSTRAINT `attendance_excel_backups_financial_year_id_foreign` FOREIGN KEY (`financial_year_id`) REFERENCES `financial_years` (`id`);

--
-- Constraints for table `attendance_excel_crons`
--
ALTER TABLE `attendance_excel_crons`
  ADD CONSTRAINT `attendance_excel_crons_created_by_foreign` FOREIGN KEY (`created_by`) REFERENCES `users` (`id`),
  ADD CONSTRAINT `attendance_excel_crons_deleted_by_foreign` FOREIGN KEY (`deleted_by`) REFERENCES `users` (`id`),
  ADD CONSTRAINT `attendance_excel_crons_financial_year_id_foreign` FOREIGN KEY (`financial_year_id`) REFERENCES `financial_years` (`id`),
  ADD CONSTRAINT `attendance_excel_crons_updated_by_foreign` FOREIGN KEY (`updated_by`) REFERENCES `users` (`id`);

--
-- Constraints for table `banks`
--
ALTER TABLE `banks`
  ADD CONSTRAINT `banks_created_by_foreign` FOREIGN KEY (`created_by`) REFERENCES `users` (`id`),
  ADD CONSTRAINT `banks_deleted_by_foreign` FOREIGN KEY (`deleted_by`) REFERENCES `users` (`id`),
  ADD CONSTRAINT `banks_updated_by_foreign` FOREIGN KEY (`updated_by`) REFERENCES `users` (`id`);

--
-- Constraints for table `clas`
--
ALTER TABLE `clas`
  ADD CONSTRAINT `clas_created_by_foreign` FOREIGN KEY (`created_by`) REFERENCES `users` (`id`),
  ADD CONSTRAINT `clas_deleted_by_foreign` FOREIGN KEY (`deleted_by`) REFERENCES `users` (`id`),
  ADD CONSTRAINT `clas_updated_by_foreign` FOREIGN KEY (`updated_by`) REFERENCES `users` (`id`);

--
-- Constraints for table `corporations`
--
ALTER TABLE `corporations`
  ADD CONSTRAINT `corporations_created_by_foreign` FOREIGN KEY (`created_by`) REFERENCES `users` (`id`),
  ADD CONSTRAINT `corporations_deleted_by_foreign` FOREIGN KEY (`deleted_by`) REFERENCES `users` (`id`),
  ADD CONSTRAINT `corporations_updated_by_foreign` FOREIGN KEY (`updated_by`) REFERENCES `users` (`id`);

--
-- Constraints for table `da_bill_calculates`
--
ALTER TABLE `da_bill_calculates`
  ADD CONSTRAINT `da_bill_calculates_da_bill_id_foreign` FOREIGN KEY (`da_bill_id`) REFERENCES `da_bills` (`id`),
  ADD CONSTRAINT `da_bill_calculates_department_id_foreign` FOREIGN KEY (`department_id`) REFERENCES `departments` (`id`),
  ADD CONSTRAINT `da_bill_calculates_designation_id_foreign` FOREIGN KEY (`designation_id`) REFERENCES `designations` (`id`),
  ADD CONSTRAINT `da_bill_calculates_financial_year_id_foreign` FOREIGN KEY (`financial_year_id`) REFERENCES `financial_years` (`id`),
  ADD CONSTRAINT `da_bill_calculates_freeze_attendance_id_foreign` FOREIGN KEY (`freeze_attendance_id`) REFERENCES `freeze_attendances` (`id`),
  ADD CONSTRAINT `da_bill_calculates_ward_id_foreign` FOREIGN KEY (`ward_id`) REFERENCES `wards` (`id`);

--
-- Constraints for table `da_differances`
--
ALTER TABLE `da_differances`
  ADD CONSTRAINT `da_differances_created_by_foreign` FOREIGN KEY (`created_by`) REFERENCES `users` (`id`),
  ADD CONSTRAINT `da_differances_deleted_by_foreign` FOREIGN KEY (`deleted_by`) REFERENCES `users` (`id`),
  ADD CONSTRAINT `da_differances_financial_year_id_foreign` FOREIGN KEY (`financial_year_id`) REFERENCES `financial_years` (`id`),
  ADD CONSTRAINT `da_differances_updated_by_foreign` FOREIGN KEY (`updated_by`) REFERENCES `users` (`id`);

--
-- Constraints for table `deductions`
--
ALTER TABLE `deductions`
  ADD CONSTRAINT `deductions_created_by_foreign` FOREIGN KEY (`created_by`) REFERENCES `users` (`id`),
  ADD CONSTRAINT `deductions_deleted_by_foreign` FOREIGN KEY (`deleted_by`) REFERENCES `users` (`id`),
  ADD CONSTRAINT `deductions_updated_by_foreign` FOREIGN KEY (`updated_by`) REFERENCES `users` (`id`);

--
-- Constraints for table `departments`
--
ALTER TABLE `departments`
  ADD CONSTRAINT `departments_created_by_foreign` FOREIGN KEY (`created_by`) REFERENCES `users` (`id`),
  ADD CONSTRAINT `departments_deleted_by_foreign` FOREIGN KEY (`deleted_by`) REFERENCES `users` (`id`),
  ADD CONSTRAINT `departments_updated_by_foreign` FOREIGN KEY (`updated_by`) REFERENCES `users` (`id`),
  ADD CONSTRAINT `departments_ward_id_foreign` FOREIGN KEY (`ward_id`) REFERENCES `wards` (`id`);

--
-- Constraints for table `designations`
--
ALTER TABLE `designations`
  ADD CONSTRAINT `designations_clas_id_foreign` FOREIGN KEY (`clas_id`) REFERENCES `clas` (`id`),
  ADD CONSTRAINT `designations_created_by_foreign` FOREIGN KEY (`created_by`) REFERENCES `users` (`id`),
  ADD CONSTRAINT `designations_deleted_by_foreign` FOREIGN KEY (`deleted_by`) REFERENCES `users` (`id`),
  ADD CONSTRAINT `designations_department_id_foreign` FOREIGN KEY (`department_id`) REFERENCES `departments` (`id`),
  ADD CONSTRAINT `designations_updated_by_foreign` FOREIGN KEY (`updated_by`) REFERENCES `users` (`id`),
  ADD CONSTRAINT `designations_ward_id_foreign` FOREIGN KEY (`ward_id`) REFERENCES `wards` (`id`);

--
-- Constraints for table `documents`
--
ALTER TABLE `documents`
  ADD CONSTRAINT `documents_created_by_foreign` FOREIGN KEY (`created_by`) REFERENCES `users` (`id`),
  ADD CONSTRAINT `documents_deleted_by_foreign` FOREIGN KEY (`deleted_by`) REFERENCES `users` (`id`),
  ADD CONSTRAINT `documents_updated_by_foreign` FOREIGN KEY (`updated_by`) REFERENCES `users` (`id`);

--
-- Constraints for table `employees`
--
ALTER TABLE `employees`
  ADD CONSTRAINT `employees_bank_id_foreign` FOREIGN KEY (`bank_id`) REFERENCES `banks` (`id`) ON DELETE CASCADE ON UPDATE CASCADE,
  ADD CONSTRAINT `employees_clas_id_foreign` FOREIGN KEY (`clas_id`) REFERENCES `clas` (`id`) ON DELETE CASCADE ON UPDATE CASCADE,
  ADD CONSTRAINT `employees_created_by_foreign` FOREIGN KEY (`created_by`) REFERENCES `users` (`id`),
  ADD CONSTRAINT `employees_deleted_by_foreign` FOREIGN KEY (`deleted_by`) REFERENCES `users` (`id`),
  ADD CONSTRAINT `employees_department_id_foreign` FOREIGN KEY (`department_id`) REFERENCES `departments` (`id`) ON DELETE CASCADE ON UPDATE CASCADE,
  ADD CONSTRAINT `employees_designation_id_foreign` FOREIGN KEY (`designation_id`) REFERENCES `designations` (`id`) ON DELETE CASCADE ON UPDATE CASCADE,
  ADD CONSTRAINT `employees_status_id_foreign` FOREIGN KEY (`status_id`) REFERENCES `statuses` (`id`),
  ADD CONSTRAINT `employees_updated_by_foreign` FOREIGN KEY (`updated_by`) REFERENCES `users` (`id`),
  ADD CONSTRAINT `employees_ward_id_foreign` FOREIGN KEY (`ward_id`) REFERENCES `wards` (`id`) ON DELETE CASCADE ON UPDATE CASCADE;

--
-- Constraints for table `employee_allowances`
--
ALTER TABLE `employee_allowances`
  ADD CONSTRAINT `employee_allowances_allowance_id_foreign` FOREIGN KEY (`allowance_id`) REFERENCES `allowances` (`id`),
  ADD CONSTRAINT `employee_allowances_created_by_foreign` FOREIGN KEY (`created_by`) REFERENCES `users` (`id`),
  ADD CONSTRAINT `employee_allowances_deleted_by_foreign` FOREIGN KEY (`deleted_by`) REFERENCES `users` (`id`),
  ADD CONSTRAINT `employee_allowances_employee_id_foreign` FOREIGN KEY (`employee_id`) REFERENCES `employees` (`id`),
  ADD CONSTRAINT `employee_allowances_employee_salary_id_foreign` FOREIGN KEY (`employee_salary_id`) REFERENCES `employee_salaries` (`id`),
  ADD CONSTRAINT `employee_allowances_updated_by_foreign` FOREIGN KEY (`updated_by`) REFERENCES `users` (`id`);

--
-- Constraints for table `employee_da_differances`
--
ALTER TABLE `employee_da_differances`
  ADD CONSTRAINT `employee_da_differances_created_by_foreign` FOREIGN KEY (`created_by`) REFERENCES `users` (`id`),
  ADD CONSTRAINT `employee_da_differances_da_differance_id_foreign` FOREIGN KEY (`da_differance_id`) REFERENCES `da_differances` (`id`),
  ADD CONSTRAINT `employee_da_differances_deleted_by_foreign` FOREIGN KEY (`deleted_by`) REFERENCES `users` (`id`),
  ADD CONSTRAINT `employee_da_differances_employee_id_foreign` FOREIGN KEY (`employee_id`) REFERENCES `employees` (`id`),
  ADD CONSTRAINT `employee_da_differances_financial_year_id_foreign` FOREIGN KEY (`financial_year_id`) REFERENCES `financial_years` (`id`),
  ADD CONSTRAINT `employee_da_differances_updated_by_foreign` FOREIGN KEY (`updated_by`) REFERENCES `users` (`id`);

--
-- Constraints for table `employee_deductions`
--
ALTER TABLE `employee_deductions`
  ADD CONSTRAINT `employee_deductions_created_by_foreign` FOREIGN KEY (`created_by`) REFERENCES `users` (`id`),
  ADD CONSTRAINT `employee_deductions_deduction_id_foreign` FOREIGN KEY (`deduction_id`) REFERENCES `deductions` (`id`),
  ADD CONSTRAINT `employee_deductions_deleted_by_foreign` FOREIGN KEY (`deleted_by`) REFERENCES `users` (`id`),
  ADD CONSTRAINT `employee_deductions_employee_id_foreign` FOREIGN KEY (`employee_id`) REFERENCES `employees` (`id`),
  ADD CONSTRAINT `employee_deductions_employee_salary_id_foreign` FOREIGN KEY (`employee_salary_id`) REFERENCES `employee_salaries` (`id`),
  ADD CONSTRAINT `employee_deductions_updated_by_foreign` FOREIGN KEY (`updated_by`) REFERENCES `users` (`id`);

--
-- Constraints for table `employee_festival_advances`
--
ALTER TABLE `employee_festival_advances`
  ADD CONSTRAINT `employee_festival_advances_created_by_foreign` FOREIGN KEY (`created_by`) REFERENCES `users` (`id`),
  ADD CONSTRAINT `employee_festival_advances_deleted_by_foreign` FOREIGN KEY (`deleted_by`) REFERENCES `users` (`id`),
  ADD CONSTRAINT `employee_festival_advances_employee_id_foreign` FOREIGN KEY (`employee_id`) REFERENCES `employees` (`id`),
  ADD CONSTRAINT `employee_festival_advances_financial_year_id_foreign` FOREIGN KEY (`financial_year_id`) REFERENCES `financial_years` (`id`),
  ADD CONSTRAINT `employee_festival_advances_updated_by_foreign` FOREIGN KEY (`updated_by`) REFERENCES `users` (`id`);

--
-- Constraints for table `employee_leaves`
--
ALTER TABLE `employee_leaves`
  ADD CONSTRAINT `employee_leaves_created_by_foreign` FOREIGN KEY (`created_by`) REFERENCES `users` (`id`),
  ADD CONSTRAINT `employee_leaves_deleted_by_foreign` FOREIGN KEY (`deleted_by`) REFERENCES `users` (`id`),
  ADD CONSTRAINT `employee_leaves_employee_id_foreign` FOREIGN KEY (`employee_id`) REFERENCES `employees` (`id`),
  ADD CONSTRAINT `employee_leaves_leave_type_id_foreign` FOREIGN KEY (`leave_type_id`) REFERENCES `leave_types` (`id`),
  ADD CONSTRAINT `employee_leaves_updated_by_foreign` FOREIGN KEY (`updated_by`) REFERENCES `users` (`id`);

--
-- Constraints for table `employee_loans`
--
ALTER TABLE `employee_loans`
  ADD CONSTRAINT `employee_loans_created_by_foreign` FOREIGN KEY (`created_by`) REFERENCES `users` (`id`),
  ADD CONSTRAINT `employee_loans_deleted_by_foreign` FOREIGN KEY (`deleted_by`) REFERENCES `users` (`id`),
  ADD CONSTRAINT `employee_loans_employee_id_foreign` FOREIGN KEY (`employee_id`) REFERENCES `employees` (`id`),
  ADD CONSTRAINT `employee_loans_financial_year_id_foreign` FOREIGN KEY (`financial_year_id`) REFERENCES `financial_years` (`id`),
  ADD CONSTRAINT `employee_loans_loan_id_foreign` FOREIGN KEY (`loan_id`) REFERENCES `loans` (`id`),
  ADD CONSTRAINT `employee_loans_updated_by_foreign` FOREIGN KEY (`updated_by`) REFERENCES `users` (`id`);

--
-- Constraints for table `employee_monthly_festival_advances`
--
ALTER TABLE `employee_monthly_festival_advances`
  ADD CONSTRAINT `employee_monthly_festival_advances_created_by_foreign` FOREIGN KEY (`created_by`) REFERENCES `users` (`id`),
  ADD CONSTRAINT `employee_monthly_festival_advances_deleted_by_foreign` FOREIGN KEY (`deleted_by`) REFERENCES `users` (`id`),
  ADD CONSTRAINT `employee_monthly_festival_advances_employee_id_foreign` FOREIGN KEY (`employee_id`) REFERENCES `employees` (`id`),
  ADD CONSTRAINT `employee_monthly_festival_advances_financial_year_id_foreign` FOREIGN KEY (`financial_year_id`) REFERENCES `financial_years` (`id`),
  ADD CONSTRAINT `employee_monthly_festival_advances_updated_by_foreign` FOREIGN KEY (`updated_by`) REFERENCES `users` (`id`),
  ADD CONSTRAINT `festival_advance_id` FOREIGN KEY (`employee_festival_advance_id`) REFERENCES `employee_festival_advances` (`id`) ON DELETE CASCADE;

--
-- Constraints for table `employee_monthly_lics`
--
ALTER TABLE `employee_monthly_lics`
  ADD CONSTRAINT `employee_monthly_lics_created_by_foreign` FOREIGN KEY (`created_by`) REFERENCES `users` (`id`),
  ADD CONSTRAINT `employee_monthly_lics_deleted_by_foreign` FOREIGN KEY (`deleted_by`) REFERENCES `users` (`id`),
  ADD CONSTRAINT `employee_monthly_lics_employee_id_foreign` FOREIGN KEY (`employee_id`) REFERENCES `employees` (`id`),
  ADD CONSTRAINT `employee_monthly_lics_financial_year_id_foreign` FOREIGN KEY (`financial_year_id`) REFERENCES `financial_years` (`id`),
  ADD CONSTRAINT `employee_monthly_lics_lic_deduction_id_foreign` FOREIGN KEY (`lic_deduction_id`) REFERENCES `lic_deductions` (`id`),
  ADD CONSTRAINT `employee_monthly_lics_updated_by_foreign` FOREIGN KEY (`updated_by`) REFERENCES `users` (`id`);

--
-- Constraints for table `employee_monthly_loans`
--
ALTER TABLE `employee_monthly_loans`
  ADD CONSTRAINT `employee_monthly_loans_created_by_foreign` FOREIGN KEY (`created_by`) REFERENCES `users` (`id`),
  ADD CONSTRAINT `employee_monthly_loans_deleted_by_foreign` FOREIGN KEY (`deleted_by`) REFERENCES `users` (`id`),
  ADD CONSTRAINT `employee_monthly_loans_employee_id_foreign` FOREIGN KEY (`employee_id`) REFERENCES `employees` (`id`),
  ADD CONSTRAINT `employee_monthly_loans_employee_loan_id_foreign` FOREIGN KEY (`employee_loan_id`) REFERENCES `employee_loans` (`id`),
  ADD CONSTRAINT `employee_monthly_loans_financial_year_id_foreign` FOREIGN KEY (`financial_year_id`) REFERENCES `financial_years` (`id`),
  ADD CONSTRAINT `employee_monthly_loans_loan_id_foreign` FOREIGN KEY (`loan_id`) REFERENCES `loans` (`id`),
  ADD CONSTRAINT `employee_monthly_loans_updated_by_foreign` FOREIGN KEY (`updated_by`) REFERENCES `users` (`id`);

--
-- Constraints for table `employee_provident_funds`
--
ALTER TABLE `employee_provident_funds`
  ADD CONSTRAINT `employee_provident_funds_created_by_foreign` FOREIGN KEY (`created_by`) REFERENCES `users` (`id`),
  ADD CONSTRAINT `employee_provident_funds_deleted_by_foreign` FOREIGN KEY (`deleted_by`) REFERENCES `users` (`id`),
  ADD CONSTRAINT `employee_provident_funds_employee_id_foreign` FOREIGN KEY (`employee_id`) REFERENCES `employees` (`id`),
  ADD CONSTRAINT `employee_provident_funds_financial_year_id_foreign` FOREIGN KEY (`financial_year_id`) REFERENCES `financial_years` (`id`),
  ADD CONSTRAINT `employee_provident_funds_updated_by_foreign` FOREIGN KEY (`updated_by`) REFERENCES `users` (`id`);

--
-- Constraints for table `employee_salaries`
--
ALTER TABLE `employee_salaries`
  ADD CONSTRAINT `employee_salaries_created_by_foreign` FOREIGN KEY (`created_by`) REFERENCES `users` (`id`),
  ADD CONSTRAINT `employee_salaries_deleted_by_foreign` FOREIGN KEY (`deleted_by`) REFERENCES `users` (`id`),
  ADD CONSTRAINT `employee_salaries_employee_id_foreign` FOREIGN KEY (`employee_id`) REFERENCES `employees` (`id`),
  ADD CONSTRAINT `employee_salaries_pay_scale_id_foreign` FOREIGN KEY (`pay_scale_id`) REFERENCES `pay_scales` (`id`),
  ADD CONSTRAINT `employee_salaries_updated_by_foreign` FOREIGN KEY (`updated_by`) REFERENCES `users` (`id`);

--
-- Constraints for table `employee_statuses`
--
ALTER TABLE `employee_statuses`
  ADD CONSTRAINT `employee_statuses_created_by_foreign` FOREIGN KEY (`created_by`) REFERENCES `users` (`id`),
  ADD CONSTRAINT `employee_statuses_deleted_by_foreign` FOREIGN KEY (`deleted_by`) REFERENCES `users` (`id`),
  ADD CONSTRAINT `employee_statuses_employee_id_foreign` FOREIGN KEY (`employee_id`) REFERENCES `employees` (`id`),
  ADD CONSTRAINT `employee_statuses_status_id_foreign` FOREIGN KEY (`status_id`) REFERENCES `statuses` (`id`),
  ADD CONSTRAINT `employee_statuses_updated_by_foreign` FOREIGN KEY (`updated_by`) REFERENCES `users` (`id`);

--
-- Constraints for table `employee_transfers`
--
ALTER TABLE `employee_transfers`
  ADD CONSTRAINT `employee_transfers_clas_id_foreign` FOREIGN KEY (`clas_id`) REFERENCES `clas` (`id`),
  ADD CONSTRAINT `employee_transfers_created_by_foreign` FOREIGN KEY (`created_by`) REFERENCES `users` (`id`),
  ADD CONSTRAINT `employee_transfers_deleted_by_foreign` FOREIGN KEY (`deleted_by`) REFERENCES `users` (`id`),
  ADD CONSTRAINT `employee_transfers_department_id_foreign` FOREIGN KEY (`department_id`) REFERENCES `departments` (`id`),
  ADD CONSTRAINT `employee_transfers_designation_id_foreign` FOREIGN KEY (`designation_id`) REFERENCES `designations` (`id`),
  ADD CONSTRAINT `employee_transfers_employee_id_foreign` FOREIGN KEY (`employee_id`) REFERENCES `employees` (`id`),
  ADD CONSTRAINT `employee_transfers_financial_year_id_foreign` FOREIGN KEY (`financial_year_id`) REFERENCES `financial_years` (`id`),
  ADD CONSTRAINT `employee_transfers_updated_by_foreign` FOREIGN KEY (`updated_by`) REFERENCES `users` (`id`),
  ADD CONSTRAINT `employee_transfers_ward_id_foreign` FOREIGN KEY (`ward_id`) REFERENCES `wards` (`id`);

--
-- Constraints for table `experiences`
--
ALTER TABLE `experiences`
  ADD CONSTRAINT `experiences_created_by_foreign` FOREIGN KEY (`created_by`) REFERENCES `users` (`id`),
  ADD CONSTRAINT `experiences_deleted_by_foreign` FOREIGN KEY (`deleted_by`) REFERENCES `users` (`id`),
  ADD CONSTRAINT `experiences_employee_id_foreign` FOREIGN KEY (`employee_id`) REFERENCES `employees` (`id`),
  ADD CONSTRAINT `experiences_updated_by_foreign` FOREIGN KEY (`updated_by`) REFERENCES `users` (`id`);

--
-- Constraints for table `financial_years`
--
ALTER TABLE `financial_years`
  ADD CONSTRAINT `financial_years_created_by_foreign` FOREIGN KEY (`created_by`) REFERENCES `users` (`id`),
  ADD CONSTRAINT `financial_years_deleted_by_foreign` FOREIGN KEY (`deleted_by`) REFERENCES `users` (`id`),
  ADD CONSTRAINT `financial_years_updated_by_foreign` FOREIGN KEY (`updated_by`) REFERENCES `users` (`id`);

--
-- Constraints for table `freeze_attendances`
--
ALTER TABLE `freeze_attendances`
  ADD CONSTRAINT `freeze_attendances_clas_id_foreign` FOREIGN KEY (`clas_id`) REFERENCES `clas` (`id`),
  ADD CONSTRAINT `freeze_attendances_created_by_foreign` FOREIGN KEY (`created_by`) REFERENCES `users` (`id`),
  ADD CONSTRAINT `freeze_attendances_deleted_by_foreign` FOREIGN KEY (`deleted_by`) REFERENCES `users` (`id`),
  ADD CONSTRAINT `freeze_attendances_department_id_foreign` FOREIGN KEY (`department_id`) REFERENCES `departments` (`id`),
  ADD CONSTRAINT `freeze_attendances_designation_id_foreign` FOREIGN KEY (`designation_id`) REFERENCES `designations` (`id`),
  ADD CONSTRAINT `freeze_attendances_employee_id_foreign` FOREIGN KEY (`employee_id`) REFERENCES `employees` (`id`),
  ADD CONSTRAINT `freeze_attendances_financial_year_id_foreign` FOREIGN KEY (`financial_year_id`) REFERENCES `financial_years` (`id`),
  ADD CONSTRAINT `freeze_attendances_updated_by_foreign` FOREIGN KEY (`updated_by`) REFERENCES `users` (`id`),
  ADD CONSTRAINT `freeze_attendances_ward_id_foreign` FOREIGN KEY (`ward_id`) REFERENCES `wards` (`id`);

--
-- Constraints for table `freeze_crons`
--
ALTER TABLE `freeze_crons`
  ADD CONSTRAINT `freeze_crons_created_by_foreign` FOREIGN KEY (`created_by`) REFERENCES `users` (`id`),
  ADD CONSTRAINT `freeze_crons_deleted_by_foreign` FOREIGN KEY (`deleted_by`) REFERENCES `users` (`id`),
  ADD CONSTRAINT `freeze_crons_financial_year_id_foreign` FOREIGN KEY (`financial_year_id`) REFERENCES `financial_years` (`id`),
  ADD CONSTRAINT `freeze_crons_updated_by_foreign` FOREIGN KEY (`updated_by`) REFERENCES `users` (`id`),
  ADD CONSTRAINT `freeze_crons_ward_id_foreign` FOREIGN KEY (`ward_id`) REFERENCES `wards` (`id`);

--
-- Constraints for table `freeze_pensions`
--
ALTER TABLE `freeze_pensions`
  ADD CONSTRAINT `freeze_pensions_created_by_foreign` FOREIGN KEY (`created_by`) REFERENCES `users` (`id`),
  ADD CONSTRAINT `freeze_pensions_deleted_by_foreign` FOREIGN KEY (`deleted_by`) REFERENCES `users` (`id`),
  ADD CONSTRAINT `freeze_pensions_employee_id_foreign` FOREIGN KEY (`employee_id`) REFERENCES `employees` (`id`),
  ADD CONSTRAINT `freeze_pensions_financial_year_id_foreign` FOREIGN KEY (`financial_year_id`) REFERENCES `financial_years` (`id`),
  ADD CONSTRAINT `freeze_pensions_pension_bank_id_foreign` FOREIGN KEY (`pension_bank_id`) REFERENCES `pension_banks` (`id`),
  ADD CONSTRAINT `freeze_pensions_updated_by_foreign` FOREIGN KEY (`updated_by`) REFERENCES `users` (`id`);

--
-- Constraints for table `freeze_pension_news`
--
ALTER TABLE `freeze_pension_news`
  ADD CONSTRAINT `freeze_pension_news_created_by_foreign` FOREIGN KEY (`created_by`) REFERENCES `users` (`id`),
  ADD CONSTRAINT `freeze_pension_news_deleted_by_foreign` FOREIGN KEY (`deleted_by`) REFERENCES `users` (`id`),
  ADD CONSTRAINT `freeze_pension_news_employee_id_foreign` FOREIGN KEY (`employee_id`) REFERENCES `employees` (`id`),
  ADD CONSTRAINT `freeze_pension_news_financial_year_id_foreign` FOREIGN KEY (`financial_year_id`) REFERENCES `financial_years` (`id`),
  ADD CONSTRAINT `freeze_pension_news_pension_bank_id_foreign` FOREIGN KEY (`pension_bank_id`) REFERENCES `pension_banks` (`id`),
  ADD CONSTRAINT `freeze_pension_news_updated_by_foreign` FOREIGN KEY (`updated_by`) REFERENCES `users` (`id`);

--
-- Constraints for table `important_documents`
--
ALTER TABLE `important_documents`
  ADD CONSTRAINT `important_documents_created_by_foreign` FOREIGN KEY (`created_by`) REFERENCES `users` (`id`),
  ADD CONSTRAINT `important_documents_deleted_by_foreign` FOREIGN KEY (`deleted_by`) REFERENCES `users` (`id`),
  ADD CONSTRAINT `important_documents_document_id_foreign` FOREIGN KEY (`document_id`) REFERENCES `documents` (`id`),
  ADD CONSTRAINT `important_documents_employee_id_foreign` FOREIGN KEY (`employee_id`) REFERENCES `employees` (`id`),
  ADD CONSTRAINT `important_documents_updated_by_foreign` FOREIGN KEY (`updated_by`) REFERENCES `users` (`id`);

--
-- Constraints for table `income_tax`
--
ALTER TABLE `income_tax`
  ADD CONSTRAINT `income_tax_created_by_foreign` FOREIGN KEY (`created_by`) REFERENCES `users` (`id`),
  ADD CONSTRAINT `income_tax_financial_year_id_foreign` FOREIGN KEY (`financial_year_id`) REFERENCES `financial_years` (`id`),
  ADD CONSTRAINT `income_tax_updated_by_foreign` FOREIGN KEY (`updated_by`) REFERENCES `users` (`id`);

--
-- Constraints for table `increment_allowance_salaries`
--
ALTER TABLE `increment_allowance_salaries`
  ADD CONSTRAINT `increment_allowance_salaries_allowance_id_foreign` FOREIGN KEY (`allowance_id`) REFERENCES `allowances` (`id`),
  ADD CONSTRAINT `increment_allowance_salaries_created_by_foreign` FOREIGN KEY (`created_by`) REFERENCES `users` (`id`),
  ADD CONSTRAINT `increment_allowance_salaries_deleted_by_foreign` FOREIGN KEY (`deleted_by`) REFERENCES `users` (`id`),
  ADD CONSTRAINT `increment_allowance_salaries_updated_by_foreign` FOREIGN KEY (`updated_by`) REFERENCES `users` (`id`);

--
-- Constraints for table `increment_basic_salaries`
--
ALTER TABLE `increment_basic_salaries`
  ADD CONSTRAINT `increment_basic_salaries_created_by_foreign` FOREIGN KEY (`created_by`) REFERENCES `users` (`id`),
  ADD CONSTRAINT `increment_basic_salaries_deleted_by_foreign` FOREIGN KEY (`deleted_by`) REFERENCES `users` (`id`),
  ADD CONSTRAINT `increment_basic_salaries_updated_by_foreign` FOREIGN KEY (`updated_by`) REFERENCES `users` (`id`);

--
-- Constraints for table `increment_deductions_salaries`
--
ALTER TABLE `increment_deductions_salaries`
  ADD CONSTRAINT `increment_deductions_salaries_created_by_foreign` FOREIGN KEY (`created_by`) REFERENCES `users` (`id`),
  ADD CONSTRAINT `increment_deductions_salaries_deduction_id_foreign` FOREIGN KEY (`deduction_id`) REFERENCES `deductions` (`id`),
  ADD CONSTRAINT `increment_deductions_salaries_deleted_by_foreign` FOREIGN KEY (`deleted_by`) REFERENCES `users` (`id`),
  ADD CONSTRAINT `increment_deductions_salaries_updated_by_foreign` FOREIGN KEY (`updated_by`) REFERENCES `users` (`id`);

--
-- Constraints for table `leave_types`
--
ALTER TABLE `leave_types`
  ADD CONSTRAINT `leave_types_created_by_foreign` FOREIGN KEY (`created_by`) REFERENCES `users` (`id`),
  ADD CONSTRAINT `leave_types_deleted_by_foreign` FOREIGN KEY (`deleted_by`) REFERENCES `users` (`id`),
  ADD CONSTRAINT `leave_types_updated_by_foreign` FOREIGN KEY (`updated_by`) REFERENCES `users` (`id`);

--
-- Constraints for table `lic_deductions`
--
ALTER TABLE `lic_deductions`
  ADD CONSTRAINT `lic_deductions_created_by_foreign` FOREIGN KEY (`created_by`) REFERENCES `users` (`id`),
  ADD CONSTRAINT `lic_deductions_deleted_by_foreign` FOREIGN KEY (`deleted_by`) REFERENCES `users` (`id`),
  ADD CONSTRAINT `lic_deductions_employee_id_foreign` FOREIGN KEY (`employee_id`) REFERENCES `employees` (`id`),
  ADD CONSTRAINT `lic_deductions_financial_year_id_foreign` FOREIGN KEY (`financial_year_id`) REFERENCES `financial_years` (`id`),
  ADD CONSTRAINT `lic_deductions_updated_by_foreign` FOREIGN KEY (`updated_by`) REFERENCES `users` (`id`);

--
-- Constraints for table `loans`
--
ALTER TABLE `loans`
  ADD CONSTRAINT `loans_created_by_foreign` FOREIGN KEY (`created_by`) REFERENCES `users` (`id`),
  ADD CONSTRAINT `loans_deleted_by_foreign` FOREIGN KEY (`deleted_by`) REFERENCES `users` (`id`),
  ADD CONSTRAINT `loans_updated_by_foreign` FOREIGN KEY (`updated_by`) REFERENCES `users` (`id`);

--
-- Constraints for table `model_has_permissions`
--
ALTER TABLE `model_has_permissions`
  ADD CONSTRAINT `model_has_permissions_permission_id_foreign` FOREIGN KEY (`permission_id`) REFERENCES `permissions` (`id`) ON DELETE CASCADE;

--
-- Constraints for table `model_has_roles`
--
ALTER TABLE `model_has_roles`
  ADD CONSTRAINT `model_has_roles_role_id_foreign` FOREIGN KEY (`role_id`) REFERENCES `roles` (`id`) ON DELETE CASCADE;

--
-- Constraints for table `old_employee_allowances`
--
ALTER TABLE `old_employee_allowances`
  ADD CONSTRAINT `old_employee_allowances_allowance_id_foreign` FOREIGN KEY (`allowance_id`) REFERENCES `allowances` (`id`),
  ADD CONSTRAINT `old_employee_allowances_created_by_foreign` FOREIGN KEY (`created_by`) REFERENCES `users` (`id`),
  ADD CONSTRAINT `old_employee_allowances_deleted_by_foreign` FOREIGN KEY (`deleted_by`) REFERENCES `users` (`id`),
  ADD CONSTRAINT `old_employee_allowances_employee_id_foreign` FOREIGN KEY (`employee_id`) REFERENCES `employees` (`id`),
  ADD CONSTRAINT `old_employee_allowances_old_employee_salary_id_foreign` FOREIGN KEY (`old_employee_salary_id`) REFERENCES `old_employee_salaries` (`id`),
  ADD CONSTRAINT `old_employee_allowances_updated_by_foreign` FOREIGN KEY (`updated_by`) REFERENCES `users` (`id`);

--
-- Constraints for table `old_employee_deductions`
--
ALTER TABLE `old_employee_deductions`
  ADD CONSTRAINT `old_employee_deductions_created_by_foreign` FOREIGN KEY (`created_by`) REFERENCES `users` (`id`),
  ADD CONSTRAINT `old_employee_deductions_deduction_id_foreign` FOREIGN KEY (`deduction_id`) REFERENCES `deductions` (`id`),
  ADD CONSTRAINT `old_employee_deductions_deleted_by_foreign` FOREIGN KEY (`deleted_by`) REFERENCES `users` (`id`),
  ADD CONSTRAINT `old_employee_deductions_employee_id_foreign` FOREIGN KEY (`employee_id`) REFERENCES `employees` (`id`),
  ADD CONSTRAINT `old_employee_deductions_old_employee_salary_id_foreign` FOREIGN KEY (`old_employee_salary_id`) REFERENCES `old_employee_salaries` (`id`),
  ADD CONSTRAINT `old_employee_deductions_updated_by_foreign` FOREIGN KEY (`updated_by`) REFERENCES `users` (`id`);

--
-- Constraints for table `old_employee_salaries`
--
ALTER TABLE `old_employee_salaries`
  ADD CONSTRAINT `old_employee_salaries_created_by_foreign` FOREIGN KEY (`created_by`) REFERENCES `users` (`id`),
  ADD CONSTRAINT `old_employee_salaries_deleted_by_foreign` FOREIGN KEY (`deleted_by`) REFERENCES `users` (`id`),
  ADD CONSTRAINT `old_employee_salaries_employee_id_foreign` FOREIGN KEY (`employee_id`) REFERENCES `employees` (`id`),
  ADD CONSTRAINT `old_employee_salaries_pay_scale_id_foreign` FOREIGN KEY (`pay_scale_id`) REFERENCES `pay_scales` (`id`),
  ADD CONSTRAINT `old_employee_salaries_updated_by_foreign` FOREIGN KEY (`updated_by`) REFERENCES `users` (`id`);

--
-- Constraints for table `old_penssioner_payrolls`
--
ALTER TABLE `old_penssioner_payrolls`
  ADD CONSTRAINT `old_penssioner_payrolls_pension_item_master_id_foreign` FOREIGN KEY (`pension_item_master_id`) REFERENCES `pension_item_masters` (`id`),
  ADD CONSTRAINT `old_penssioner_payrolls_pension_new_id_foreign` FOREIGN KEY (`pension_new_id`) REFERENCES `pension_news` (`id`),
  ADD CONSTRAINT `old_penssioner_payrolls_penssioner_payroll_id_foreign` FOREIGN KEY (`penssioner_payroll_id`) REFERENCES `penssioner_payrolls` (`id`);

--
-- Constraints for table `pay_msts`
--
ALTER TABLE `pay_msts`
  ADD CONSTRAINT `pay_msts_created_by_foreign` FOREIGN KEY (`created_by`) REFERENCES `users` (`id`),
  ADD CONSTRAINT `pay_msts_deleted_by_foreign` FOREIGN KEY (`deleted_by`) REFERENCES `users` (`id`),
  ADD CONSTRAINT `pay_msts_updated_by_foreign` FOREIGN KEY (`updated_by`) REFERENCES `users` (`id`);

--
-- Constraints for table `pay_scales`
--
ALTER TABLE `pay_scales`
  ADD CONSTRAINT `pay_scales_created_by_foreign` FOREIGN KEY (`created_by`) REFERENCES `users` (`id`),
  ADD CONSTRAINT `pay_scales_deleted_by_foreign` FOREIGN KEY (`deleted_by`) REFERENCES `users` (`id`),
  ADD CONSTRAINT `pay_scales_pay_mst_id_foreign` FOREIGN KEY (`pay_mst_id`) REFERENCES `pay_msts` (`id`) ON DELETE CASCADE ON UPDATE CASCADE,
  ADD CONSTRAINT `pay_scales_updated_by_foreign` FOREIGN KEY (`updated_by`) REFERENCES `users` (`id`);

--
-- Constraints for table `pensions`
--
ALTER TABLE `pensions`
  ADD CONSTRAINT `pensions_created_by_foreign` FOREIGN KEY (`created_by`) REFERENCES `users` (`id`),
  ADD CONSTRAINT `pensions_deleted_by_foreign` FOREIGN KEY (`deleted_by`) REFERENCES `users` (`id`),
  ADD CONSTRAINT `pensions_employee_id_foreign` FOREIGN KEY (`employee_id`) REFERENCES `employees` (`id`),
  ADD CONSTRAINT `pensions_pension_bank_id_foreign` FOREIGN KEY (`pension_bank_id`) REFERENCES `pension_banks` (`id`),
  ADD CONSTRAINT `pensions_updated_by_foreign` FOREIGN KEY (`updated_by`) REFERENCES `users` (`id`);

--
-- Constraints for table `pension_banks`
--
ALTER TABLE `pension_banks`
  ADD CONSTRAINT `pension_banks_created_by_foreign` FOREIGN KEY (`created_by`) REFERENCES `users` (`id`),
  ADD CONSTRAINT `pension_banks_deleted_by_foreign` FOREIGN KEY (`deleted_by`) REFERENCES `users` (`id`),
  ADD CONSTRAINT `pension_banks_updated_by_foreign` FOREIGN KEY (`updated_by`) REFERENCES `users` (`id`);

--
-- Constraints for table `pension_da_bill_calculates`
--
ALTER TABLE `pension_da_bill_calculates`
  ADD CONSTRAINT `pension_da_bill_calculates_pension_da_bill_id_foreign` FOREIGN KEY (`pension_da_bill_id`) REFERENCES `pension_da_bills` (`id`),
  ADD CONSTRAINT `pension_da_bill_calculates_pension_new_id_foreign` FOREIGN KEY (`pension_new_id`) REFERENCES `pension_news` (`id`);

--
-- Constraints for table `pension_news`
--
ALTER TABLE `pension_news`
  ADD CONSTRAINT `pension_news_created_by_foreign` FOREIGN KEY (`created_by`) REFERENCES `users` (`id`),
  ADD CONSTRAINT `pension_news_deleted_by_foreign` FOREIGN KEY (`deleted_by`) REFERENCES `users` (`id`),
  ADD CONSTRAINT `pension_news_department_id_foreign` FOREIGN KEY (`department_id`) REFERENCES `departments` (`id`),
  ADD CONSTRAINT `pension_news_designation_id_foreign` FOREIGN KEY (`designation_id`) REFERENCES `designations` (`id`),
  ADD CONSTRAINT `pension_news_employee_id_foreign` FOREIGN KEY (`employee_id`) REFERENCES `employees` (`id`),
  ADD CONSTRAINT `pension_news_pay_scale_id_foreign` FOREIGN KEY (`pay_scale_id`) REFERENCES `pay_scales` (`id`),
  ADD CONSTRAINT `pension_news_pension_bank_id_foreign` FOREIGN KEY (`pension_bank_id`) REFERENCES `pension_banks` (`id`),
  ADD CONSTRAINT `pension_news_updated_by_foreign` FOREIGN KEY (`updated_by`) REFERENCES `users` (`id`),
  ADD CONSTRAINT `pension_news_ward_id_foreign` FOREIGN KEY (`ward_id`) REFERENCES `wards` (`id`);

--
-- Constraints for table `pension_payroll_calculates`
--
ALTER TABLE `pension_payroll_calculates`
  ADD CONSTRAINT `pension_payroll_calculates_freeze_pension_cron_id_foreign` FOREIGN KEY (`freeze_pension_cron_id`) REFERENCES `freeze_pension_crons` (`id`),
  ADD CONSTRAINT `pension_payroll_calculates_pension_new_id_foreign` FOREIGN KEY (`pension_new_id`) REFERENCES `pension_news` (`id`);

--
-- Constraints for table `penssioner_payrolls`
--
ALTER TABLE `penssioner_payrolls`
  ADD CONSTRAINT `penssioner_payrolls_pension_item_master_id_foreign` FOREIGN KEY (`pension_item_master_id`) REFERENCES `pension_item_masters` (`id`),
  ADD CONSTRAINT `penssioner_payrolls_pension_new_id_foreign` FOREIGN KEY (`pension_new_id`) REFERENCES `pension_news` (`id`);

--
-- Constraints for table `pf_intrest_rates`
--
ALTER TABLE `pf_intrest_rates`
  ADD CONSTRAINT `pf_intrest_rates_created_by_foreign` FOREIGN KEY (`created_by`) REFERENCES `users` (`id`),
  ADD CONSTRAINT `pf_intrest_rates_deleted_by_foreign` FOREIGN KEY (`deleted_by`) REFERENCES `users` (`id`),
  ADD CONSTRAINT `pf_intrest_rates_updated_by_foreign` FOREIGN KEY (`updated_by`) REFERENCES `users` (`id`);

--
-- Constraints for table `pf_opening_balances`
--
ALTER TABLE `pf_opening_balances`
  ADD CONSTRAINT `pf_opening_balances_created_by_foreign` FOREIGN KEY (`created_by`) REFERENCES `users` (`id`),
  ADD CONSTRAINT `pf_opening_balances_deleted_by_foreign` FOREIGN KEY (`deleted_by`) REFERENCES `users` (`id`),
  ADD CONSTRAINT `pf_opening_balances_employee_id_foreign` FOREIGN KEY (`employee_id`) REFERENCES `employees` (`id`),
  ADD CONSTRAINT `pf_opening_balances_financial_year_id_foreign` FOREIGN KEY (`financial_year_id`) REFERENCES `financial_years` (`id`),
  ADD CONSTRAINT `pf_opening_balances_updated_by_foreign` FOREIGN KEY (`updated_by`) REFERENCES `users` (`id`);

--
-- Constraints for table `remaining_freeze_salaries`
--
ALTER TABLE `remaining_freeze_salaries`
  ADD CONSTRAINT `remaining_freeze_salaries_created_by_foreign` FOREIGN KEY (`created_by`) REFERENCES `users` (`id`),
  ADD CONSTRAINT `remaining_freeze_salaries_deleted_by_foreign` FOREIGN KEY (`deleted_by`) REFERENCES `users` (`id`),
  ADD CONSTRAINT `remaining_freeze_salaries_employee_id_foreign` FOREIGN KEY (`employee_id`) REFERENCES `employees` (`id`),
  ADD CONSTRAINT `remaining_freeze_salaries_freeze_attendance_id_foreign` FOREIGN KEY (`freeze_attendance_id`) REFERENCES `freeze_attendances` (`id`),
  ADD CONSTRAINT `remaining_freeze_salaries_updated_by_foreign` FOREIGN KEY (`updated_by`) REFERENCES `users` (`id`);

--
-- Constraints for table `role_has_permissions`
--
ALTER TABLE `role_has_permissions`
  ADD CONSTRAINT `role_has_permissions_permission_id_foreign` FOREIGN KEY (`permission_id`) REFERENCES `permissions` (`id`) ON DELETE CASCADE,
  ADD CONSTRAINT `role_has_permissions_role_id_foreign` FOREIGN KEY (`role_id`) REFERENCES `roles` (`id`) ON DELETE CASCADE;

--
-- Constraints for table `statuses`
--
ALTER TABLE `statuses`
  ADD CONSTRAINT `statuses_created_by_foreign` FOREIGN KEY (`created_by`) REFERENCES `users` (`id`),
  ADD CONSTRAINT `statuses_deleted_by_foreign` FOREIGN KEY (`deleted_by`) REFERENCES `users` (`id`),
  ADD CONSTRAINT `statuses_updated_by_foreign` FOREIGN KEY (`updated_by`) REFERENCES `users` (`id`);

--
-- Constraints for table `suplimentary_employee_leave_bills`
--
ALTER TABLE `suplimentary_employee_leave_bills`
  ADD CONSTRAINT `suplimentary_employee_leave_bills_created_by_foreign` FOREIGN KEY (`created_by`) REFERENCES `users` (`id`),
  ADD CONSTRAINT `suplimentary_employee_leave_bills_deleted_by_foreign` FOREIGN KEY (`deleted_by`) REFERENCES `users` (`id`),
  ADD CONSTRAINT `suplimentary_employee_leave_bills_employee_id_foreign` FOREIGN KEY (`employee_id`) REFERENCES `employees` (`id`),
  ADD CONSTRAINT `suplimentary_employee_leave_bills_suplimentry_leave_id_foreign` FOREIGN KEY (`suplimentry_leave_id`) REFERENCES `suplimentary_leave_bills` (`id`),
  ADD CONSTRAINT `suplimentary_employee_leave_bills_updated_by_foreign` FOREIGN KEY (`updated_by`) REFERENCES `users` (`id`);

--
-- Constraints for table `suplimentary_leave_bills`
--
ALTER TABLE `suplimentary_leave_bills`
  ADD CONSTRAINT `suplimentary_leave_bills_created_by_foreign` FOREIGN KEY (`created_by`) REFERENCES `users` (`id`),
  ADD CONSTRAINT `suplimentary_leave_bills_deleted_by_foreign` FOREIGN KEY (`deleted_by`) REFERENCES `users` (`id`),
  ADD CONSTRAINT `suplimentary_leave_bills_supplimentary_bill_id_foreign` FOREIGN KEY (`supplimentary_bill_id`) REFERENCES `supplimentary_bills` (`id`),
  ADD CONSTRAINT `suplimentary_leave_bills_updated_by_foreign` FOREIGN KEY (`updated_by`) REFERENCES `users` (`id`);

--
-- Constraints for table `suplimentry_employee_bills`
--
ALTER TABLE `suplimentry_employee_bills`
  ADD CONSTRAINT `suplimentry_employee_bills_created_by_foreign` FOREIGN KEY (`created_by`) REFERENCES `users` (`id`),
  ADD CONSTRAINT `suplimentry_employee_bills_deleted_by_foreign` FOREIGN KEY (`deleted_by`) REFERENCES `users` (`id`),
  ADD CONSTRAINT `suplimentry_employee_bills_department_id_foreign` FOREIGN KEY (`department_id`) REFERENCES `departments` (`id`),
  ADD CONSTRAINT `suplimentry_employee_bills_employee_id_foreign` FOREIGN KEY (`employee_id`) REFERENCES `employees` (`id`),
  ADD CONSTRAINT `suplimentry_employee_bills_supplimentary_bill_id_foreign` FOREIGN KEY (`supplimentary_bill_id`) REFERENCES `supplimentary_bills` (`id`),
  ADD CONSTRAINT `suplimentry_employee_bills_updated_by_foreign` FOREIGN KEY (`updated_by`) REFERENCES `users` (`id`);

--
-- Constraints for table `supplimentary_bills`
--
ALTER TABLE `supplimentary_bills`
  ADD CONSTRAINT `supplimentary_bills_created_by_foreign` FOREIGN KEY (`created_by`) REFERENCES `users` (`id`),
  ADD CONSTRAINT `supplimentary_bills_deleted_by_foreign` FOREIGN KEY (`deleted_by`) REFERENCES `users` (`id`),
  ADD CONSTRAINT `supplimentary_bills_financial_year_id_foreign` FOREIGN KEY (`financial_year_id`) REFERENCES `financial_years` (`id`),
  ADD CONSTRAINT `supplimentary_bills_updated_by_foreign` FOREIGN KEY (`updated_by`) REFERENCES `users` (`id`),
  ADD CONSTRAINT `supplimentary_bills_ward_id_foreign` FOREIGN KEY (`ward_id`) REFERENCES `wards` (`id`);

--
-- Constraints for table `tds_details`
--
ALTER TABLE `tds_details`
  ADD CONSTRAINT `tds_details_created_by_foreign` FOREIGN KEY (`created_by`) REFERENCES `users` (`id`),
  ADD CONSTRAINT `tds_details_updated_by_foreign` FOREIGN KEY (`updated_by`) REFERENCES `users` (`id`);

--
-- Constraints for table `ten_day_attendnces`
--
ALTER TABLE `ten_day_attendnces`
  ADD CONSTRAINT `ten_day_attendnces_created_by_foreign` FOREIGN KEY (`created_by`) REFERENCES `users` (`id`),
  ADD CONSTRAINT `ten_day_attendnces_deleted_by_foreign` FOREIGN KEY (`deleted_by`) REFERENCES `users` (`id`),
  ADD CONSTRAINT `ten_day_attendnces_employee_id_foreign` FOREIGN KEY (`employee_id`) REFERENCES `employees` (`id`),
  ADD CONSTRAINT `ten_day_attendnces_financial_year_id_foreign` FOREIGN KEY (`financial_year_id`) REFERENCES `financial_years` (`id`),
  ADD CONSTRAINT `ten_day_attendnces_updated_by_foreign` FOREIGN KEY (`updated_by`) REFERENCES `users` (`id`);

--
-- Constraints for table `twenty_day_attendnces`
--
ALTER TABLE `twenty_day_attendnces`
  ADD CONSTRAINT `twenty_day_attendnces_created_by_foreign` FOREIGN KEY (`created_by`) REFERENCES `users` (`id`),
  ADD CONSTRAINT `twenty_day_attendnces_deleted_by_foreign` FOREIGN KEY (`deleted_by`) REFERENCES `users` (`id`),
  ADD CONSTRAINT `twenty_day_attendnces_employee_id_foreign` FOREIGN KEY (`employee_id`) REFERENCES `employees` (`id`),
  ADD CONSTRAINT `twenty_day_attendnces_financial_year_id_foreign` FOREIGN KEY (`financial_year_id`) REFERENCES `financial_years` (`id`),
  ADD CONSTRAINT `twenty_day_attendnces_updated_by_foreign` FOREIGN KEY (`updated_by`) REFERENCES `users` (`id`);

--
-- Constraints for table `user_departments`
--
ALTER TABLE `user_departments`
  ADD CONSTRAINT `user_departments_department_id_foreign` FOREIGN KEY (`department_id`) REFERENCES `departments` (`id`),
  ADD CONSTRAINT `user_departments_user_id_foreign` FOREIGN KEY (`user_id`) REFERENCES `users` (`id`);

--
-- Constraints for table `wards`
--
ALTER TABLE `wards`
  ADD CONSTRAINT `wards_created_by_foreign` FOREIGN KEY (`created_by`) REFERENCES `users` (`id`),
  ADD CONSTRAINT `wards_deleted_by_foreign` FOREIGN KEY (`deleted_by`) REFERENCES `users` (`id`),
  ADD CONSTRAINT `wards_updated_by_foreign` FOREIGN KEY (`updated_by`) REFERENCES `users` (`id`);
COMMIT;

